000
CXUS54 KBMX 011110
CF6AUO
PRELIMINARY LOCAL CLIMATOLOGICAL DATA (WS FORM: F-6)
STATION: AUBURN AWOS
MONTH: NOVEMBER
YEAR: 2020
LATITUDE: 32 34 N
LONGITUDE: 85 30 W
TEMPERATURE IN F: :PCPN: SNOW: WIND :SUNSHINE: SKY :PK WND
================================================================================
1 2 3 4 5 6A 6B 7 8 9 10 11 12 13 14 15 16 17 18
12Z AVG MX 2MIN
DY MAX MIN AVG DEP HDD CDD WTR SNW DPTH SPD SPD DIR MIN PSBL S-S WX SPD DR
================================================================================
1 72 51 62 M 3 0 0.00 0.0 M 7.9 14 340 M M 5 18 340
2 62 39 51 M 14 0 0.00 0.0 M 9.1 20 350 M M 0 25 350
3 68 35 52 M 13 0 0.00 0.0 M 4.1 8 350 M M 0 8 M M
4 71 42 57 M 8 0 0.00 0.0 M 4.6 8 60 M M 0 M M
5 74 49 62 M 3 0 0.00 0.0 0 6.6 9 100 M M 1 M M
6 77 56 67 M 0 2 0.00 0.0 0 8.9 13 90 M M 3 18 70
7 70 59 65 M 0 0 T 0.0 0 7.9 12 50 M M 6 1 17 100
8 74 63 69 M 0 4 T 0.0 0 10.4 15 80 M M 6 21 80
9 79 66 73 M 0 8 T 0.0 0 11.6 18 90 M M 8 28 90
10 74 68 71 M 0 6 0.01 0.0 0 9.3 15 100 M M 10 1 23 100
11 77 70 74 M 0 9 0.48 0.0 M 3.0 7 100 M M 9 18 M M
12 76 56 66 M 0 1 M 0.0 M 9.4 13 350 M M 7 1 M M
13 76 51 64 M 1 0 0.00 0.0 0 6.2 13 10 M M 2 12 M M
14 75 51 63 M 2 0 0.00 0.0 0 5.9 9 40 M M 0 M M
15 72 46 59 M 6 0 T 0.0 0 7.0 13 220 M M 4 M M
16 64 41 53 M 12 0 0.00 0.0 0 6.8 10 360 M M 0 17 340
17 67 41 54 M 11 0 0.00 0.0 0 9.1 18 340 M M 0 30 320
18 64 40 52 M 13 0 0.00 0.0 M 8.1 14 40 M M 0 21 20
19 65 42 54 M 11 0 0.00 0.0 M 7.6 12 80 M M 0 M M
20 72 45 59 M 6 0 0.00 0.0 M 5.3 10 90 M M 3 M M
21 71 50 61 M 4 0 0.00 0.0 M 4.9 9 350 M M 5 M M
22 71 51 61 M 4 0 0.00 0.0 M 4.3 9 330 M M 3 M M
23 63 44 54 M 11 0 0.00 0.0 M 8.8 15 350 M M 1 18 340
24 67 41 54 M 11 0 0.00 0.0 M 7.6 12 150 M M 0 M M
25 74 53 64 M 1 0 0.49 0.0 M 9.5 18 170 M M 8 1 22 190
26 74 55 65 M 0 0 1.12 0.0 M 5.7 13 170 M M 6 13 24 250
27 71 53 62 M 3 0 0.78 0.0 M 2.0 9 250 M M 6 13 M M
28 65 55 60 M 5 0 0.28 0.0 M 5.7 10 20 M M 3 1 M M
29 63 53 58 M 7 0 1.87 0.0 0 6.5 15 60 M M 8 1 20 100
30 62 33 48 M 17 0 0.03 T 0 14.4 22 240 M M 10 1 35 300
================================================================================
SM 2110 1499 166 30 5.06 T 218.2 M 114
================================================================================
AV 70.3 50.0 7.3 FASTST M M 4 MAX(MPH)
MISC ----> 22 240 35 300
================================================================================
NOTES:
# LAST OF SEVERAL OCCURRENCES
COLUMN 17 PEAK WIND IN M.P.H.
PRELIMINARY LOCAL CLIMATOLOGICAL DATA (WS FORM: F-6) , PAGE 2
STATION: AUBURN AWOS
MONTH: NOVEMBER
YEAR: 2020
LATITUDE: 32 34 N
LONGITUDE: 85 30 W
[TEMPERATURE DATA] [PRECIPITATION DATA] SYMBOLS USED IN COLUMN 16
AVERAGE MONTHLY: 60.2 TOTAL FOR MONTH: 5.06 1 = FOG OR MIST
DPTR FM NORMAL: 0.0 DPTR FM NORMAL: M 2 = FOG REDUCING VISIBILITY
HIGHEST: 79 ON 9 GRTST 24HR 1.87 ON 29-29 TO 1/4 MILE OR LESS
LOWEST: 33 ON 30 3 = THUNDER
SNOW, ICE PELLETS, HAIL 4 = ICE PELLETS
TOTAL MONTH: T 5 = HAIL
GRTST 24HR T ON 30-30 6 = FREEZING RAIN OR DRIZZLE
GRTST DEPTH: 0 7 = DUSTSTORM OR SANDSTORM:
VSBY 1/2 MILE OR LESS
8 = SMOKE OR HAZE
[NO. OF DAYS WITH] [WEATHER - DAYS WITH] 9 = BLOWING SNOW
X = TORNADO
MAX 32 OR BELOW: 0 0.01 INCH OR MORE: 8
MAX 90 OR ABOVE: 0 0.10 INCH OR MORE: 6
MIN 32 OR BELOW: 0 0.50 INCH OR MORE: 3
MIN 0 OR BELOW: 0 1.00 INCH OR MORE: 2
[HDD (BASE 65) ]
TOTAL THIS MO. 166 CLEAR (SCALE 0-3) 14
DPTR FM NORMAL M PTCLDY (SCALE 4-7) 11
TOTAL FM JUL 1 215 CLOUDY (SCALE 8-10) 5
DPTR FM NORMAL M
[CDD (BASE 65) ]
TOTAL THIS MO. 30
DPTR FM NORMAL M [PRESSURE DATA]
TOTAL FM JAN 1 2106 HIGHEST SLP M ON M
DPTR FM NORMAL M LOWEST SLP M ON M
[REMARKS]
#FINAL-11-20#