000
CXUS53 KGRB 011506
CF6AUW
PRELIMINARY LOCAL CLIMATOLOGICAL DATA (WS FORM: F-6)
STATION: WAUSAU WI
MONTH: MARCH
YEAR: 2020
LATITUDE: 44 55 N
LONGITUDE: 89 37 W
TEMPERATURE IN F: :PCPN: SNOW: WIND :SUNSHINE: SKY :PK WND
================================================================================
1 2 3 4 5 6A 6B 7 8 9 10 11 12 13 14 15 16 17 18
12Z AVG MX 2MIN
DY MAX MIN AVG DEP HDD CDD WTR SNW DPTH SPD SPD DIR MIN PSBL S-S WX SPD DR
================================================================================
1 45 22 34 10 31 0 0.00 0.0 15 9.3 21 280 M M 0 27 270
2 36 22 29 5 36 0 0.00 0.0 12 9.5 18 290 M M 4 25 290
3 38 20 29 4 36 0 0.06 1.0 12 9.1 24 270 M M 0 1 32 270
4 35 22 29 4 36 0 0.00 0.0 12 8.1 15 280 M M 1 M M
5 37 26 32 7 33 0 0.01 0.1 12 12.3 25 350 M M 10 18 40 330
6 36 19 28 2 37 0 0.00 0.0 12 7.0 20 360 M M 3 31 320
7 45 19 32 6 33 0 0.00 0.0 12 9.9 21 200 M M 0 29 190
8 52 36 44 18 21 0 0.00 0.0 9 9.7 18 180 M M 0 25 200
9 47 28 38 11 27 0 0.00 0.0 7 7.4 15 340 M M 6 18 24 350
10 40 21 31 4 34 0 T T 7 5.4 15 350 M M 4 1 24 360
11 37 32 35 7 30 0 0.05 0.5 7 4.1 10 160 M M 10 1 15 160
12 41 33 37 9 28 0 0.44 0.0 4 13.0 28 290 M M 9 1 41 290
13 34 25 30 1 35 0 0.00 0.0 4 16.4 33 290 M M 5 45 310
14 31 22 27 -2 38 0 0.00 0.0 4 4.6 9 360 M M 5 14 10
15 35 20 28 -1 37 0 0.00 0.0 4 6.5 13 160 M M 2 16 90
16 35 23 29 -1 36 0 T T 4 9.2 24 280 M M 9 1 30 300
17 39 21 30 0 35 0 0.00 0.0 3 10.1 22 270 M M 1 29 250
18 40 31 36 5 29 0 0.00 0.0 2 7.1 14 110 M M 10 1 19 130
19 36 33 35 4 30 0 0.84 0.0 2 7.6 16 350 M M 10 1 27 340
20 34 16 25 -7 40 0 0.09 0.4 2 13.1 24 340 M M 5 1 41 340
21 33 12 23 -9 42 0 0.00 0.0 2 4.9 16 120 M M 1 22 120
22 37 21 29 -3 36 0 T 0.2 1 10.9 20 160 M M 8 18 26 140
23 40 28 34 1 31 0 T T 0 4.1 10 270 M M 10 18 14 180
24 45 30 38 5 27 0 0.00 0.0 0 6.5 14 160 M M 9 1 19 130
25 46 37 42 8 23 0 0.64 0.0 0 5.7 14 220 M M 10 18 20 210
26 48 31 40 6 25 0 0.00 0.0 0 2.9 7 220 M M 7 1 M M
27 53 29 41 6 24 0 0.03 0.0 0 5.2 14 130 M M 5 12 18 130
28 45 37 41 6 24 0 0.95 0.0 0 13.7 30 80 M M 10 13 43 70
29 40 35 38 2 27 0 0.16 0.0 0 9.5 20 310 M M 9 1 28 300
30 52 34 43 7 22 0 0.00 0.0 0 11.7 21 350 M M 5 8 33 350
31 43 30 37 0 28 0 0.00 0.0 0 5.5 6 10 M M 2 M M
================================================================================
SM 1255 815 971 0 3.27 2.2 260.0 M 170
================================================================================
AV 40.5 26.3 8.4 FASTST M M 5 MAX(MPH)
MISC ----> # 33 290 # 45 310
================================================================================
NOTES:
# LAST OF SEVERAL OCCURRENCES
COLUMN 17 PEAK WIND IN M.P.H.
PRELIMINARY LOCAL CLIMATOLOGICAL DATA (WS FORM: F-6) , PAGE 2
STATION: WAUSAU WI
MONTH: MARCH
YEAR: 2020
LATITUDE: 44 55 N
LONGITUDE: 89 37 W
[TEMPERATURE DATA] [PRECIPITATION DATA] SYMBOLS USED IN COLUMN 16
AVERAGE MONTHLY: 33.4 TOTAL FOR MONTH: 3.27 1 = FOG OR MIST
DPTR FM NORMAL: 3.4 DPTR FM NORMAL: 1.51 2 = FOG REDUCING VISIBILITY
HIGHEST: 53 ON 27 GRTST 24HR 0.95 ON 28-28 TO 1/4 MILE OR LESS
LOWEST: 12 ON 21 3 = THUNDER
SNOW, ICE PELLETS, HAIL 4 = ICE PELLETS
TOTAL MONTH: 2.2 INCHES 5 = HAIL
GRTST 24HR 1.0 ON 3- 3 6 = FREEZING RAIN OR DRIZZLE
GRTST DEPTH: 15 ON 1 7 = DUSTSTORM OR SANDSTORM:
VSBY 1/2 MILE OR LESS
8 = SMOKE OR HAZE
[NO. OF DAYS WITH] [WEATHER - DAYS WITH] 9 = BLOWING SNOW
X = TORNADO
MAX 32 OR BELOW: 1 0.01 INCH OR MORE: 10
MAX 90 OR ABOVE: 0 0.10 INCH OR MORE: 5
MIN 32 OR BELOW: 24 0.50 INCH OR MORE: 3
MIN 0 OR BELOW: 0 1.00 INCH OR MORE: 0
[HDD (BASE 65) ]
TOTAL THIS MO. 971 CLEAR (SCALE 0-3) 10
DPTR FM NORMAL -114 PTCLDY (SCALE 4-7) 10
TOTAL FM JUL 1 6958 CLOUDY (SCALE 8-10) 11
DPTR FM NORMAL -263
[CDD (BASE 65) ]
TOTAL THIS MO. 0
DPTR FM NORMAL 0 [PRESSURE DATA]
TOTAL FM JAN 1 0 HIGHEST SLP 30.76 ON 15
DPTR FM NORMAL 0 LOWEST SLP 29.33 ON 29
[REMARKS]
#FINAL-03-20#