000
CXUS54 KEWX 011010
CF6BAZ
PRELIMINARY LOCAL CLIMATOLOGICAL DATA (WS FORM: F-6)
STATION: NEW BRAUNFELS
MONTH: APRIL
YEAR: 2022
LATITUDE: 29 43 N
LONGITUDE: 98 3 W
TEMPERATURE IN F: :PCPN: SNOW: WIND :SUNSHINE: SKY :PK WND
================================================================================
1 2 3 4 5 6A 6B 7 8 9 10 11 12 13 14 15 16 17 18
12Z AVG MX 2MIN
DY MAX MIN AVG DEP HDD CDD WTR SNW DPTH SPD SPD DIR MIN PSBL S-S WX SPD DR
================================================================================
1 83 47 65 -2 0 0 0.00 M M 11.0 23 160 M M 0 33 160
2 90 59 75 8 0 10 0.00 M M 6.1 16 20 M M 3 22 10
3 86 53 70 3 0 5 0.00 M M 8.4 20 170 M M 2 18 26 160
4 83 63 73 5 0 8 T M M 10.2 20 150 M M 9 18 26 140
5 94 68 81 13 0 16 0.00 M M 9.3 18 190 M M 3 18 26 200
6 81 59 70 2 0 5 0.00 M M 14.9 31 360 M M 0 8 41 30
7 80 51 66 -2 0 1 0.00 0.0 0 10.1 23 340 M M 1 29 350
8 82 42 62 -6 3 0 0.00 0.0 0 8.1 18 350 M M 1 33 350
9 88 44 66 -2 0 1 0.00 0.0 0 12.5 28 160 M M 0 36 160
10 89 61 75 6 0 10 0.09 M M 17.2 29 140 M M 4 13 38 140
11 80 68 74 5 0 9 0.11 M M 9.8 29 150 M M 10 138 37 170
12 93 71 82 13 0 17 T M M 14.7 28 160 M M 6 18 35 160
13 97 64 81 12 0 16 T 0.0 0 13.3 24 340 M M 5 8 44 340
14 85 55 70 0 0 5 0.00 M M 11.3 20 130 M M 0 30 140
15 86 58 72 2 0 7 T M M 7.7 17 180 M M 8 18 24 170
16 87 72 80 10 0 15 0.00 M M 8.1 15 170 M M 8 8 19 170
17 89 71 80 10 0 15 0.00 M M 4.8 13 180 M M 6 18 23 190
18 82 64 73 3 0 8 0.00 M M 12.3 21 70 M M 2 27 30
19 70 51 61 -9 4 0 0.05 M M 10.8 23 140 M M 7 18 29 130
20 84 68 76 5 0 11 0.00 M M 15.0 25 180 M M 9 1 34 200
21 82 70 76 5 0 11 T M M 13.3 21 150 M M 8 18 28 140
22 90 71 81 10 0 16 0.04 M M 17.1 30 140 M M 8 8 36 140
23 88 71 80 9 0 15 T M M 19.3 30 160 M M 8 8 41 160
24 89 69 79 8 0 14 T M M 16.1 29 140 M M 8 18 39 150
25 76 62 69 -3 0 4 0.73 M M 11.9 24 10 M M 8 13 32 50
26 76 58 67 -5 0 2 T M M 10.5 22 20 M M 8 3 29 20
27 81 60 71 -1 0 6 0.00 M M 7.6 16 140 M M 5 21 140
28 87 69 78 6 0 13 T M M 15.2 23 170 M M 7 31 190
29 86 71 79 7 0 14 0.00 M M 15.3 23 160 M M 9 18 33 170
30 88 72 80 7 0 15 0.01 M M 7.0 22 180 M M 7 18 30 170
================================================================================
SM 2552 1862 7 269 1.03 0.0 348.9 M 160
================================================================================
AV 85.1 62.1 11.6 FASTST M M 5 MAX(MPH)
MISC ----> 31 360 44 340
================================================================================
NOTES:
# LAST OF SEVERAL OCCURRENCES
COLUMN 17 PEAK WIND IN M.P.H.
PRELIMINARY LOCAL CLIMATOLOGICAL DATA (WS FORM: F-6) , PAGE 2
STATION: NEW BRAUNFELS
MONTH: APRIL
YEAR: 2022
LATITUDE: 29 43 N
LONGITUDE: 98 3 W
[TEMPERATURE DATA] [PRECIPITATION DATA] SYMBOLS USED IN COLUMN 16
AVERAGE MONTHLY: 73.6 TOTAL FOR MONTH: 1.03 1 = FOG OR MIST
DPTR FM NORMAL: 3.8 DPTR FM NORMAL: -0.97 2 = FOG REDUCING VISIBILITY
HIGHEST: 97 ON 13 GRTST 24HR 0.73 ON 24-25 TO 1/4 MILE OR LESS
LOWEST: 42 ON 8 3 = THUNDER
SNOW, ICE PELLETS, HAIL 4 = ICE PELLETS
TOTAL MONTH: 0.0 INCH 5 = HAIL
GRTST 24HR 0.0 6 = FREEZING RAIN OR DRIZZLE
GRTST DEPTH: 0 7 = DUSTSTORM OR SANDSTORM:
VSBY 1/2 MILE OR LESS
8 = SMOKE OR HAZE
[NO. OF DAYS WITH] [WEATHER - DAYS WITH] 9 = BLOWING SNOW
X = TORNADO
MAX 32 OR BELOW: 0 0.01 INCH OR MORE: 6
MAX 90 OR ABOVE: 5 0.10 INCH OR MORE: 2
MIN 32 OR BELOW: 0 0.50 INCH OR MORE: 1
MIN 0 OR BELOW: 0 1.00 INCH OR MORE: 0
[HDD (BASE 65) ]
TOTAL THIS MO. 7 CLEAR (SCALE 0-3) 9
DPTR FM NORMAL -27 PTCLDY (SCALE 4-7) 13
TOTAL FM JUL 1 1324 CLOUDY (SCALE 8-10) 8
DPTR FM NORMAL -119
[CDD (BASE 65) ]
TOTAL THIS MO. 269
DPTR FM NORMAL 93 [PRESSURE DATA]
TOTAL FM JAN 1 348 HIGHEST SLP 30.31 ON 26
DPTR FM NORMAL 63 LOWEST SLP 29.48 ON 5
[REMARKS]
#FINAL-04-22#