000
CXUS53 KLBF 011510
CF6BBW
PRELIMINARY LOCAL CLIMATOLOGICAL DATA (WS FORM: F-6)
STATION: BROKEN BOW
MONTH: DECEMBER
YEAR: 2023
LATITUDE: 41 26 N
LONGITUDE: 99 39 W
TEMPERATURE IN F: :PCPN: SNOW: WIND :SUNSHINE: SKY :PK WND
================================================================================
1 2 3 4 5 6A 6B 7 8 9 10 11 12 13 14 15 16 17 18
12Z AVG MX 2MIN
DY MAX MIN AVG DEP HDD CDD WTR SNW DPTH SPD SPD DIR MIN PSBL S-S WX SPD DR
================================================================================
1 36 16 26 -6 39 0 0.00 M M 5.2 13 170 M M 1 16 180
2 47 23 35 4 30 0 0.00 M M 9.1 17 200 M M 1 22 200
3 45 22 34 3 31 0 0.00 M M 10.5 35 330 M M 1 48 330
4 50 18 34 3 31 0 0.01 M M 11.1 36 330 M M 2 46 330
5 43 25 34 4 31 0 0.00 M M 7.6 18 310 M M 4 27 310
6 66 27 47 17 18 0 0.00 M M 6.0 22 260 M M 0 28 270
7 73 23 48 18 17 0 0.00 M M 6.0 26 290 M M 0 35 280
8 54 34 44 14 21 0 0.00 M M 14.9 28 320 M M 1 48 320
9 40 24 32 3 33 0 0.00 M M 19.4 39 330 M M 1 54 320
10 45 18 32 3 33 0 0.00 M M 5.8 15 230 M M 1 20 220
11 55 18 37 8 28 0 0.00 M M 7.8 21 360 M M 2 31 360
12 36 17 27 -2 38 0 0.00 M M 4.8 15 350 M M 6 21 350
13 42 16 29 1 36 0 0.00 M M 2.4 8 140 M M 2 11 170
14 43 31 37 9 28 0 0.00 M M 12.8 26 160 M M 8 1 36 160
15 48 32 40 12 25 0 0.00 M M 11.4 21 330 M M 7 1 29 330
16 43 19 31 3 34 0 0.00 M M 7.8 20 300 M M 4 24 290
17 57 27 42 14 23 0 0.00 M M 11.3 21 340 M M 0 31 340
18 44 20 32 4 33 0 0.00 M M 8.6 18 170 M M 0 24 180
19 59 24 42 14 23 0 0.00 M M 6.7 17 180 M M 0 24 180
20 49 20 35 7 30 0 0.00 M M 3.0 9 110 M M 0 1 14 10
21 55 22 39 12 26 0 0.00 M M 2.8 15 170 M M 3 12 17 170
22 63 25 44 17 21 0 0.00 M M 2.7 10 350 M M 0 12 230
23 53 26 40 13 25 0 0.03 M M 8.3 18 150 M M 6 1 27 160
24 52 27 40 13 25 0 0.50 M M 25.2 37 340 M M 10 16 53 330
25 27 23 25 -2 40 0 0.07 M M 24.7 33 320 M M 10 129 50 340
26 31 24 28 1 37 0 0.01 M M 15.3 29 340 M M 10 16 37 330
27 33 24 29 2 36 0 0.04 M M 6.3 14 330 M M 10 1 19 300
28 33 26 30 3 35 0 T M M 11.8 20 300 M M 7 16 23 300
29 44 21 33 6 32 0 0.00 M M 8.9 16 320 M M 0 24 310
30 44 27 36 9 29 0 0.00 M M 10.4 16 340 M M 2 22 320
31 28 9 19 -8 46 0 0.00 M M 8.3 20 340 M M 6 1 27 340
================================================================================
SM 1438 708 934 0 0.66 M 296.9 M 105
================================================================================
AV 46.4 22.8 9.6 FASTST M M 3 MAX(MPH)
MISC ----> 39 330 54 320
================================================================================
NOTES:
# LAST OF SEVERAL OCCURRENCES
COLUMN 17 PEAK WIND IN M.P.H.
PRELIMINARY LOCAL CLIMATOLOGICAL DATA (WS FORM: F-6) , PAGE 2
STATION: BROKEN BOW
MONTH: DECEMBER
YEAR: 2023
LATITUDE: 41 26 N
LONGITUDE: 99 39 W
[TEMPERATURE DATA] [PRECIPITATION DATA] SYMBOLS USED IN COLUMN 16
AVERAGE MONTHLY: 34.6 TOTAL FOR MONTH: 0.66 1 = FOG OR MIST
DPTR FM NORMAL: 6.2 DPTR FM NORMAL: 0.29 2 = FOG REDUCING VISIBILITY
HIGHEST: 73 ON 7 GRTST 24HR 0.53 ON 23-24 TO 1/4 MILE OR LESS
LOWEST: 9 ON 31 3 = THUNDER
SNOW, ICE PELLETS, HAIL 4 = ICE PELLETS
TOTAL MONTH: M 5 = HAIL
GRTST 24HR M ON M 6 = FREEZING RAIN OR DRIZZLE
GRTST DEPTH: M ON M 7 = DUSTSTORM OR SANDSTORM:
VSBY 1/2 MILE OR LESS
8 = SMOKE OR HAZE
[NO. OF DAYS WITH] [WEATHER - DAYS WITH] 9 = BLOWING SNOW
X = TORNADO
MAX 32 OR BELOW: 3 0.01 INCH OR MORE: 6
MAX 90 OR ABOVE: 0 0.10 INCH OR MORE: 1
MIN 32 OR BELOW: 30 0.50 INCH OR MORE: 1
MIN 0 OR BELOW: 0 1.00 INCH OR MORE: 0
[HDD (BASE 65) ]
TOTAL THIS MO. 934 CLEAR (SCALE 0-3) 19
DPTR FM NORMAL -200 PTCLDY (SCALE 4-7) 7
TOTAL FM JUL 1 2194 CLOUDY (SCALE 8-10) 5
DPTR FM NORMAL -345
[CDD (BASE 65) ]
TOTAL THIS MO. 0
DPTR FM NORMAL 0 [PRESSURE DATA]
TOTAL FM JAN 1 931 HIGHEST SLP 30.64 ON 13
DPTR FM NORMAL 19 LOWEST SLP 29.43 ON 7
[REMARKS]
#FINAL-12-23#