000
CXUS51 KOKX 011424 RRB
CLMBDR
NYCCLMBDR 000
TTAA00 OKX 011421
CLIMATE REPORT
NATIONAL WEATHER SERVICE NEW YORK, NY
919 AM EST THU FEB 01 2024
...................................
...THE BRIDGEPORT CT CLIMATE SUMMARY FOR THE MONTH OF JANUARY 2024...
CLIMATE NORMAL PERIOD 1991 TO 2020
CLIMATE RECORD PERIOD 1948 TO 2024
WEATHER OBSERVED NORMAL DEPART LAST YEAR`S
VALUE DATE(S) VALUE FROM VALUE DATE(S)
NORMAL
................................................................
TEMPERATURE (F)
RECORD
HIGH 69 01/12/2020
LOW -7 01/22/1984
HIGHEST 56 01/09 MM MM 57 01/04
01/10
LOWEST 14 01/21 MM MM 27 01/10
01/16
AVG. MAXIMUM 40.3 38.4 1.9 46.1
AVG. MINIMUM 28.7 24.4 4.3 33.7
MEAN 34.5 31.4 3.1 39.9
DAYS MAX >= 90 0 0.0 0.0 0
DAYS MAX <= 32 7 8.3 -1.3 0
DAYS MIN <= 32 19 24.5 -5.5 13
DAYS MIN <= 0 0 0.3 -0.3 0
PRECIPITATION (INCHES)
RECORD
MAXIMUM 11.20 1979
MINIMUM 0.40 1970
TOTALS 6.06 3.18 2.88 5.10
DAILY AVG. 0.20 0.10 0.10 0.16
DAYS >= .01 14 11.2 2.8 14
DAYS >= .10 9 6.6 2.4 8
DAYS >= .50 4 2.2 1.8 3
DAYS >= 1.00 3 0.5 2.5 2
GREATEST
24 HR. TOTAL 2.11 01/09 TO 01/10 1.49 01/25 TO 01/26
STORM TOTAL 1.36 1.11
(MM/DD(HH)) MM
SNOWFALL (INCHES)
TOTALS 5.5 8.5 -3.0 T
LIQUID EQUIV 0.60 0.80 -0.20 T
SINCE 7/1 5.5 15.0 -9.5 MM
LIQUID 7/1 0.55 1.50 -0.95 MM
SNOWDEPTH AVG. 0 -1
DAYS >= TRACE 11 4.5 6.5 7
DAYS >= 1.0 2 2.7 -0.7 0
GREATEST
SNOW DEPTH 3 01/07 MM MM
24 HR TOTAL MM MM
STORM TOTAL 2.8 0.0
(MM/DD(HH)) MM
DEGREE DAYS
HEATING TOTAL 936 1042 -106 772
SINCE 7/1 2577 2806 -229 MM
COOLING TOTAL 0 0 0 0
SINCE 1/1 0 0 0 MM
................................................................
WIND (MPH)
AVERAGE WIND SPEED 9.1
HIGHEST WIND SPEED/DIRECTION 33/150 DATE 01/09
33/150 01/10
HIGHEST GUST SPEED/DIRECTION 46/150 DATE 01/09
WEATHER CONDITIONS. NUMBER OF DAYS WITH
THUNDERSTORM 0 MIXED PRECIP 0
HEAVY RAIN 5 RAIN 6
LIGHT RAIN 10 FREEZING RAIN 1
LT FREEZING RAIN 2 HAIL 0
HEAVY SNOW 0 SNOW 0
LIGHT SNOW 10 SLEET 1
FOG 14 FOG W/VIS <= 1/4 MILE 2
HAZE 2
- INDICATES NEGATIVE NUMBERS.
R INDICATES RECORD WAS SET OR TIED.
MM INDICATES DATA IS MISSING.
T INDICATES TRACE AMOUNT.
$$