000
CXUS51 KCTP 010800
CF6BFD
PRELIMINARY LOCAL CLIMATOLOGICAL DATA (WS FORM: F-6)
STATION: BRADFORD
MONTH: MARCH
YEAR: 2020
LATITUDE: 41 47 N
LONGITUDE: 78 38 W
TEMPERATURE IN F: :PCPN: SNOW: WIND :SUNSHINE: SKY :PK WND
================================================================================
1 2 3 4 5 6A 6B 7 8 9 10 11 12 13 14 15 16 17 18
12Z AVG MX 2MIN
DY MAX MIN AVG DEP HDD CDD WTR SNW DPTH SPD SPD DIR MIN PSBL S-S WX SPD DR
================================================================================
1 37 16 27 1 38 0 T M M 7.0 15 200 M M 6 18 19 190
2 49 37 43 16 22 0 0.05 M M 6.9 18 210 M M 9 1 28 210
3 48 35 42 15 23 0 0.51 M M 7.3 35 300 M M 10 128 46 310
4 37 30 34 7 31 0 0.10 M M 10.5 28 280 M M 9 18 39 290
5 45 20 33 5 32 0 0.00 M M 3.6 18 330 M M 1 18 27 320
6 40 25 33 5 32 0 T M M 10.0 22 350 M M 7 18 28 350
7 38 23 31 3 34 0 T M M 10.2 20 320 M M 4 28 330
8 56 28 42 13 23 0 0.00 M M 6.4 15 220 M M 2 21 220
9 63 44 54 25 11 0 0.00 M M 8.0 18 240 M M 1 27 230
10 55 30 43 14 22 0 0.29 M M 11.1 21 310 M M 10 12 36 210
11 39 27 33 3 32 0 0.00 M M 4.6 13 100 M M 10 15 140
12 59 37 48 18 17 0 0.00 M M 7.3 18 150 M M 8 1 27 130
13 52 33 43 13 22 0 0.14 M M 15.6 28 280 M M 5 1 37 290
14 39 26 33 2 32 0 0.00 M M 7.6 21 300 M M 4 26 300
15 44 25 35 4 30 0 0.00 M M 6.8 15 350 M M 4 19 50
16 46 19 33 2 32 0 0.01 M M 8.6 18 170 M M 3 1 29 180
17 40 27 34 2 31 0 0.01 M M 7.7 17 300 M M 9 1 24 300
18 50 21 36 4 29 0 0.40 M M 7.1 18 140 M M 3 1 26 140
19 57 40 49 16 16 0 0.29 M M 5.8 17 150 M M 10 1 24 140
20 65 28 47 14 18 0 0.64 M M 13.6 29 280 M M 10 18 41 270
21 36 22 29 -4 36 0 0.00 M M 7.9 20 330 M M 7 24 330
22 41 16 29 -5 36 0 T M M 8.5 18 150 M M 2 1 27 140
23 36 32 34 0 31 0 0.22 M M 10.7 20 140 M M 10 16 31 150
24 39 31 35 0 30 0 0.01 M M 5.4 13 300 M M 7 1 17 300
25 46 32 39 4 26 0 0.04 M M 7.4 13 130 M M 7 1 18 140
26 61 31 46 11 19 0 0.12 M M 6.7 20 210 M M 3 1 28 220
27 58 38 48 12 17 0 0.01 M M 3.3 10 40 M M 5 12 12 10
28 48 38 43 7 22 0 0.51 M M 8.9 18 130 M M 9 13 24 120
29 69 47 58 21 7 0 0.91 M M 9.3 22 320 M M 9 13 32 270
30 52 36 44 7 21 0 0.16 M M 9.5 21 280 M M 10 18 31 260
31 44 35 40 2 25 0 0.04 M M 4.8 14 100 M M 10 1 16 100
================================================================================
SM 1489 929 797 0 4.46 M 248.1 M 204
================================================================================
AV 48.0 30.0 8.0 FASTST M M 7 MAX(MPH)
MISC ----> 35 300 46 310
================================================================================
NOTES:
# LAST OF SEVERAL OCCURRENCES
COLUMN 17 PEAK WIND IN M.P.H.
PRELIMINARY LOCAL CLIMATOLOGICAL DATA (WS FORM: F-6) , PAGE 2
STATION: BRADFORD
MONTH: MARCH
YEAR: 2020
LATITUDE: 41 47 N
LONGITUDE: 78 38 W
[TEMPERATURE DATA] [PRECIPITATION DATA] SYMBOLS USED IN COLUMN 16
AVERAGE MONTHLY: 39.0 TOTAL FOR MONTH: 4.46 1 = FOG OR MIST
DPTR FM NORMAL: 7.5 DPTR FM NORMAL: 1.09 2 = FOG REDUCING VISIBILITY
HIGHEST: 69 ON 29 GRTST 24HR 1.06 ON 28-29 TO 1/4 MILE OR LESS
LOWEST: 16 ON 22, 1 3 = THUNDER
SNOW, ICE PELLETS, HAIL 4 = ICE PELLETS
TOTAL MONTH: M 5 = HAIL
GRTST 24HR M ON M 6 = FREEZING RAIN OR DRIZZLE
GRTST DEPTH: M ON M 7 = DUSTSTORM OR SANDSTORM:
VSBY 1/2 MILE OR LESS
8 = SMOKE OR HAZE
[NO. OF DAYS WITH] [WEATHER - DAYS WITH] 9 = BLOWING SNOW
X = TORNADO
MAX 32 OR BELOW: 0 0.01 INCH OR MORE: 19
MAX 90 OR ABOVE: 0 0.10 INCH OR MORE: 12
MIN 32 OR BELOW: 20 0.50 INCH OR MORE: 4
MIN 0 OR BELOW: 0 1.00 INCH OR MORE: 0
[HDD (BASE 65) ]
TOTAL THIS MO. 797 CLEAR (SCALE 0-3) 6
DPTR FM NORMAL -240 PTCLDY (SCALE 4-7) 12
TOTAL FM JUL 1 5699 CLOUDY (SCALE 8-10) 13
DPTR FM NORMAL -730
[CDD (BASE 65) ]
TOTAL THIS MO. 0
DPTR FM NORMAL 0 [PRESSURE DATA]
TOTAL FM JAN 1 0 HIGHEST SLP 30.63 ON 22
DPTR FM NORMAL 0 LOWEST SLP 29.36 ON 3
[REMARKS]
#FINAL-03-20#