000
CXUS55 KCYS 011710
CF6BFF
PRELIMINARY LOCAL CLIMATOLOGICAL DATA (WS FORM: F-6)
STATION: SCOTTSBLUFF NE AIRPORT
MONTH: DECEMBER
YEAR: 2020
LATITUDE: 41 52 N
LONGITUDE: 103 36 W
TEMPERATURE IN F: :PCPN: SNOW: WIND :SUNSHINE: SKY :PK WND
================================================================================
1 2 3 4 5 6A 6B 7 8 9 10 11 12 13 14 15 16 17 18
12Z AVG MX 2MIN
DY MAX MIN AVG DEP HDD CDD WTR SNW DPTH SPD SPD DIR MIN PSBL S-S WX SPD DR
================================================================================
1 47 21 34 5 31 0 0.00 0.0 0 18.9 33 320 M M 4 46 330
2 37 15 26 -2 39 0 0.00 0.0 0 10.5 21 340 M M 3 27 330
3 50 11 31 3 34 0 0.00 0.0 0 9.8 18 310 M M 0 25 290
4 60 21 41 13 24 0 0.00 0.0 0 10.8 22 300 M M 0 8 30 300
5 57 21 39 12 26 0 0.00 0.0 0 8.0 16 300 M M 0 21 300
6 61 17 39 12 26 0 0.00 0.0 0 8.0 15 310 M M 0 18 300
7 60 20 40 13 25 0 0.00 0.0 0 9.7 20 300 M M 0 25 310
8 67 24 46 20 19 0 0.00 0.0 0 9.0 16 280 M M 0 22 300
9 69 27 48 22 17 0 0.00 0.0 0 5.2 14 250 M M 0 18 300
10 36 25 31 5 34 0 0.00 0.0 0 8.2 17 20 M M 5 21 20
11 34 20 27 1 38 0 T T 0 3.9 10 280 M M 10 8 13 290
12 34 12 23 -3 42 0 0.14 2.4 2 5.6 13 310 M M 8 128 17 310
13 26 5 16 -10 49 0 0.00 0.0 2 6.5 13 310 M M 0 16 310
14 26 13 20 -6 45 0 0.00 0.0 0 5.0 13 100 M M 5 8 17 80
15 34 11 23 -2 42 0 T T 0 8.3 22 320 M M 5 28 330
16 41 13 27 2 38 0 0.00 0.0 0 9.1 21 290 M M 7 27 280
17 53 15 34 9 31 0 0.00 0.0 0 4.8 12 90 M M 3 12 90
18 43 21 32 7 33 0 T T 0 10.1 25 310 M M 6 1 33 310
19 47 16 32 7 33 0 0.00 0.0 0 13.9 36 280 M M 2 47 280
20 53 21 37 12 28 0 0.00 0.0 0 20.5 37 280 M M 1 56 270
21 60 27 44 19 21 0 0.00 0.0 0 7.7 22 280 M M 0 30 270
22 67 24 46 21 19 0 0.01 0.1 0 12.9 43 320 M M 3 59 310
23 31 12 22 -3 43 0 T T 0 24.0 48 330 M M 5 67 310
24 50 12 31 6 34 0 0.00 0.0 0 17.0 32 320 M M 5 43 320
25 59 21 40 15 25 0 0.00 0.0 0 7.4 16 280 M M 0 21 270
26 61 19 40 14 25 0 T 0.0 0 10.5 24 290 M M 2 32 280
27 44 25 35 9 30 0 0.04 T 0 9.5 22 310 M M 7 1 28 310
28 37 11 24 -2 41 0 0.13 3.0 3 10.0 24 120 M M 5 18 31 120
29 32 7 20 -6 45 0 0.08 1.7 5 12.3 25 320 M M 6 18 33 110
30 32 6 19 -7 46 0 0.00 0.0 4 5.0 12 320 M M 0 14 320
31 44 13 29 3 36 0 0.00 0.0 2 4.6 10 310 M M 1 12 310
================================================================================
SM 1452 526 1019 0 0.40 7.2 306.7 M 93
================================================================================
AV 46.8 17.0 9.9 FASTST M M 3 MAX(MPH)
MISC ----> 48 330 67 310
================================================================================
NOTES:
# LAST OF SEVERAL OCCURRENCES
COLUMN 17 PEAK WIND IN M.P.H.
PRELIMINARY LOCAL CLIMATOLOGICAL DATA (WS FORM: F-6) , PAGE 2
STATION: SCOTTSBLUFF NE AIRPORT
MONTH: DECEMBER
YEAR: 2020
LATITUDE: 41 52 N
LONGITUDE: 103 36 W
[TEMPERATURE DATA] [PRECIPITATION DATA] SYMBOLS USED IN COLUMN 16
AVERAGE MONTHLY: 31.9 TOTAL FOR MONTH: 0.40 1 = FOG OR MIST
DPTR FM NORMAL: 5.8 DPTR FM NORMAL: -0.11 2 = FOG REDUCING VISIBILITY
HIGHEST: 69 ON 9 GRTST 24HR 0.21 ON 28-29 TO 1/4 MILE OR LESS
LOWEST: 5 ON 13 3 = THUNDER
SNOW, ICE PELLETS, HAIL 4 = ICE PELLETS
TOTAL MONTH: 7.2 INCHES 5 = HAIL
GRTST 24HR 3.0 ON 28-28 6 = FREEZING RAIN OR DRIZZLE
GRTST DEPTH: 5 ON 29 7 = DUSTSTORM OR SANDSTORM:
VSBY 1/2 MILE OR LESS
8 = SMOKE OR HAZE
[NO. OF DAYS WITH] [WEATHER - DAYS WITH] 9 = BLOWING SNOW
X = TORNADO
MAX 32 OR BELOW: 5 0.01 INCH OR MORE: 5
MAX 90 OR ABOVE: 0 0.10 INCH OR MORE: 2
MIN 32 OR BELOW: 31 0.50 INCH OR MORE: 0
MIN 0 OR BELOW: 0 1.00 INCH OR MORE: 0
[HDD (BASE 65) ]
TOTAL THIS MO. 1019 CLEAR (SCALE 0-3) 17
DPTR FM NORMAL -188 PTCLDY (SCALE 4-7) 13
TOTAL FM JUL 1 2474 CLOUDY (SCALE 8-10) 1
DPTR FM NORMAL -299
[CDD (BASE 65) ]
TOTAL THIS MO. 0
DPTR FM NORMAL 0 [PRESSURE DATA]
TOTAL FM JAN 1 1103 HIGHEST SLP 30.62 ON 2
DPTR FM NORMAL 379 LOWEST SLP 29.38 ON 22
[REMARKS]
#FINAL-12-20#