000
CXUS56 KHNX 042207
CF6BFL
PRELIMINARY LOCAL CLIMATOLOGICAL DATA (WS FORM: F-6)
STATION: BAKERSFIELD CA
MONTH: DECEMBER
YEAR: 2023
LATITUDE: 35 25 N
LONGITUDE: 119 3 W
TEMPERATURE IN F: :PCPN: SNOW: WIND :SUNSHINE: SKY :PK WND
================================================================================
1 2 3 4 5 6A 6B 7 8 9 10 11 12 13 14 15 16 17 18
12Z AVG MX 2MIN
DY MAX MIN AVG DEP HDD CDD WTR SNW DPTH SPD SPD DIR MIN PSBL S-S WX SPD DR
================================================================================
1 60 43 52 1 13 0 0.00 0.0 0 4.6 15 330 M M 3 18 23 350
2 62 41 52 1 13 0 0.00 0.0 0 3.6 9 310 M M 0 8 14 310
3 61 41 51 0 14 0 0.00 0.0 0 3.2 8 80 M M 0 8 10 80
4 64 45 55 4 10 0 0.00 0.0 0 2.8 8 40 M M 0 8 11 170
5 68 42 55 5 10 0 0.00 0.0 0 3.1 9 280 M M 0 8 13 290
6 80 43 62 12 3 0 T 0.0 0 5.7 26 320 M M 1 18 35 320
7 62 41 52 2 13 0 0.00 0.0 0 5.5 15 310 M M 4 18 19 320
8 54 39 47 -3 18 0 0.00 0.0 0 3.8 14 310 M M 4 18 17 310
9 61 36 49 -1 16 0 0.00 0.0 0 2.8 10 330 M M 0 18 14 300
10 61 36 49 -1 16 0 0.00 0.0 0 3.1 9 120 M M 0 18 13 290
11 60 36 48 -1 17 0 0.00 0.0 0 3.3 7 100 M M 0 8 10 60
12 61 39 50 1 15 0 0.00 0.0 0 2.3 8 80 M M 0 8 9 80
13 65 37 51 2 14 0 0.00 0.0 0 2.3 9 270 M M 0 8 12 260
14 70 37 54 5 11 0 0.00 0.0 0 2.4 9 290 M M 0 8 14 220
15 71 38 55 6 10 0 0.00 0.0 0 3.2 12 330 M M 0 8 14 330
16 69 37 53 4 12 0 0.00 0.0 0 3.5 10 310 M M 0 8 12 310
17 64 43 54 5 11 0 0.00 0.0 0 3.2 9 50 M M 0 8 11 200
18 74 51 63 14 2 0 T 0.0 0 5.3 15 110 M M 5 8 21 70
19 68 51 60 11 5 0 T 0.0 0 4.6 10 130 M M 6 8 14 40
20 70 50 60 12 5 0 0.17 0.0 0 6.3 22 340 M M 6 18 32 90
21 55 51 53 5 12 0 0.23 0.0 0 4.9 17 350 M M 9 12 22 350
22 57 49 53 5 12 0 0.07 0.0 0 3.9 12 150 M M 8 18 16 180
23 60 46 53 5 12 0 0.00 0.0 0 3.1 9 270 M M 6 18 14 250
24 58 49 54 6 11 0 0.00 0.0 0 3.8 10 320 M M 9 18 15 230
25 60 44 52 4 13 0 0.00 0.0 0 1.3 9 360 M M 3 18 11 360
26 63 44 54 6 11 0 0.00 0.0 0 2.6 10 270 M M 0 18 14 260
27 66 44 55 7 10 0 0.00 0.0 0 5.3 14 340 M M 0 18 19 350
28 71 43 57 9 8 0 0.00 0.0 0 3.3 9 80 M M 0 18 13 90
29 75 46 61 13 4 0 0.00 0.0 0 6.9 17 20 M M 0 8 26 10
30 61 47 54 6 11 0 0.17 0.0 0 4.6 24 20 M M 6 1 31 20
31 57 41 49 1 16 0 0.00 0.0 0 3.1 10 240 M M 0 18 16 10
================================================================================
SM 1988 1330 348 0 0.64 0.0 117.4 M 70
================================================================================
AV 64.1 42.9 3.8 FASTST M M 2 MAX(MPH)
MISC ----> 26 320 35 320
================================================================================
NOTES:
# LAST OF SEVERAL OCCURRENCES
COLUMN 17 PEAK WIND IN M.P.H.
PRELIMINARY LOCAL CLIMATOLOGICAL DATA (WS FORM: F-6) , PAGE 2
STATION: BAKERSFIELD CA
MONTH: DECEMBER
YEAR: 2023
LATITUDE: 35 25 N
LONGITUDE: 119 3 W
[TEMPERATURE DATA] [PRECIPITATION DATA] SYMBOLS USED IN COLUMN 16
AVERAGE MONTHLY: 53.5 TOTAL FOR MONTH: 0.64 1 = FOG OR MIST
DPTR FM NORMAL: 4.3 DPTR FM NORMAL: -0.46 2 = FOG REDUCING VISIBILITY
HIGHEST: 80 ON 6 GRTST 24HR 0.40 ON 20-21 TO 1/4 MILE OR LESS
LOWEST: 36 ON 11,10 3 = THUNDER
SNOW, ICE PELLETS, HAIL 4 = ICE PELLETS
TOTAL MONTH: 0.0 INCH 5 = HAIL
GRTST 24HR 0.0 6 = FREEZING RAIN OR DRIZZLE
GRTST DEPTH: 0 7 = DUSTSTORM OR SANDSTORM:
VSBY 1/2 MILE OR LESS
8 = SMOKE OR HAZE
[NO. OF DAYS WITH] [WEATHER - DAYS WITH] 9 = BLOWING SNOW
X = TORNADO
MAX 32 OR BELOW: 0 0.01 INCH OR MORE: 4
MAX 90 OR ABOVE: 0 0.10 INCH OR MORE: 3
MIN 32 OR BELOW: 0 0.50 INCH OR MORE: 0
MIN 0 OR BELOW: 0 1.00 INCH OR MORE: 0
[HDD (BASE 65) ]
TOTAL THIS MO. 348 CLEAR (SCALE 0-3) 21
DPTR FM NORMAL -142 PTCLDY (SCALE 4-7) 7
TOTAL FM JUL 1 571 CLOUDY (SCALE 8-10) 3
DPTR FM NORMAL -241
[CDD (BASE 65) ]
TOTAL THIS MO. 0
DPTR FM NORMAL 0 [PRESSURE DATA]
TOTAL FM JAN 1 2487 HIGHEST SLP 30.37 ON 9
DPTR FM NORMAL 62 LOWEST SLP 29.72 ON 20
[REMARKS]
#FINAL-12-23#