000
CXUS54 KAMA 011512
CLMBGD
CLIMATE REPORT
NATIONAL WEATHER SERVICE AMARILLO
1012 AM CDT SAT JUL 01 2023
...................................
...THE BORGER CLIMATE SUMMARY FOR THE MONTH OF JUNE 2023...
CLIMATE NORMAL PERIOD: 1991 TO 2020
CLIMATE RECORD PERIOD: 1949 TO 2023
WEATHER OBSERVED NORMAL DEPART LAST YEAR`S
VALUE DATE(S) VALUE FROM VALUE DATE(S)
NORMAL
................................................................
TEMPERATURE (F)
HIGHEST 105 06/27 107 06/11
06/28
06/12
LOWEST 56 06/13 54 06/02
06/14
AVG. MAXIMUM 87.9 91.5 -3.6 93.3
AVG. MINIMUM 64.7 65.9 -1.2 69.1
MEAN 76.2 78.7 -2.5 81.2
DAYS MAX >= 90 13 18.9 -5.9 23
DAYS MAX <= 32 0 0.0 0.0 0
DAYS MIN <= 32 0 0.0 0.0 0
DAYS MIN <= 0 0 0.0 0.0 0
PRECIPITATION (INCHES)
TOTALS 3.33 2.76 0.57 2.91
DAILY AVG. 0.11 0.09 0.02 0.10
DAYS >= .01 12 7.5 4.5 7
DAYS >= .10 8 4.5 3.5 5
DAYS >= .50 2 1.6 0.4 3
DAYS >= 1.00 0 0.5 -0.5 1
GREATEST
24 HR. TOTAL 0.83 05/31 TO 06/01
SNOWFALL (INCHES)
TOTALS 0.0 MM MM MM
SINCE 7/1 0.0 MM MM MM
DAYS >= TRACE 0 MM MM 0
DAYS >= 1.0 0 MM MM 0
GREATEST
SNOW DEPTH MM
24 HR TOTAL MM
DEGREE DAYS
HEATING TOTAL 0 2 -2 6
SINCE 7/1 3143 3520 -377 MM
COOLING TOTAL 343 412 -69 500
SINCE 1/1 602 667 -65 MM
................................................................
WIND (MPH)
AVERAGE WIND SPEED 8.8
HIGHEST WIND SPEED/DIRECTION 40/210 DATE 06/02
HIGHEST GUST SPEED/DIRECTION 55/210 DATE 06/02
SKY COVER
POSSIBLE SUNSHINE (PERCENT) MM
NUMBER OF DAYS FAIR 19
NUMBER OF DAYS PC 6
NUMBER OF DAYS CLOUDY 2
AVERAGE RH (PERCENT) 57
WEATHER CONDITIONS. NUMBER OF DAYS WITH
THUNDERSTORM 14 MIXED PRECIP 0
HEAVY RAIN 5 RAIN 6
LIGHT RAIN 12 FREEZING RAIN 0
LT FREEZING RAIN 0 HEAVY SNOW 0
SNOW 0 LIGHT SNOW 0
SLEET 0 FOG 8
FOG W/VIS <= 1/4 MILE 2 HAZE 5
- INDICATES NEGATIVE NUMBERS.
R INDICATES RECORD WAS SET OR TIED.
MM INDICATES DATA IS MISSING.
T INDICATES TRACE AMOUNT.
$$