000
CXUS55 KVEF 191041
CF6BIH
PRELIMINARY LOCAL CLIMATOLOGICAL DATA (WS FORM: F-6)
STATION: BISHOP CA
MONTH: MAY
YEAR: 2021
LATITUDE: 37 22 N
LONGITUDE: 118 22 W
TEMPERATURE IN F: :PCPN: SNOW: WIND :SUNSHINE: SKY :PK WND
================================================================================
1 2 3 4 5 6A 6B 7 8 9 10 11 12 13 14 15 16 17 18
12Z AVG MX 2MIN
DY MAX MIN AVG DEP HDD CDD WTR SNW DPTH SPD SPD DIR MIN PSBL S-S WX SPD DR
================================================================================
1 91 51 71 12 0 6 0.00 0.0 0 10.0 24 220 M M 0 32 230
2 77 52 65 6 0 0 0.00 0.0 0 19.6 36 360 M M 0 43 10
3 81 45 63 3 2 0 0.00 0.0 0 12.5 23 350 M M 0 29 340
4 86 37 62 2 3 0 0.00 0.0 M 7.2 18 150 M M 0 23 150
5 90 44 67 7 0 2 0.00 0.0 M 11.1 29 140 M M 0 37 140
6 90 45 68 8 0 3 0.00 0.0 M 11.8 26 150 M M 1 34 140
7 86 53 70 9 0 5 0.00 0.0 0 10.8 22 320 M M 0 27 330
8 81 53 67 6 0 2 0.00 0.0 M 15.4 25 360 M M 0 31 10
9 81 40 61 0 4 0 0.00 0.0 0 6.3 17 10 M M 1 24 360
10 85 53 69 7 0 4 0.00 0.0 0 15.5 28 350 M M 0 37 350
11 83 47 65 3 0 0 0.00 0.0 0 7.0 18 360 M M 0 23 360
12 90 43 67 5 0 2 0.00 0.0 0 7.6 21 150 M M 0 27 150
13 92 45 69 6 0 4 0.00 0.0 0 6.7 20 140 M M 0 25 150
14 92 46 69 6 0 4 0.00 0.0 0 8.1 24 160 M M 0 30 160
15 88 49 69 6 0 4 0.00 0.0 0 15.0 37 340 M M 2 38 51 360
16 81 52 67 3 0 2 T 0.0 0 14.1 25 340 M M 4 3 33 340
17 87 48 68 4 0 3 T 0.0 0 9.2 30 330 M M 1 44 340
18 93 44 69 5 0 4 0.00 0.0 0 7.7 20 300 M M 0 27 280
19 88 52 70 6 0 5 0.00 0.0 0 10.0 25 240 M M 0 35 240
20 75 44 60 -5 5 0 0.00 0.0 0 17.2 28 350 M M 0 48 350
21 57 37 47 -18 18 0 T 0.0 0 14.5 32 360 M M 4 41 360
22 66 31 49 -16 16 0 T 0.0 0 6.6 28 320 M M 5 35 310
23 76 32 54 -12 11 0 0.00 0.0 0 5.2 15 10 M M 1 21 350
24 84 40 62 -4 3 0 0.00 0.0 0 6.2 16 150 M M 0 20 140
25 87 43 65 -1 0 0 0.00 0.0 0 8.8 23 250 M M 0 29 250
26 87 50 69 3 0 4 0.00 0.0 0 7.2 18 360 M M 0 25 10
27 91 47 69 2 0 4 0.00 0.0 0 7.0 23 160 M M 0 35 120
28 93 50 72 5 0 7 0.00 0.0 0 7.5 20 10 M M 0 25 150
29 91 53 72 5 0 7 0.00 0.0 0 7.7 23 320 M M 0 30 320
30 94 52 73 5 0 8 0.00 0.0 0 6.8 21 340 M M 0 28 330
31 96 47 72 4 0 7 0.00 0.0 0 6.0 15 340 M M 0 20 340
================================================================================
SM 2639 1425 62 87 T 0.0 306.3 M 19
================================================================================
AV 85.1 46.0 9.9 FASTST M M 1 MAX(MPH)
MISC ----> 37 340 51 360
================================================================================
NOTES:
# LAST OF SEVERAL OCCURRENCES
COLUMN 17 PEAK WIND IN M.P.H.
PRELIMINARY LOCAL CLIMATOLOGICAL DATA (WS FORM: F-6) , PAGE 2
STATION: BISHOP CA
MONTH: MAY
YEAR: 2021
LATITUDE: 37 22 N
LONGITUDE: 118 22 W
[TEMPERATURE DATA] [PRECIPITATION DATA] SYMBOLS USED IN COLUMN 16
AVERAGE MONTHLY: 65.5 TOTAL FOR MONTH: T 1 = FOG OR MIST
DPTR FM NORMAL: 2.0 DPTR FM NORMAL: -0.23 2 = FOG REDUCING VISIBILITY
HIGHEST: 96 ON 31 GRTST 24HR T ON 14-14 TO 1/4 MILE OR LESS
LOWEST: 31 ON 22 3 = THUNDER
SNOW, ICE PELLETS, HAIL 4 = ICE PELLETS
TOTAL MONTH: 0.0 INCH 5 = HAIL
GRTST 24HR 0.0 6 = FREEZING RAIN OR DRIZZLE
GRTST DEPTH: 0 7 = DUSTSTORM OR SANDSTORM:
VSBY 1/2 MILE OR LESS
8 = SMOKE OR HAZE
[NO. OF DAYS WITH] [WEATHER - DAYS WITH] 9 = BLOWING SNOW
X = TORNADO
MAX 32 OR BELOW: 0 0.01 INCH OR MORE: 0
MAX 90 OR ABOVE: 12 0.10 INCH OR MORE: 0
MIN 32 OR BELOW: 2 0.50 INCH OR MORE: 0
MIN 0 OR BELOW: 0 1.00 INCH OR MORE: 0
[HDD (BASE 65) ]
TOTAL THIS MO. 62 CLEAR (SCALE 0-3) 28
DPTR FM NORMAL -52 PTCLDY (SCALE 4-7) 3
TOTAL FM JUL 1 3663 CLOUDY (SCALE 8-10) 0
DPTR FM NORMAL -322
[CDD (BASE 65) ]
TOTAL THIS MO. 87
DPTR FM NORMAL 20 [PRESSURE DATA]
TOTAL FM JAN 1 92 HIGHEST SLP 30.10 ON 24
DPTR FM NORMAL 21 LOWEST SLP 29.47 ON 15
[REMARKS]
#FINAL-05-21#