000
CXUS55 KVEF 032117
CLMBIH
CLIMATE REPORT
NATIONAL WEATHER SERVICE LAS VEGAS, NV
217 PM PDT MON APR 03 2023
...................................
...THE BISHOP CA CLIMATE SUMMARY FOR THE MONTH OF MARCH 2023...
CLIMATE NORMAL PERIOD: 1991 TO 2020
CLIMATE RECORD PERIOD: 1943 TO 2023
WEATHER OBSERVED NORMAL DEPART LAST YEAR`S
VALUE DATE(S) VALUE FROM VALUE DATE(S)
NORMAL
................................................................
TEMPERATURE (F)
RECORD
HIGH 87 03/31/1966
LOW 9 03/01/2007
03/02/1971
03/01/1969
HIGHEST 64 03/13 MM MM 83 03/25
LOWEST 17 03/02 MM MM 17 03/11
03/27
AVG. MAXIMUM 53.7 67.1 -13.4 69.0
AVG. MINIMUM 27.9 31.3 -3.4 32.9
MEAN 40.8 49.2 -8.4 50.9
DAYS MAX >= 90 0 0.0 0.0 0
DAYS MAX <= 32 0 0.0 0.0 0
DAYS MIN <= 32 23 17.8 5.2 16
DAYS MIN <= 0 0 0.0 0.0 0
PRECIPITATION (INCHES)
RECORD
MAXIMUM 2.94 1991
MINIMUM 0.00 2008
TOTALS 3.96 0.55 3.41 0.25
DAILY AVG. 0.13 0.02 0.11 0.01
DAYS >= .01 9 2.9 6.1 2
DAYS >= .10 6 1.3 4.7 1
DAYS >= .50 2 0.3 1.7 0
DAYS >= 1.00 1 0.1 0.9 0
GREATEST
24 HR. TOTAL 2.26 03/09 TO 03/10
SNOWFALL (INCHES)
RECORDS
TOTAL 14.5 1952
24 HR TOTAL 7.5
TOTALS 2.5 MM MM 0.0
SINCE 7/1 2.5
SNOWDEPTH AVG. 1
DAYS >= TRACE 2
DAYS >= 1.0 1
GREATEST
SNOW DEPTH 6
24 HR TOTAL 2.5 03/01 TO 03/01
STORM TOTAL 2.5
DEGREE DAYS
HEATING TOTAL 743 490 253 429
SINCE 7/1 4093 3573 520 MM
COOLING TOTAL 0 0 0 0
SINCE 1/1 0 0 0 MM
FREEZE DATES
RECORD
EARLIEST 09/11/1952
LATEST 06/16/1944
EARLIEST 10/24
LATEST 05/12
................................................................
WIND (MPH)
AVERAGE WIND SPEED 9.0
HIGHEST WIND SPEED/DIRECTION 36/160 DATE 03/19
HIGHEST GUST SPEED/DIRECTION 48/160 DATE 03/19
SKY COVER
POSSIBLE SUNSHINE (PERCENT) MM
AVERAGE SKY COVER 0.27
NUMBER OF DAYS FAIR 20
NUMBER OF DAYS PC 9
NUMBER OF DAYS CLOUDY 2
AVERAGE RH (PERCENT) 56
WEATHER CONDITIONS. NUMBER OF DAYS WITH
THUNDERSTORM 0 MIXED PRECIP 0
HEAVY RAIN 2 RAIN 3
LIGHT RAIN 10 FREEZING RAIN 0
LT FREEZING RAIN 0 HAIL 0
HEAVY SNOW 0 SNOW 0
LIGHT SNOW 2 SLEET 0
FOG 5 FOG W/VIS <= 1/4 MILE 0
HAZE 0
- INDICATES NEGATIVE NUMBERS.
R INDICATES RECORD WAS SET OR TIED.
MM INDICATES DATA IS MISSING.
T INDICATES TRACE AMOUNT.
$$