000
CXUS55 KVEF 012230
CLMBIH
CLIMATE REPORT
NATIONAL WEATHER SERVICE LAS VEGAS, NV
230 PM PST FRI MAR 01 2024
...................................
...THE BISHOP CA CLIMATE SUMMARY FOR THE MONTH OF FEBRUARY 2024...
CLIMATE NORMAL PERIOD: 1991 TO 2020
CLIMATE RECORD PERIOD: 1943 TO 2024
WEATHER OBSERVED NORMAL DEPART LAST YEAR`S
VALUE DATE(S) VALUE FROM VALUE DATE(S)
NORMAL
................................................................
TEMPERATURE (F)
RECORD
HIGH 81 02/13/2014
02/27/1986
LOW -2 02/08/1969
02/07/1969
HIGHEST 69 02/26 69 02/20
LOWEST 17 02/11 10 02/16
AVG. MAXIMUM 56.4 59.3 -2.9 52.8
AVG. MINIMUM 28.1 26.4 1.7 22.5
MEAN 42.3 42.9 -0.6 37.7
DAYS MAX >= 90 0 0.0 0.0 0
DAYS MAX <= 32 0 0.0 0.0 0
DAYS MIN <= 32 24 23.2 0.8 28
DAYS MIN <= 0 0 0.0 0.0 0
PRECIPITATION (INCHES)
RECORD
MAXIMUM 6.01 1969
MINIMUM 0.00 1974
TOTALS 3.40 0.89 2.51 1.13
DAILY AVG. 0.12 NAN NAN 0.04
DAYS >= .01 7 3.9 3.1 4
DAYS >= .10 5 1.9 3.1 3
DAYS >= .50 2 0.6 1.4 1
DAYS >= 1.00 1 0.2 0.8 0
GREATEST
24 HR. TOTAL 2.02 02/04 TO 02/05
SNOWFALL (INCHES)
RECORDS
TOTAL 31.9 1969
24 HR TOTAL 14.2
TOTALS T MM MM 0.0
SINCE 7/1 T
SNOWDEPTH AVG. 0
DAYS >= TRACE 3
DAYS >= 1.0 0
GREATEST
SNOW DEPTH 0
24 HR TOTAL T
STORM TOTAL T
DEGREE DAYS
HEATING TOTAL 652 620 32 758
SINCE 7/1 2908 3122 -214 MM
COOLING TOTAL 0 0 0 0
SINCE 1/1 0 0 0 MM
FREEZE DATES
RECORD
EARLIEST 09/11/1952
LATEST 06/16/1944
EARLIEST 10/27
LATEST 05/08
................................................................
WIND (MPH)
AVERAGE WIND SPEED 8.3
HIGHEST WIND SPEED/DIRECTION 38/220 DATE 02/29
HIGHEST GUST SPEED/DIRECTION 53/140 DATE 02/01
53/250 02/29
SKY COVER
POSSIBLE SUNSHINE (PERCENT) MM
AVERAGE SKY COVER 0.27
NUMBER OF DAYS FAIR 21
NUMBER OF DAYS PC 4
NUMBER OF DAYS CLOUDY 4
AVERAGE RH (PERCENT) 59
WEATHER CONDITIONS. NUMBER OF DAYS WITH
THUNDERSTORM 0 MIXED PRECIP 0
HEAVY RAIN 2 RAIN 4
LIGHT RAIN 6 FREEZING RAIN 0
LT FREEZING RAIN 0 HAIL 0
HEAVY SNOW 0 SNOW 0
LIGHT SNOW 2 SLEET 0
FOG 7 FOG W/VIS <= 1/4 MILE 0
HAZE 0
- INDICATES NEGATIVE NUMBERS.
R INDICATES RECORD WAS SET OR TIED.
MM INDICATES DATA IS MISSING.
T INDICATES TRACE AMOUNT.
$$