000
CXUS53 KBIS 020255
CLSBIS
CLIMATE REPORT
NATIONAL WEATHER SERVICE BISMARCK, ND
847 PM CST TUE MAR 01 2022
...................................
...THE BISMARCK ND CLIMATE SUMMARY FOR THE SEASON, FROM
12/1/2021 TO 2/28/2022...
CLIMATE NORMAL PERIOD: 1991 TO 2020
CLIMATE RECORD PERIOD: 1875 TO 2022
WEATHER OBSERVED NORMAL DEPART LAST YEAR`S
VALUE DATE(S) VALUE FROM VALUE DATE(S)
NORMAL
................................................................
TEMPERATURE (F)
RECORD
HIGH 73 02/27/2016
LOW -45 02/16/1936
01/13/1916
HIGHEST 66 12/01 MM MM 59 12/06
LOWEST -27 01/01 MM MM -28 02/13
AVG. MAXIMUM 27.3 26.2 1.1 31.1
AVG. MINIMUM 3.3 5.9 -2.6 10.3
MEAN 15.3 16.0 -0.7 20.7
DAYS MAX >= 90 0 0.0 0.0 0
DAYS MAX <= 32 47 56.9 -9.9 42
DAYS MIN <= 32 89 89.4 -0.4 88
DAYS MIN <= 0 33 31.9 1.1 18
PRECIPITATION (INCHES)
RECORD
MAXIMUM 3.46 2017
MINIMUM 0.69 2021
TOTALS 2.00 1.60 0.40 0.69
DAILY AVG. 0.02 0.02 0.00 0.01
DAYS >= .01 25 23.4 1.6 18
DAYS >= .10 7 4.9 2.1 2
DAYS >= .50 0 0.2 -0.2 0
DAYS >= 1.00 0 0.0 0.0 0
GREATEST
24 HR. TOTAL 0.36 0.23 12/29 TO 12/29
STORM TOTAL 0.33 0.23
(MM/DD(HH)) MM
SNOWFALL (INCHES)
RECORDS
TOTAL 58.0 2009
TOTALS 29.0 26.5
SINCE 7/1 30.2
DEGREE DAYS
HEATING TOTAL 4450
COOLING TOTAL 0
................................................................
WIND (MPH)
HIGHEST WIND SPEED/DIRECTION 45/290 DATE 02/01
HIGHEST GUST SPEED/DIRECTION 64/290 DATE 02/01
- INDICATES NEGATIVE NUMBERS.
R INDICATES RECORD WAS SET OR TIED.
MM INDICATES DATA IS MISSING.
T INDICATES TRACE AMOUNT.