000
CXUS53 KGRR 010910
CF6BIV
PRELIMINARY LOCAL CLIMATOLOGICAL DATA (WS FORM: F-6)
STATION: HOLLAND
MONTH: JUNE
YEAR: 2023
LATITUDE: 42 49 N
LONGITUDE: 86 10 W
TEMPERATURE IN F: :PCPN: SNOW: WIND :SUNSHINE: SKY :PK WND
================================================================================
1 2 3 4 5 6A 6B 7 8 9 10 11 12 13 14 15 16 17 18
12Z AVG MX 2MIN
DY MAX MIN AVG DEP HDD CDD WTR SNW DPTH SPD SPD DIR MIN PSBL S-S WX SPD DR
================================================================================
1 90 62 76 12 0 11 0.13 M M 4.3 22 260 M M 2 3 30 260
2 92 65 79 15 0 14 0.00 M M 3.3 14 340 M M 3 22 300
3 91 60 76 12 0 11 T M M 6.9 16 80 M M 1 23 70
4 84 57 71 6 0 6 0.00 M M 7.1 17 90 M M 0 8 28 100
5 79 54 67 2 0 2 0.00 M M 4.9 12 300 M M 0 18 290
6 79 55 67 1 0 2 0.00 M M 4.4 15 280 M M 0 18 24 290
7 73 48 61 -5 4 0 0.00 M M 6.1 16 320 M M 0 8 26 330
8 71 47 59 -7 6 0 0.00 M M 5.9 17 320 M M 0 8 26 320
9 73 48 61 -5 4 0 0.00 M M 4.2 15 290 M M 0 22 300
10 82 52 67 0 0 2 0.00 M M 7.1 17 250 M M 0 24 260
11 69 54 62 -5 3 0 0.15 M M 5.8 13 20 M M M 1 21 20
12 62 52 57 -10 8 0 0.00 M M 8.4 16 300 M M 6 22 260
13 65 51 58 -10 7 0 0.21 M M 7.1 16 260 M M 7 1 22 270
14 67 50 59 -9 6 0 0.00 M M 4.1 13 270 M M 2 12 18 270
15 72 49 61 -7 4 0 0.00 M M 6.9 18 310 M M 6 18 29 310
16 69 52 61 -7 4 0 0.00 M M 6.0 15 280 M M 5 19 270
17 75 48 62 -7 3 0 0.00 M M 4.3 13 290 M M 0 1 20 290
18 85 50 68 -1 0 3 0.00 M M 3.0 12 290 M M 0 1 18 270
19 88 59 74 5 0 9 0.00 M M 8.0 17 100 M M 0 24 100
20 91 63 77 8 0 12 0.00 M M 7.4 16 100 M M 1 23 100
21 93 64 79 10 0 14 0.00 M M 8.0 16 110 M M 1 28 90
22 88 66 77 7 0 12 0.00 M M 5.6 14 100 M M 3 8 23 90
23 83 63 73 3 0 8 0.00 M M 4.0 14 320 M M 7 21 320
24 85 59 72 2 0 7 0.00 M M 4.4 14 280 M M 2 23 300
25 87 66 77 7 0 12 0.50 M M 9.7 28 170 M M 5 13 39 180
26 66 61 64 -6 1 0 0.13 M M 10.2 20 320 M M 10 18 32 320
27 71 59 65 -5 0 0 0.00 M M 7.8 20 320 M M 10 18 28 320
28 82 51 67 -4 0 2 0.00 M M 2.4 12 250 M M 7 18 16 270
29 89 64 77 6 0 12 T M M 8.2 16 240 M M 5 38 22 180
30 85 68 77 6 0 12 0.00 M M 4.5 13 250 M M 4 128 16 250
================================================================================
SM 2386 1697 50 151 1.12 M 180.0 M 87
================================================================================
AV 79.5 56.6 6.0 FASTST M M 3 MAX(MPH)
MISC ----> 28 170 39 180
================================================================================
NOTES:
# LAST OF SEVERAL OCCURRENCES
COLUMN 17 PEAK WIND IN M.P.H.
PRELIMINARY LOCAL CLIMATOLOGICAL DATA (WS FORM: F-6) , PAGE 2
STATION: HOLLAND
MONTH: JUNE
YEAR: 2023
LATITUDE: 42 49 N
LONGITUDE: 86 10 W
[TEMPERATURE DATA] [PRECIPITATION DATA] SYMBOLS USED IN COLUMN 16
AVERAGE MONTHLY: 68.1 TOTAL FOR MONTH: 1.12 1 = FOG OR MIST
DPTR FM NORMAL: 0.2 DPTR FM NORMAL: -2.33 2 = FOG REDUCING VISIBILITY
HIGHEST: 93 ON 21 GRTST 24HR 0.56 ON 25-26 TO 1/4 MILE OR LESS
LOWEST: 47 ON 8 3 = THUNDER
SNOW, ICE PELLETS, HAIL 4 = ICE PELLETS
TOTAL MONTH: M 5 = HAIL
GRTST 24HR M ON M 6 = FREEZING RAIN OR DRIZZLE
GRTST DEPTH: M ON M 7 = DUSTSTORM OR SANDSTORM:
VSBY 1/2 MILE OR LESS
8 = SMOKE OR HAZE
[NO. OF DAYS WITH] [WEATHER - DAYS WITH] 9 = BLOWING SNOW
X = TORNADO
MAX 32 OR BELOW: 0 0.01 INCH OR MORE: 5
MAX 90 OR ABOVE: 5 0.10 INCH OR MORE: 5
MIN 32 OR BELOW: 0 0.50 INCH OR MORE: 1
MIN 0 OR BELOW: 0 1.00 INCH OR MORE: 0
[HDD (BASE 65) ]
TOTAL THIS MO. 50 CLEAR (SCALE 0-3) 17
DPTR FM NORMAL 3 PTCLDY (SCALE 4-7) 10
TOTAL FM JUL 1 5385 CLOUDY (SCALE 8-10) 3
DPTR FM NORMAL -950
[CDD (BASE 65) ]
TOTAL THIS MO. 151
DPTR FM NORMAL 17 [PRESSURE DATA]
TOTAL FM JAN 1 189 HIGHEST SLP 30.16 ON 21
DPTR FM NORMAL 14 LOWEST SLP 29.50 ON 26
[REMARKS]
#FINAL-06-23#