000
CXUS53 KGRR 010910
CF6BIV
PRELIMINARY LOCAL CLIMATOLOGICAL DATA (WS FORM: F-6)
STATION: HOLLAND
MONTH: MARCH
YEAR: 2023
LATITUDE: 42 49 N
LONGITUDE: 86 10 W
TEMPERATURE IN F: :PCPN: SNOW: WIND :SUNSHINE: SKY :PK WND
================================================================================
1 2 3 4 5 6A 6B 7 8 9 10 11 12 13 14 15 16 17 18
12Z AVG MX 2MIN
DY MAX MIN AVG DEP HDD CDD WTR SNW DPTH SPD SPD DIR MIN PSBL S-S WX SPD DR
================================================================================
1 49 31 40 9 25 0 0.04 M M 4.6 15 280 M M 7 1 19 120
2 40 28 34 3 31 0 0.00 M M 7.6 18 320 M M 7 1 27 320
3 36 28 32 0 33 0 0.03 M M 9.8 21 80 M M 5 1 32 70
4 44 30 37 5 28 0 0.03 M M 8.7 16 240 M M 5 21 240
5 49 30 40 8 25 0 0.00 M M 5.1 14 110 M M 2 1 19 120
6 45 34 40 8 25 0 0.31 M M 12.7 24 120 M M 9 1 33 130
7 47 29 38 5 27 0 0.00 M M 8.1 15 80 M M 3 25 100
8 47 28 38 5 27 0 0.00 M M 8.2 17 110 M M 1 24 110
9 44 32 38 4 27 0 0.22 M M 10.7 18 90 M M 9 1 27 70
10 41 30 36 2 29 0 0.14 M M 9.0 18 80 M M 10 1 28 70
11 39 26 33 -1 32 0 0.00 M M 5.0 10 110 M M 2 13 100
12 34 29 32 -2 33 0 0.08 M M 8.2 14 110 M M 10 1 18 100
13 32 25 29 -6 36 0 0.17 M M 8.9 16 350 M M 10 12 26 330
14 34 25 30 -5 35 0 T M M 8.0 16 300 M M 5 24 310
15 45 21 33 -3 32 0 0.00 M M 6.7 20 240 M M 1 18 24 240
16 50 37 44 8 21 0 0.42 M M 9.7 18 200 M M 5 1 25 190
17 50 28 39 3 26 0 0.45 M M 17.3 29 250 M M 10 1 39 260
18 28 17 23 -14 42 0 0.02 M M 16.6 29 250 M M 10 128 43 320
19 36 25 31 -6 34 0 T M M 15.3 26 240 M M 4 36 250
20 48 33 41 4 24 0 0.00 M M 20.3 32 220 M M 2 52 220
21 55 36 46 8 19 0 0.00 M M 8.7 20 220 M M 5 28 230
22 49 40 45 7 20 0 0.02 M M 7.1 16 190 M M 10 1 21 190
23 47 33 40 2 25 0 0.04 M M 7.2 15 320 M M 7 1 23 330
24 46 34 40 1 25 0 0.00 M M 10.4 18 110 M M 1 25 100
25 38 33 36 -3 29 0 0.70 M M 13.0 30 300 M M 9 16 52 300
26 48 29 39 -1 26 0 0.23 M M 6.0 16 100 M M 4 1 21 360
27 46 34 40 0 25 0 0.09 M M 8.0 16 300 M M 2 1 25 360
28 45 28 37 -3 28 0 0.00 M M 4.0 15 260 M M 0 20 260
29 40 22 31 -10 34 0 0.03 M M 10.1 25 310 M M 3 1 38 310
30 48 20 34 -7 31 0 T M M 7.0 16 140 M M 3 24 150
31 62 42 52 11 13 0 2.46 M M 10.5 32 230 M M 10 13 45 240
================================================================================
SM 1362 917 867 0 5.48 M 292.5 M 171
================================================================================
AV 43.9 29.6 9.4 FASTST M M 6 MAX(MPH)
MISC ----> # 32 220 # 52 220
================================================================================
NOTES:
# LAST OF SEVERAL OCCURRENCES
COLUMN 17 PEAK WIND IN M.P.H.
PRELIMINARY LOCAL CLIMATOLOGICAL DATA (WS FORM: F-6) , PAGE 2
STATION: HOLLAND
MONTH: MARCH
YEAR: 2023
LATITUDE: 42 49 N
LONGITUDE: 86 10 W
[TEMPERATURE DATA] [PRECIPITATION DATA] SYMBOLS USED IN COLUMN 16
AVERAGE MONTHLY: 36.8 TOTAL FOR MONTH: 5.48 1 = FOG OR MIST
DPTR FM NORMAL: 0.8 DPTR FM NORMAL: 3.41 2 = FOG REDUCING VISIBILITY
HIGHEST: 62 ON 31 GRTST 24HR 2.46 ON 31-31 TO 1/4 MILE OR LESS
LOWEST: 17 ON 18 3 = THUNDER
SNOW, ICE PELLETS, HAIL 4 = ICE PELLETS
TOTAL MONTH: M 5 = HAIL
GRTST 24HR M ON M 6 = FREEZING RAIN OR DRIZZLE
GRTST DEPTH: M ON M 7 = DUSTSTORM OR SANDSTORM:
VSBY 1/2 MILE OR LESS
8 = SMOKE OR HAZE
[NO. OF DAYS WITH] [WEATHER - DAYS WITH] 9 = BLOWING SNOW
X = TORNADO
MAX 32 OR BELOW: 2 0.01 INCH OR MORE: 18
MAX 90 OR ABOVE: 0 0.10 INCH OR MORE: 9
MIN 32 OR BELOW: 21 0.50 INCH OR MORE: 2
MIN 0 OR BELOW: 0 1.00 INCH OR MORE: 1
[HDD (BASE 65) ]
TOTAL THIS MO. 867 CLEAR (SCALE 0-3) 11
DPTR FM NORMAL -33 PTCLDY (SCALE 4-7) 10
TOTAL FM JUL 1 4651 CLOUDY (SCALE 8-10) 10
DPTR FM NORMAL -849
[CDD (BASE 65) ]
TOTAL THIS MO. 0
DPTR FM NORMAL -1 [PRESSURE DATA]
TOTAL FM JAN 1 0 HIGHEST SLP 30.62 ON 8
DPTR FM NORMAL -1 LOWEST SLP 29.23 ON 31
[REMARKS]
#FINAL-03-23#