000
CXUS53 KGRR 011010
CF6BIV
PRELIMINARY LOCAL CLIMATOLOGICAL DATA (WS FORM: F-6)
STATION: HOLLAND
MONTH: FEBRUARY
YEAR: 2024
LATITUDE: 42 49 N
LONGITUDE: 86 10 W
TEMPERATURE IN F: :PCPN: SNOW: WIND :SUNSHINE: SKY :PK WND
================================================================================
1 2 3 4 5 6A 6B 7 8 9 10 11 12 13 14 15 16 17 18
12Z AVG MX 2MIN
DY MAX MIN AVG DEP HDD CDD WTR SNW DPTH SPD SPD DIR MIN PSBL S-S WX SPD DR
================================================================================
1 43 35 39 14 26 0 0.00 M M 7.9 22 240 M M 9 1 29 240
2 39 30 35 10 30 0 0.00 M M 6.2 13 110 M M 4 18 19 70
3 38 26 32 7 33 0 0.00 0.0 M 6.6 13 100 M M 3 1 17 80
4 51 24 38 13 27 0 0.00 M M 3.4 9 330 M M 0 1 13 80
5 48 24 36 10 29 0 0.00 M M 3.8 14 100 M M 0 17 100
6 42 28 35 9 30 0 0.00 M M 4.6 13 100 M M 6 1 16 100
7 47 27 37 11 28 0 0.00 M M 4.8 10 150 M M 0 1 14 140
8 61 38 50 24 15 0 0.10 M M 12.9 32 210 M M 3 3 46 200
9 55 39 47 21 18 0 T M M 15.3 31 220 M M 2 3 43 220
10 39 28 34 8 31 0 0.00 M M 7.8 16 300 M M 8 24 330
11 36 26 31 5 34 0 0.00 M M 2.9 12 280 M M 9 17 300
12 41 25 33 6 32 0 0.00 M M 5.4 15 250 M M 3 20 200
13 36 24 30 3 35 0 T M M 5.3 14 330 M M 8 22 350
14 41 22 32 5 33 0 0.00 M M 4.2 13 280 M M 4 17 280
15 38 31 35 8 30 0 0.34 M M 12.7 25 310 M M 9 16 42 320
16 32 25 29 2 36 0 T M M 8.0 20 310 M M 10 29 300
17 30 19 25 -3 40 0 T M M 16.7 35 240 M M 9 51 230
18 35 22 29 1 36 0 0.00 M M 13.0 30 270 M M 5 43 270
19 44 19 32 4 33 0 0.00 M M 3.1 8 230 M M 0 12 150
20 54 26 40 12 25 0 0.00 M M 7.0 14 210 M M 1 18 200
21 62 37 50 21 15 0 0.00 M M 8.5 24 230 M M 3 36 220
22 59 32 46 17 19 0 0.00 M M 3.0 10 290 M M 0 18 14 280
23 47 26 37 8 28 0 T M M 7.7 16 30 M M 4 8 24 30
24 31 16 24 -6 41 0 0.00 M M 7.8 15 30 M M 2 24 30
25 49 27 38 8 27 0 0.00 M M 12.2 26 230 M M 4 37 230
26 65 32 49 19 16 0 0.00 M M 9.4 20 150 M M 1 27 180
27 74 51 63 33 2 0 M M M 12.2 21 220 M M 1 3 35 220
28 56 21 39 8 26 0 0.06 M M 16.1 30 320 M M 8 1 49 320
29 36 21 29 -2 36 0 0.00 M M 9.8 20 300 M M 3 30 290
================================================================================
SM 1329 801 811 0 0.50 0.0 238.3 M 119
================================================================================
AV 45.8 27.6 8.2 FASTST M M 4 MAX(MPH)
MISC ----> 35 240 51 230
================================================================================
NOTES:
# LAST OF SEVERAL OCCURRENCES
COLUMN 17 PEAK WIND IN M.P.H.
PRELIMINARY LOCAL CLIMATOLOGICAL DATA (WS FORM: F-6) , PAGE 2
STATION: HOLLAND
MONTH: FEBRUARY
YEAR: 2024
LATITUDE: 42 49 N
LONGITUDE: 86 10 W
[TEMPERATURE DATA] [PRECIPITATION DATA] SYMBOLS USED IN COLUMN 16
AVERAGE MONTHLY: 36.7 TOTAL FOR MONTH: 0.50 1 = FOG OR MIST
DPTR FM NORMAL: 9.3 DPTR FM NORMAL: -1.27 2 = FOG REDUCING VISIBILITY
HIGHEST: 74 ON 27 GRTST 24HR 0.34 ON 15-15 TO 1/4 MILE OR LESS
LOWEST: 16 ON 24 3 = THUNDER
SNOW, ICE PELLETS, HAIL 4 = ICE PELLETS
TOTAL MONTH: 0.0 INCH 5 = HAIL
GRTST 24HR 0.0 6 = FREEZING RAIN OR DRIZZLE
GRTST DEPTH: M ON M 7 = DUSTSTORM OR SANDSTORM:
VSBY 1/2 MILE OR LESS
8 = SMOKE OR HAZE
[NO. OF DAYS WITH] [WEATHER - DAYS WITH] 9 = BLOWING SNOW
X = TORNADO
MAX 32 OR BELOW: 3 0.01 INCH OR MORE: 3
MAX 90 OR ABOVE: 0 0.10 INCH OR MORE: 2
MIN 32 OR BELOW: 24 0.50 INCH OR MORE: 0
MIN 0 OR BELOW: 0 1.00 INCH OR MORE: 0
[HDD (BASE 65) ]
TOTAL THIS MO. 811 CLEAR (SCALE 0-3) 13
DPTR FM NORMAL -242 PTCLDY (SCALE 4-7) 10
TOTAL FM JUL 1 3915 CLOUDY (SCALE 8-10) 6
DPTR FM NORMAL -755
[CDD (BASE 65) ]
TOTAL THIS MO. 0
DPTR FM NORMAL 0 [PRESSURE DATA]
TOTAL FM JAN 1 0 HIGHEST SLP 30.49 ON 29
DPTR FM NORMAL 0 LOWEST SLP 29.18 ON 28
[REMARKS]
#FINAL-02-24#