000
CXUS53 KGRR 011010
CF6BIV
PRELIMINARY LOCAL CLIMATOLOGICAL DATA (WS FORM: F-6)
STATION: HOLLAND
MONTH: DECEMBER
YEAR: 2021
LATITUDE: 42 49 N
LONGITUDE: 86 10 W
TEMPERATURE IN F: :PCPN: SNOW: WIND :SUNSHINE: SKY :PK WND
================================================================================
1 2 3 4 5 6A 6B 7 8 9 10 11 12 13 14 15 16 17 18
12Z AVG MX 2MIN
DY MAX MIN AVG DEP HDD CDD WTR SNW DPTH SPD SPD DIR MIN PSBL S-S WX SPD DR
================================================================================
1 49 30 40 4 25 0 0.00 M M 10.0 28 240 M M 7 38 230
2 52 37 45 10 20 0 0.00 M M 13.8 28 240 M M 4 41 290
3 41 33 37 2 28 0 0.12 M M 4.6 9 310 M M 9 1 14 330
4 41 37 39 4 26 0 0.00 M M 9.5 21 300 M M 5 31 310
5 43 31 37 3 28 0 0.16 M M 10.4 25 120 M M 10 16 34 120
6 41 22 32 -2 33 0 0.02 M M 17.3 32 280 M M 10 1 50 290
7 27 19 23 -11 42 0 T M M 8.1 16 300 M M 9 1 23 290
8 30 21 26 -8 39 0 0.05 M M 6.2 14 170 M M 10 1 20 170
9 42 27 35 2 30 0 T M M 9.6 21 110 M M 8 29 120
10 48 36 42 9 23 0 0.51 M M 8.7 17 110 M M 4 1 26 90
11 60 36 48 15 17 0 0.16 M M 21.0 46 240 M M 7 1 63 250
12 47 36 42 10 23 0 0.00 M M 19.1 28 220 M M 0 40 230
13 47 29 38 6 27 0 0.00 M M 10.6 24 230 M M 0 1 36 220
14 49 26 38 6 27 0 0.02 M M 9.5 16 130 M M 2 1 23 130
15 64 45 55 23 10 0 0.17 M M 15.1 32 210 M M 10 1 48 210
16 66 36 51 20 14 0 T M M 27.4 43 210 M M 4 80 210
17 40 32 36 5 29 0 0.00 M M 7.2 25 270 M M 2 34 260
18 36 30 33 2 32 0 0.02 M M 7.3 14 80 M M 9 1 21 80
19 34 31 33 2 32 0 0.00 M M 6.3 17 200 M M 10 23 190
20 40 31 36 6 29 0 0.00 M M 13.9 24 230 M M 9 34 230
21 41 22 32 2 33 0 T M M 11.7 29 240 M M 4 43 240
22 30 22 26 -4 39 0 T M M 9.3 23 310 M M 9 42 300
23 43 22 33 3 32 0 0.00 M M 6.8 16 150 M M 7 21 150
24 53 34 44 14 21 0 0.04 M M 7.8 18 170 M M 10 12 28 170
25 54 32 43 14 22 0 0.11 M M 6.8 17 260 M M 6 1 23 270
26 38 24 31 2 34 0 0.00 M M 5.8 20 90 M M 1 29 110
27 41 30 36 7 29 0 0.25 M M 13.0 30 100 M M 8 1236 41 100
28 37 30 34 5 31 0 0.19 M M 7.0 16 280 M M 6 12 24 290
29 38 31 35 7 30 0 0.00 M M 7.3 17 280 M M 9 1 29 280
30 33 25 29 1 36 0 0.15 M M 6.7 13 110 M M 10 12 17 110
31 40 33 37 9 28 0 0.01 M M 5.8 15 250 M M 10 1 20 260
================================================================================
SM 1345 930 869 0 1.98 M 323.6 M 209
================================================================================
AV 43.4 30.0 10.4 FASTST M M 7 MAX(MPH)
MISC ----> 46 240 80 210
================================================================================
NOTES:
# LAST OF SEVERAL OCCURRENCES
COLUMN 17 PEAK WIND IN M.P.H.
PRELIMINARY LOCAL CLIMATOLOGICAL DATA (WS FORM: F-6) , PAGE 2
STATION: HOLLAND
MONTH: DECEMBER
YEAR: 2021
LATITUDE: 42 49 N
LONGITUDE: 86 10 W
[TEMPERATURE DATA] [PRECIPITATION DATA] SYMBOLS USED IN COLUMN 16
AVERAGE MONTHLY: 36.7 TOTAL FOR MONTH: 1.98 1 = FOG OR MIST
DPTR FM NORMAL: 5.2 DPTR FM NORMAL: -0.13 2 = FOG REDUCING VISIBILITY
HIGHEST: 66 ON 16 GRTST 24HR 0.67 ON 10-11 TO 1/4 MILE OR LESS
LOWEST: 19 ON 7 3 = THUNDER
SNOW, ICE PELLETS, HAIL 4 = ICE PELLETS
TOTAL MONTH: M 5 = HAIL
GRTST 24HR M ON M 6 = FREEZING RAIN OR DRIZZLE
GRTST DEPTH: M ON M 7 = DUSTSTORM OR SANDSTORM:
VSBY 1/2 MILE OR LESS
8 = SMOKE OR HAZE
[NO. OF DAYS WITH] [WEATHER - DAYS WITH] 9 = BLOWING SNOW
X = TORNADO
MAX 32 OR BELOW: 3 0.01 INCH OR MORE: 15
MAX 90 OR ABOVE: 0 0.10 INCH OR MORE: 9
MIN 32 OR BELOW: 21 0.50 INCH OR MORE: 1
MIN 0 OR BELOW: 0 1.00 INCH OR MORE: 0
[HDD (BASE 65) ]
TOTAL THIS MO. 869 CLEAR (SCALE 0-3) 5
DPTR FM NORMAL -168 PTCLDY (SCALE 4-7) 11
TOTAL FM JUL 1 1887 CLOUDY (SCALE 8-10) 15
DPTR FM NORMAL -449
[CDD (BASE 65) ]
TOTAL THIS MO. 0
DPTR FM NORMAL 0 [PRESSURE DATA]
TOTAL FM JAN 1 875 HIGHEST SLP 30.45 ON 14
DPTR FM NORMAL 244 LOWEST SLP 29.08 ON 11
[REMARKS]
#FINAL-12-21#