000
CXUS53 KGRR 010910
CF6BIV
PRELIMINARY LOCAL CLIMATOLOGICAL DATA (WS FORM: F-6)
STATION: HOLLAND
MONTH: SEPTEMBER
YEAR: 2021
LATITUDE: 42 49 N
LONGITUDE: 86 10 W
TEMPERATURE IN F: :PCPN: SNOW: WIND :SUNSHINE: SKY :PK WND
================================================================================
1 2 3 4 5 6A 6B 7 8 9 10 11 12 13 14 15 16 17 18
12Z AVG MX 2MIN
DY MAX MIN AVG DEP HDD CDD WTR SNW DPTH SPD SPD DIR MIN PSBL S-S WX SPD DR
================================================================================
1 81 58 70 2 0 5 0.00 M M 4.5 13 90 M M 1 20 50
2 80 50 65 -2 0 0 0.00 M M 2.6 13 280 M M 0 19 330
3 79 53 66 -1 0 1 0.00 M M 4.7 12 250 M M 2 16 160
4 75 65 70 3 0 5 0.01 M M 7.5 17 220 M M 10 18 24 220
5 79 53 66 0 0 1 0.33 M M 6.3 18 260 M M 2 18 28 250
6 74 54 64 -2 1 0 0.02 M M 3.6 14 300 M M 1 128 22 280
7 85 53 69 3 0 4 0.01 M M 8.8 31 220 M M 2 3 45 210
8 75 62 69 3 0 4 0.01 M M 7.9 20 290 M M 2 35 280
9 73 50 62 -3 3 0 0.00 M M 4.5 16 280 M M 1 1 25 290
10 78 49 64 -1 1 0 T M M 5.5 15 240 M M 1 22 230
11 83 58 71 6 0 6 0.00 M M 11.2 22 230 M M 0 29 220
12 80 67 74 10 0 9 0.00 M M 9.3 20 240 M M 6 28 250
13 75 64 70 6 0 5 0.06 M M 5.7 18 100 M M 6 13 27 350
14 85 64 75 11 0 10 0.07 M M 11.7 31 220 M M 3 13 41 260
15 76 51 64 1 1 0 0.00 M M 3.8 14 320 M M 3 22 330
16 80 49 65 2 0 0 0.00 M M 2.9 13 220 M M 0 1 19 220
17 85 58 72 9 0 7 T M M 8.1 18 230 M M 1 27 260
18 82 61 72 10 0 7 0.00 M M 5.7 17 90 M M 2 27 110
19 90 56 73 11 0 8 0.00 M M 6.6 14 150 M M 0 20 180
20 81 67 74 12 0 9 0.06 M M 10.8 20 180 M M 4 1 30 160
21 74 58 66 5 0 1 0.20 M M 8.3 22 240 M M 10 1 31 230
22 64 55 60 -1 5 0 0.05 M M 8.3 17 10 M M 2 29 20
23 56 50 53 -7 12 0 0.26 M M 8.2 24 360 M M 9 41 360
24 76 44 60 0 5 0 T M M 8.7 24 240 M M 1 1 32 240
25 66 50 58 -2 7 0 0.24 M M 7.9 18 250 M M 4 1 27 250
26 78 49 64 5 1 0 0.00 M M 12.9 28 220 M M 2 39 220
27 76 60 68 9 0 3 0.00 M M 10.7 29 220 M M 0 39 220
28 74 50 62 4 3 0 0.00 M M 3.7 10 90 M M 0 16 90
29 78 47 63 5 2 0 0.00 M M 2.9 9 120 M M 0 13 290
30 78 49 64 6 1 0 0.00 M M 2.8 9 160 M M 0 12 190
================================================================================
SM 2316 1654 42 85 1.32 M 206.1 M 75
================================================================================
AV 77.2 55.1 6.9 FASTST M M 3 MAX(MPH)
MISC ----> # 31 220 45 210
================================================================================
NOTES:
# LAST OF SEVERAL OCCURRENCES
COLUMN 17 PEAK WIND IN M.P.H.
PRELIMINARY LOCAL CLIMATOLOGICAL DATA (WS FORM: F-6) , PAGE 2
STATION: HOLLAND
MONTH: SEPTEMBER
YEAR: 2021
LATITUDE: 42 49 N
LONGITUDE: 86 10 W
[TEMPERATURE DATA] [PRECIPITATION DATA] SYMBOLS USED IN COLUMN 16
AVERAGE MONTHLY: 66.2 TOTAL FOR MONTH: 1.32 1 = FOG OR MIST
DPTR FM NORMAL: 3.3 DPTR FM NORMAL: -1.63 2 = FOG REDUCING VISIBILITY
HIGHEST: 90 ON 19 GRTST 24HR 0.35 ON 5- 6 TO 1/4 MILE OR LESS
LOWEST: 44 ON 24 3 = THUNDER
SNOW, ICE PELLETS, HAIL 4 = ICE PELLETS
TOTAL MONTH: M 5 = HAIL
GRTST 24HR M ON M 6 = FREEZING RAIN OR DRIZZLE
GRTST DEPTH: M ON M 7 = DUSTSTORM OR SANDSTORM:
VSBY 1/2 MILE OR LESS
8 = SMOKE OR HAZE
[NO. OF DAYS WITH] [WEATHER - DAYS WITH] 9 = BLOWING SNOW
X = TORNADO
MAX 32 OR BELOW: 0 0.01 INCH OR MORE: 12
MAX 90 OR ABOVE: 1 0.10 INCH OR MORE: 4
MIN 32 OR BELOW: 0 0.50 INCH OR MORE: 0
MIN 0 OR BELOW: 0 1.00 INCH OR MORE: 0
[HDD (BASE 65) ]
TOTAL THIS MO. 42 CLEAR (SCALE 0-3) 23
DPTR FM NORMAL -81 PTCLDY (SCALE 4-7) 4
TOTAL FM JUL 1 44 CLOUDY (SCALE 8-10) 3
DPTR FM NORMAL -103
[CDD (BASE 65) ]
TOTAL THIS MO. 85
DPTR FM NORMAL 23 [PRESSURE DATA]
TOTAL FM JAN 1 834 HIGHEST SLP 30.23 ON 18
DPTR FM NORMAL 211 LOWEST SLP 29.61 ON 7
[REMARKS]
#FINAL-09-21#