000
CXUS53 KGRR 011010
CF6BIV
PRELIMINARY LOCAL CLIMATOLOGICAL DATA (WS FORM: F-6)
STATION: HOLLAND
MONTH: JANUARY
YEAR: 2021
LATITUDE: 42 49 N
LONGITUDE: 86 10 W
TEMPERATURE IN F: :PCPN: SNOW: WIND :SUNSHINE: SKY :PK WND
================================================================================
1 2 3 4 5 6A 6B 7 8 9 10 11 12 13 14 15 16 17 18
12Z AVG MX 2MIN
DY MAX MIN AVG DEP HDD CDD WTR SNW DPTH SPD SPD DIR MIN PSBL S-S WX SPD DR
================================================================================
1 32 20 26 -2 39 0 0.21 M M 8.3 17 70 M M 6 168 28 50
2 35 26 31 4 34 0 0.03 M M 4.2 9 130 M M 8 128 16 30
3 35 31 33 6 32 0 0.05 M M 4.2 10 230 M M 10 18 13 220
4 35 30 33 6 32 0 0.00 M M 7.8 13 260 M M 10 18 16 250
5 37 31 34 7 31 0 0.00 M M 6.0 13 310 M M 10 18 19 310
6 40 33 37 10 28 0 0.00 M M 2.3 7 100 M M 10 10 20
7 38 25 32 5 33 0 0.00 M M 3.9 10 70 M M 8 14 40
8 33 17 25 -1 40 0 0.00 M M 4.8 10 40 M M 0 15 50
9 38 14 26 0 39 0 0.00 M M 1.6 7 290 M M 0 10 10
10 34 19 27 1 38 0 0.00 M M 2.4 9 200 M M 8 18 13 220
11 32 28 30 4 35 0 0.00 M M 13.8 23 240 M M 10 18 30 250
12 37 30 34 8 31 0 0.00 M M 12.1 22 220 M M 10 18 29 220
13 40 35 38 12 27 0 0.00 M M 12.0 21 230 M M 5 18 28 250
14 44 32 38 12 27 0 0.02 M M 7.8 15 160 M M 5 21 150
15 39 30 35 9 30 0 0.14 M M 4.5 13 150 M M 9 18 17 130
16 38 29 34 8 31 0 0.09 M M 8.4 14 170 M M 10 1 18 320
17 35 29 32 6 33 0 0.14 M M 3.3 9 350 M M 10 1 16 360
18 33 29 31 5 34 0 0.01 M M 7.8 16 270 M M 10 22 270
19 31 25 28 2 37 0 0.20 M M 10.0 20 270 M M 10 12 28 300
20 35 22 29 3 36 0 0.01 M M 13.9 33 240 M M 9 47 240
21 40 35 38 12 27 0 0.00 M M 16.7 35 250 M M 6 8 46 240
22 36 20 28 2 37 0 T M M 9.5 24 300 M M 10 33 290
23 30 17 24 -2 41 0 0.00 M M 5.2 15 260 M M 7 22 260
24 31 24 28 2 37 0 0.03 M M 5.8 14 150 M M 10 1 19 130
25 34 29 32 6 33 0 0.00 M M 6.3 14 60 M M 8 27 60
26 30 19 25 -1 40 0 0.21 M M 9.9 22 80 M M 9 18 33 80
27 29 14 22 -4 43 0 0.00 M M 5.9 13 10 M M 7 8 20 20
28 25 20 23 -3 42 0 T M M 4.0 12 300 M M 10 18 360
29 28 12 20 -6 45 0 0.00 M M 4.6 9 110 M M 2 13 110
30 31 20 26 0 39 0 T M M 12.4 21 100 M M 7 30 110
31 33 26 30 4 35 0 0.03 M M 12.9 21 90 M M 9 1 33 80
================================================================================
SM 1068 771 1086 0 1.17 M 232.3 M 243
================================================================================
AV 34.5 24.9 7.5 FASTST M M 8 MAX(MPH)
MISC ----> 35 250 47 240
================================================================================
NOTES:
# LAST OF SEVERAL OCCURRENCES
COLUMN 17 PEAK WIND IN M.P.H.
PRELIMINARY LOCAL CLIMATOLOGICAL DATA (WS FORM: F-6) , PAGE 2
STATION: HOLLAND
MONTH: JANUARY
YEAR: 2021
LATITUDE: 42 49 N
LONGITUDE: 86 10 W
[TEMPERATURE DATA] [PRECIPITATION DATA] SYMBOLS USED IN COLUMN 16
AVERAGE MONTHLY: 29.7 TOTAL FOR MONTH: 1.17 1 = FOG OR MIST
DPTR FM NORMAL: 3.6 DPTR FM NORMAL: -0.92 2 = FOG REDUCING VISIBILITY
HIGHEST: 44 ON 14 GRTST 24HR 0.41 ON 1- 2 TO 1/4 MILE OR LESS
LOWEST: 12 ON 29 3 = THUNDER
SNOW, ICE PELLETS, HAIL 4 = ICE PELLETS
TOTAL MONTH: M 5 = HAIL
GRTST 24HR M ON M 6 = FREEZING RAIN OR DRIZZLE
GRTST DEPTH: M ON M 7 = DUSTSTORM OR SANDSTORM:
VSBY 1/2 MILE OR LESS
8 = SMOKE OR HAZE
[NO. OF DAYS WITH] [WEATHER - DAYS WITH] 9 = BLOWING SNOW
X = TORNADO
MAX 32 OR BELOW: 10 0.01 INCH OR MORE: 13
MAX 90 OR ABOVE: 0 0.10 INCH OR MORE: 5
MIN 32 OR BELOW: 28 0.50 INCH OR MORE: 0
MIN 0 OR BELOW: 0 1.00 INCH OR MORE: 0
[HDD (BASE 65) ]
TOTAL THIS MO. 1086 CLEAR (SCALE 0-3) 3
DPTR FM NORMAL -120 PTCLDY (SCALE 4-7) 10
TOTAL FM JUL 1 3258 CLOUDY (SCALE 8-10) 18
DPTR FM NORMAL -210
[CDD (BASE 65) ]
TOTAL THIS MO. 0
DPTR FM NORMAL 0 [PRESSURE DATA]
TOTAL FM JAN 1 0 HIGHEST SLP 30.66 ON 28
DPTR FM NORMAL 0 LOWEST SLP 29.48 ON 15
[REMARKS]
#FINAL-01-21#