000
CXUS56 KBOI 011002
CF6BKE
PRELIMINARY LOCAL CLIMATOLOGICAL DATA (WS FORM: F-6)
STATION: BAKER OR
MONTH: NOVEMBER
YEAR: 2021
LATITUDE: 44 50 N
LONGITUDE: 117 49 W
TEMPERATURE IN F: :PCPN: SNOW: WIND :SUNSHINE: SKY :PK WND
================================================================================
1 2 3 4 5 6A 6B 7 8 9 10 11 12 13 14 15 16 17 18
12Z AVG MX 2MIN
DY MAX MIN AVG DEP HDD CDD WTR SNW DPTH SPD SPD DIR MIN PSBL S-S WX SPD DR
================================================================================
1 50 23 37 -4 28 0 0.05 M M 4.4 17 110 M M 7 12 20 110
2 56 37 47 6 18 0 T M M 4.4 15 110 M M 7 12 18 110
3 56 35 46 6 19 0 0.00 M M 10.8 20 110 M M 1 28 110
4 61 36 49 9 16 0 0.04 M M 12.1 25 210 M M 6 1 34 230
5 56 34 45 5 20 0 0.00 M M 8.5 24 200 M M 4 34 210
6 51 27 39 0 26 0 0.17 M M 6.8 20 190 M M 4 1 28 200
7 46 19 33 -6 32 0 0.00 M M 4.2 15 210 M M 2 18 210
8 46 20 33 -6 32 0 0.00 M M 12.0 25 130 M M 0 36 130
9 49 28 39 1 26 0 0.20 M M 11.8 32 150 M M 6 1 42 130
10 46 24 35 -3 30 0 T M M 2.2 14 110 M M 2 17 120
11 43 33 38 0 27 0 0.15 M M 2.4 12 140 M M 10 1 14 120
12 50 41 46 9 19 0 0.01 M M 3.7 12 160 M M 8 1 13 160
13 59 32 46 9 19 0 T M M 4.2 15 50 M M 4 12 19 50
14 57 38 48 11 17 0 0.00 M M 6.4 17 110 M M 1 1 24 110
15 60 37 49 13 16 0 T M M 13.8 31 230 M M 2 45 230
16 40 22 31 -5 34 0 0.00 M M 8.6 29 340 M M 2 40 340
17 41 15 28 -8 37 0 0.00 M M 7.7 18 120 M M 0 24 120
18 39 32 36 1 29 0 T M M 13.8 20 110 M M 6 26 120
19 43 30 37 2 28 0 0.03 M M 7.5 20 350 M M 7 1 27 360
20 43 21 32 -3 33 0 0.00 M M 2.6 9 200 M M 1 1 10 200
21 42 16 29 -5 36 0 0.00 M M 5.7 17 120 M M 0 1 22 120
22 46 19 33 -1 32 0 0.00 M M 10.1 21 120 M M 0 27 120
23 42 18 30 -4 35 0 T M M 6.0 22 310 M M 4 1 29 310
24 42 14 28 -5 37 0 0.00 M M 8.1 18 110 M M 2 25 120
25 43 30 37 4 28 0 0.00 M M 12.8 25 110 M M 5 31 110
26 46 24 35 2 30 0 T M M 3.9 10 130 M M 4 15 110
27 48 26 37 5 28 0 T M M 2.8 13 120 M M 6 17 120
28 51 26 39 7 26 0 0.00 M M 3.0 8 300 M M 1 11 310
29 49 21 35 3 30 0 0.01 M M 1.7 8 280 M M 3 1 9 350
30 42 21 32 0 33 0 0.00 M M 2.9 10 280 M M 7 12 13 280
================================================================================
SM 1443 799 821 0 0.66 M 204.9 M 112
================================================================================
AV 48.1 26.6 6.8 FASTST M M 4 MAX(MPH)
MISC ----> 32 150 45 230
================================================================================
NOTES:
# LAST OF SEVERAL OCCURRENCES
COLUMN 17 PEAK WIND IN M.P.H.
PRELIMINARY LOCAL CLIMATOLOGICAL DATA (WS FORM: F-6) , PAGE 2
STATION: BAKER OR
MONTH: NOVEMBER
YEAR: 2021
LATITUDE: 44 50 N
LONGITUDE: 117 49 W
[TEMPERATURE DATA] [PRECIPITATION DATA] SYMBOLS USED IN COLUMN 16
AVERAGE MONTHLY: 37.4 TOTAL FOR MONTH: 0.66 1 = FOG OR MIST
DPTR FM NORMAL: 1.2 DPTR FM NORMAL: -0.07 2 = FOG REDUCING VISIBILITY
HIGHEST: 61 ON 4 GRTST 24HR 0.20 ON 9- 9 TO 1/4 MILE OR LESS
LOWEST: 14 ON 24 3 = THUNDER
SNOW, ICE PELLETS, HAIL 4 = ICE PELLETS
TOTAL MONTH: M 5 = HAIL
GRTST 24HR M ON M 6 = FREEZING RAIN OR DRIZZLE
GRTST DEPTH: M ON M 7 = DUSTSTORM OR SANDSTORM:
VSBY 1/2 MILE OR LESS
8 = SMOKE OR HAZE
[NO. OF DAYS WITH] [WEATHER - DAYS WITH] 9 = BLOWING SNOW
X = TORNADO
MAX 32 OR BELOW: 0 0.01 INCH OR MORE: 8
MAX 90 OR ABOVE: 0 0.10 INCH OR MORE: 3
MIN 32 OR BELOW: 22 0.50 INCH OR MORE: 0
MIN 0 OR BELOW: 0 1.00 INCH OR MORE: 0
[HDD (BASE 65) ]
TOTAL THIS MO. 821 CLEAR (SCALE 0-3) 13
DPTR FM NORMAL -43 PTCLDY (SCALE 4-7) 16
TOTAL FM JUL 1 1770 CLOUDY (SCALE 8-10) 1
DPTR FM NORMAL 75
[CDD (BASE 65) ]
TOTAL THIS MO. 0
DPTR FM NORMAL 0 [PRESSURE DATA]
TOTAL FM JAN 1 415 HIGHEST SLP 30.66 ON 21
DPTR FM NORMAL 90 LOWEST SLP 29.75 ON 15
[REMARKS]
#FINAL-11-21#