000
CXUS51 KRLX 022148
CF6BKW
PRELIMINARY LOCAL CLIMATOLOGICAL DATA (WS FORM: F-6)
STATION: BECKLEY WV
MONTH: MAY
YEAR: 2021
LATITUDE: 37 46 N
LONGITUDE: 81 7 W
TEMPERATURE IN F: :PCPN: SNOW: WIND :SUNSHINE: SKY :PK WND
================================================================================
1 2 3 4 5 6A 6B 7 8 9 10 11 12 13 14 15 16 17 18
12Z AVG MX 2MIN
DY MAX MIN AVG DEP HDD CDD WTR SNW DPTH SPD SPD DIR MIN PSBL S-S WX SPD DR
================================================================================
1 66 38 52 -6 13 0 0.00 0.0 0 6.7 17 350 M M 0 23 350
2 78 48 63 5 2 0 T 0.0 0 5.9 20 220 M M 2 26 210
3 74 56 65 6 0 0 0.20 0.0 0 10.0 26 220 M M 9 1 34 230
4 76 57 67 8 0 2 0.13 0.0 0 8.9 23 220 M M 3 1 30 200
5 64 47 56 -3 9 0 0.24 0.0 0 9.1 21 270 M M 10 1 25 280
6 60 36 48 -11 17 0 0.00 0.0 0 5.8 17 350 M M 2 21 340
7 55 41 48 -12 17 0 0.18 0.0 0 8.8 25 330 M M 7 18 33 320
8 57 40 49 -11 16 0 0.20 0.0 0 7.9 18 340 M M 4 1 25 340
9 74 43 59 -1 6 0 0.06 0.0 0 15.4 36 240 M M 7 1 52 230
10 56 38 47 -13 18 0 0.13 0.0 0 7.1 15 360 M M 8 12 19 360
11 63 38 51 -9 14 0 0.00 0.0 0 7.2 16 350 M M 4 22 340
12 58 41 50 -10 15 0 0.00 0.0 0 9.0 20 10 M M 5 26 360
13 64 36 50 -11 15 0 0.00 0.0 0 3.9 15 350 M M 4 21 330
14 65 37 51 -10 14 0 0.00 0.0 0 3.1 14 350 M M 4 19 350
15 70 37 54 -7 11 0 0.00 0.0 0 3.9 14 340 M M 1 19 340
16 62 48 55 -6 10 0 0.04 0.0 0 4.0 9 260 M M 8 1 12 270
17 60 51 56 -5 9 0 0.26 0.0 0 6.2 14 120 M M 8 1 18 150
18 75 54 65 3 0 0 0.05 0.0 0 5.8 14 190 M M 5 1 17 140
19 78 53 66 4 0 1 0.00 0.0 0 5.8 14 130 M M 0 1 18 120
20 79 53 66 4 0 1 0.00 0.0 0 6.9 17 120 M M 0 22 110
21 81 54 68 6 0 3 0.00 0.0 0 5.3 15 120 M M 1 19 120
22 80 55 68 6 0 3 0.00 0.0 0 3.9 15 330 M M 1 20 340
23 81 56 69 6 0 4 0.00 0.0 0 5.7 15 360 M M 3 21 320
24 81 57 69 6 0 4 T 0.0 0 4.1 14 350 M M 4 16 10
25 85 63 74 11 0 9 0.05 0.0 0 6.7 14 250 M M 4 13 19 290
26 82 62 72 9 0 7 0.00 0.0 0 6.8 18 310 M M 3 30 270
27 78 60 69 5 0 4 0.00 0.0 0 3.3 13 320 M M 5 16 310
28 74 59 67 3 0 2 0.49 0.0 0 7.5 20 220 M M 7 18 25 220
29 62 47 55 -9 10 0 0.03 0.0 0 8.1 15 340 M M 10 12 18 320
30 53 47 50 -14 15 0 0.06 0.0 0 5.6 13 330 M M 10 1 18 320
31 71 42 57 -7 8 0 0.00 0.0 0 2.5 8 260 M M 5 12 12 10
================================================================================
SM 2162 1494 219 40 2.12 0.0 200.9 M 144
================================================================================
AV 69.7 48.2 6.5 FASTST M M 5 MAX(MPH)
MISC ----> 36 240 52 230
================================================================================
NOTES:
# LAST OF SEVERAL OCCURRENCES
COLUMN 17 PEAK WIND IN M.P.H.
PRELIMINARY LOCAL CLIMATOLOGICAL DATA (WS FORM: F-6) , PAGE 2
STATION: BECKLEY WV
MONTH: MAY
YEAR: 2021
LATITUDE: 37 46 N
LONGITUDE: 81 7 W
[TEMPERATURE DATA] [PRECIPITATION DATA] SYMBOLS USED IN COLUMN 16
AVERAGE MONTHLY: 59.0 TOTAL FOR MONTH: 2.12 1 = FOG OR MIST
DPTR FM NORMAL: -2.3 DPTR FM NORMAL: -2.56 2 = FOG REDUCING VISIBILITY
HIGHEST: 85 ON 25 GRTST 24HR 0.52 ON 28-29 TO 1/4 MILE OR LESS
LOWEST: 36 ON 13, 6 3 = THUNDER
SNOW, ICE PELLETS, HAIL 4 = ICE PELLETS
TOTAL MONTH: 0.0 INCH 5 = HAIL
GRTST 24HR 0.0 6 = FREEZING RAIN OR DRIZZLE
GRTST DEPTH: 0 7 = DUSTSTORM OR SANDSTORM:
VSBY 1/2 MILE OR LESS
8 = SMOKE OR HAZE
[NO. OF DAYS WITH] [WEATHER - DAYS WITH] 9 = BLOWING SNOW
X = TORNADO
MAX 32 OR BELOW: 0 0.01 INCH OR MORE: 14
MAX 90 OR ABOVE: 0 0.10 INCH OR MORE: 8
MIN 32 OR BELOW: 0 0.50 INCH OR MORE: 0
MIN 0 OR BELOW: 0 1.00 INCH OR MORE: 0
[HDD (BASE 65) ]
TOTAL THIS MO. 219 CLEAR (SCALE 0-3) 11
DPTR FM NORMAL 57 PTCLDY (SCALE 4-7) 14
TOTAL FM JUL 1 4906 CLOUDY (SCALE 8-10) 6
DPTR FM NORMAL -124
[CDD (BASE 65) ]
TOTAL THIS MO. 40
DPTR FM NORMAL -7 [PRESSURE DATA]
TOTAL FM JAN 1 51 HIGHEST SLP 30.48 ON 21
DPTR FM NORMAL -11 LOWEST SLP 29.67 ON 3
[REMARKS]
#FINAL-05-21#