000
CXUS51 KRNK 012343
CF6BLF
PRELIMINARY LOCAL CLIMATOLOGICAL DATA (WS FORM: F-6)
STATION: BLUEFIELD WV
MONTH: FEBRUARY
YEAR: 2024
LATITUDE: 37 17 N
LONGITUDE: 81 12 W
TEMPERATURE IN F: :PCPN: SNOW: WIND :SUNSHINE: SKY :PK WND
================================================================================
1 2 3 4 5 6A 6B 7 8 9 10 11 12 13 14 15 16 17 18
12Z AVG MX 2MIN
DY MAX MIN AVG DEP HDD CDD WTR SNW DPTH SPD SPD DIR MIN PSBL S-S WX SPD DR
================================================================================
1 49 30 40 8 25 0 0.00 0.0 0 8.9 14 260 M M 5 20 240
2 44 31 38 5 27 0 0.00 0.0 0 7.1 16 280 M M 7 25 280
3 51 26 39 6 26 0 0.00 0.0 0 3.2 8 80 M M 0 13 80
4 52 35 44 11 21 0 0.00 0.0 0 5.2 10 140 M M 0 19 140
5 56 29 43 10 22 0 0.00 0.0 0 4.7 10 360 M M 0 16 130
6 51 29 40 7 25 0 0.00 0.0 0 2.1 12 330 M M 0 18 340
7 57 27 42 9 23 0 0.00 0.0 0 2.2 9 150 M M 0 13 140
8 62 33 48 14 17 0 0.00 0.0 0 3.4 12 150 M M 0 19 150
9 50 39 45 11 20 0 0.07 0.0 0 6.3 22 240 M M 9 1 31 240
10 56 47 52 18 13 0 0.43 0.0 0 9.6 29 300 M M 10 13 43 310
11 49 44 47 13 18 0 0.46 0.0 0 1.7 13 130 M M 10 12 26 120
12 51 43 47 13 18 0 0.23 0.0 0 5.1 26 240 M M 10 12 45 260
13 44 29 37 3 28 0 0.12 0.4 0 12.3 26 260 M M 5 1 41 290
14 48 32 40 5 25 0 0.00 0.0 0 9.6 21 280 M M 5 32 290
15 54 35 45 10 20 0 T 0.0 0 10.9 29 230 M M 2 44 230
16 46 28 37 2 28 0 0.13 0.0 0 5.7 17 300 M M 2 1 32 300
17 36 16 26 -9 39 0 0.07 0.3 T 12.2 22 310 M M 9 1 38 290
18 38 15 27 -9 38 0 0.00 0.0 0 10.3 18 280 M M 1 30 240
19 46 23 35 -1 30 0 0.00 0.0 0 3.6 10 240 M M 0 15 280
20 51 27 39 3 26 0 0.00 0.0 0 3.8 10 160 M M 0 18 160
21 54 33 44 8 21 0 0.00 0.0 0 5.5 16 230 M M 0 21 230
22 59 41 50 14 15 0 0.17 0.0 0 9.1 28 240 M M 5 1 40 240
23 48 39 44 7 21 0 0.35 0.0 0 8.6 16 290 M M 8 12 26 300
24 39 25 32 -5 33 0 0.10 T 0 8.5 17 310 M M 9 14 29 310
25 50 20 35 -2 30 0 0.00 0.0 0 5.6 14 240 M M 3 20 270
26 59 44 52 15 13 0 0.05 0.0 0 9.6 18 230 M M 6 30 250
27 62 49 56 18 9 0 0.04 0.0 0 7.2 16 210 M M 4 3 32 200
28 62 25 44 6 21 0 0.72 T 0 14.0 26 300 M M 7 1 50 310
29 39 20 30 -8 35 0 0.00 0.0 0 7.7 16 300 M M 1 28 290
================================================================================
SM 1463 914 687 0 2.94 0.7 203.7 M 118
================================================================================
AV 50.4 31.5 7.0 FASTST M M 4 MAX(MPH)
MISC ----> # 29 300 50 310
================================================================================
NOTES:
# LAST OF SEVERAL OCCURRENCES
COLUMN 17 PEAK WIND IN M.P.H.
PRELIMINARY LOCAL CLIMATOLOGICAL DATA (WS FORM: F-6) , PAGE 2
STATION: BLUEFIELD WV
MONTH: FEBRUARY
YEAR: 2024
LATITUDE: 37 17 N
LONGITUDE: 81 12 W
[TEMPERATURE DATA] [PRECIPITATION DATA] SYMBOLS USED IN COLUMN 16
AVERAGE MONTHLY: 41.0 TOTAL FOR MONTH: 2.94 1 = FOG OR MIST
DPTR FM NORMAL: 6.1 DPTR FM NORMAL: 0.04 2 = FOG REDUCING VISIBILITY
HIGHEST: 62 ON 28,27 GRTST 24HR 0.86 ON 10-11 TO 1/4 MILE OR LESS
LOWEST: 15 ON 18 3 = THUNDER
SNOW, ICE PELLETS, HAIL 4 = ICE PELLETS
TOTAL MONTH: 0.7 INCH 5 = HAIL
GRTST 24HR 0.4 ON 13-13 6 = FREEZING RAIN OR DRIZZLE
GRTST DEPTH: T 7 = DUSTSTORM OR SANDSTORM:
VSBY 1/2 MILE OR LESS
8 = SMOKE OR HAZE
[NO. OF DAYS WITH] [WEATHER - DAYS WITH] 9 = BLOWING SNOW
X = TORNADO
MAX 32 OR BELOW: 0 0.01 INCH OR MORE: 13
MAX 90 OR ABOVE: 0 0.10 INCH OR MORE: 9
MIN 32 OR BELOW: 17 0.50 INCH OR MORE: 1
MIN 0 OR BELOW: 0 1.00 INCH OR MORE: 0
[HDD (BASE 65) ]
TOTAL THIS MO. 687 CLEAR (SCALE 0-3) 14
DPTR FM NORMAL -154 PTCLDY (SCALE 4-7) 8
TOTAL FM JUL 1 3532 CLOUDY (SCALE 8-10) 7
DPTR FM NORMAL -429
[CDD (BASE 65) ]
TOTAL THIS MO. 0
DPTR FM NORMAL 0 [PRESSURE DATA]
TOTAL FM JAN 1 0 HIGHEST SLP 30.49 ON 29
DPTR FM NORMAL 0 LOWEST SLP 29.34 ON 12
[REMARKS]
#FINAL-02-24#