000
CXUS51 KRNK 030243
CF6BLF
PRELIMINARY LOCAL CLIMATOLOGICAL DATA (WS FORM: F-6)
STATION: BLUEFIELD WV
MONTH: AUGUST
YEAR: 2022
LATITUDE: 37 17 N
LONGITUDE: 81 12 W
TEMPERATURE IN F: :PCPN: SNOW: WIND :SUNSHINE: SKY :PK WND
================================================================================
1 2 3 4 5 6A 6B 7 8 9 10 11 12 13 14 15 16 17 18
12Z AVG MX 2MIN
DY MAX MIN AVG DEP HDD CDD WTR SNW DPTH SPD SPD DIR MIN PSBL S-S WX SPD DR
================================================================================
1 78 67 73 3 0 8 0.24 0.0 0 10.0 18 260 M M 8 1 24 270
2 79 66 73 3 0 8 T 0.0 0 7.7 15 290 M M 5 23 300
3 83 66 75 5 0 10 T 0.0 0 2.9 10 250 M M 3 14 270
4 82 66 74 4 0 9 T 0.0 0 3.6 13 230 M M 3 16 240
5 81 64 73 3 0 8 2.60 0.0 0 3.2 21 300 M M 4 123 28 20
6 77 65 71 1 0 6 0.14 0.0 0 4.7 16 300 M M 4 13 23 300
7 82 63 73 3 0 8 0.00 0.0 0 3.1 9 300 M M 1 12 250
8 82 66 74 4 0 9 0.00 0.0 0 5.2 12 280 M M 2 16 260
9 82 66 74 4 0 9 0.03 0.0 0 6.0 15 250 M M 3 13 18 250
10 81 64 73 3 0 8 0.02 0.0 0 6.7 26 250 M M 5 3 36 260
11 76 62 69 -1 0 4 0.12 0.0 0 5.7 14 300 M M 6 1 20 290
12 73 56 65 -5 0 0 0.00 0.0 0 4.2 13 20 M M 4 12 19 320
13 74 52 63 -7 2 0 0.00 0.0 0 2.7 12 170 M M 2 17 170
14 72 59 66 -4 0 1 0.27 0.0 0 2.8 13 260 M M 7 1 17 260
15 75 61 68 -2 0 3 0.32 0.0 0 4.1 12 30 M M 9 13 16 30
16 M M M M M M M 0.0 0 M M M M M M M M
17 M M M M M M M 0.0 0 M M M M M M M M
18 74 55 65 -4 0 0 0.00 0.0 0 M M M M M 3 12 M M
19 73 60 67 -2 0 2 0.10 0.0 0 M M M M M 5 1 M M
20 76 57 67 -2 0 2 T 0.0 0 2.9 10 160 M M 2 16 140
21 75 64 70 1 0 5 0.11 0.0 0 3.0 12 250 M M 6 13 16 270
22 76 62 69 0 0 4 0.15 0.0 0 5.9 15 300 M M 6 1 20 300
23 74 60 67 -2 0 2 0.00 0.0 0 4.2 12 310 M M 5 12 14 310
24 78 57 68 -1 0 3 0.00 0.0 0 2.2 8 280 M M 3 1 13 20
25 79 60 70 1 0 5 0.00 0.0 0 2.4 9 300 M M 3 1 16 320
26 79 61 70 2 0 5 0.00 0.0 0 4.2 9 290 M M 2 1 20 290
27 80 60 70 2 0 5 0.00 0.0 0 2.2 8 250 M M 3 12 19 30
28 81 64 73 5 0 8 0.00 0.0 0 3.7 9 130 M M 1 14 150
29 81 65 73 5 0 8 T 0.0 0 3.2 9 110 M M 2 16 140
30 77 63 70 2 0 5 0.80 0.0 0 6.3 18 300 M M 5 13 30 320
31 72 58 65 -3 0 0 0.00 0.0 0 5.9 13 270 M M 4 1 19 280
================================================================================
SM 2252 1789 2 145 4.90 0.0 118.7 M 116
================================================================================
AV 77.7 61.7 4.4 FASTST M M 4 MAX(MPH)
MISC ----> 26 250 36 260
================================================================================
NOTES:
# LAST OF SEVERAL OCCURRENCES
COLUMN 17 PEAK WIND IN M.P.H.
PRELIMINARY LOCAL CLIMATOLOGICAL DATA (WS FORM: F-6) , PAGE 2
STATION: BLUEFIELD WV
MONTH: AUGUST
YEAR: 2022
LATITUDE: 37 17 N
LONGITUDE: 81 12 W
[TEMPERATURE DATA] [PRECIPITATION DATA] SYMBOLS USED IN COLUMN 16
AVERAGE MONTHLY: 69.7 TOTAL FOR MONTH: 4.90 1 = FOG OR MIST
DPTR FM NORMAL: 0.4 DPTR FM NORMAL: 1.76 2 = FOG REDUCING VISIBILITY
HIGHEST: 83 ON 3 GRTST 24HR 2.74 ON 5- 6 TO 1/4 MILE OR LESS
LOWEST: 52 ON 13 3 = THUNDER
SNOW, ICE PELLETS, HAIL 4 = ICE PELLETS
TOTAL MONTH: 0.0 INCH 5 = HAIL
GRTST 24HR 0.0 6 = FREEZING RAIN OR DRIZZLE
GRTST DEPTH: 0 7 = DUSTSTORM OR SANDSTORM:
VSBY 1/2 MILE OR LESS
8 = SMOKE OR HAZE
[NO. OF DAYS WITH] [WEATHER - DAYS WITH] 9 = BLOWING SNOW
X = TORNADO
MAX 32 OR BELOW: 0 0.01 INCH OR MORE: 12
MAX 90 OR ABOVE: 0 0.10 INCH OR MORE: 10
MIN 32 OR BELOW: 0 0.50 INCH OR MORE: 2
MIN 0 OR BELOW: 0 1.00 INCH OR MORE: 1
[HDD (BASE 65) ]
TOTAL THIS MO. 2 CLEAR (SCALE 0-3) 11
DPTR FM NORMAL -11 PTCLDY (SCALE 4-7) 17
TOTAL FM JUL 1 5 CLOUDY (SCALE 8-10) 3
DPTR FM NORMAL -10
[CDD (BASE 65) ]
TOTAL THIS MO. 145
DPTR FM NORMAL -1 [PRESSURE DATA]
TOTAL FM JAN 1 530 HIGHEST SLP 30.28 ON 6
DPTR FM NORMAL 57 LOWEST SLP 29.84 ON 15
[REMARKS]
#FINAL-08-22#