000
CXUS51 KRNK 011834
CF6BLF
PRELIMINARY LOCAL CLIMATOLOGICAL DATA (WS FORM: F-6)
STATION: BLUEFIELD WV
MONTH: OCTOBER
YEAR: 2021
LATITUDE: 37 17 N
LONGITUDE: 81 12 W
TEMPERATURE IN F: :PCPN: SNOW: WIND :SUNSHINE: SKY :PK WND
================================================================================
1 2 3 4 5 6A 6B 7 8 9 10 11 12 13 14 15 16 17 18
12Z AVG MX 2MIN
DY MAX MIN AVG DEP HDD CDD WTR SNW DPTH SPD SPD DIR MIN PSBL S-S WX SPD DR
================================================================================
1 74 48 61 2 4 0 0.00 0.0 0 2.5 8 10 M M 0 10 120
2 75 53 64 6 1 0 0.00 0.0 0 4.5 15 270 M M 2 21 290
3 68 57 63 5 2 0 0.10 0.0 0 4.0 13 240 M M 6 1 19 270
4 73 58 66 8 0 1 0.02 0.0 0 4.9 14 250 M M 5 1 18 230
5 72 57 65 8 0 0 0.03 0.0 0 2.4 9 90 M M 8 12 16 150
6 70 63 67 10 0 2 0.17 0.0 0 5.9 13 120 M M 9 1 21 110
7 66 60 63 6 2 0 0.30 0.0 0 6.0 13 150 M M 8 1 22 120
8 66 58 62 6 3 0 0.06 0.0 0 3.4 12 150 M M 10 1 17 140
9 68 57 63 7 2 0 0.09 0.0 0 2.3 10 130 M M 8 1 17 150
10 74 55 65 9 0 0 0.00 0.0 0 2.9 7 80 M M 5 11 130
11 70 56 63 8 2 0 0.00 0.0 0 4.2 12 140 M M 6 21 10
12 69 52 61 6 4 0 0.00 0.0 0 2.9 13 150 M M 4 20 160
13 72 55 64 9 1 0 0.00 0.0 0 4.5 12 290 M M 4 12 16 290
14 73 56 65 11 0 0 0.00 0.0 0 3.9 10 260 M M 5 1 15 260
15 78 62 70 16 0 5 0.00 0.0 0 4.2 14 250 M M 3 17 240
16 66 43 55 1 10 0 0.28 0.0 0 9.1 18 290 M M 6 1 28 290
17 53 38 46 -7 19 0 0.00 0.0 0 8.7 18 310 M M 3 27 300
18 59 39 49 -4 16 0 0.00 0.0 0 7.5 16 300 M M 0 26 260
19 64 39 52 -1 13 0 0.00 0.0 0 5.6 12 280 M M 0 18 250
20 67 43 55 3 10 0 0.00 0.0 0 6.5 14 280 M M 0 20 300
21 66 49 58 6 7 0 T 0.0 0 9.2 21 240 M M 5 28 260
22 57 46 52 0 13 0 0.00 0.0 0 5.9 13 300 M M 10 18 340
23 58 43 51 0 14 0 0.01 0.0 0 6.4 14 260 M M 7 1 21 250
24 72 49 61 10 4 0 0.03 0.0 0 3.9 14 240 M M 4 21 200
25 68 45 57 6 8 0 0.60 0.0 0 6.0 18 290 M M 4 1 26 290
26 45 35 40 -10 25 0 0.09 0.0 0 10.6 21 290 M M 9 1 32 300
27 56 32 44 -6 21 0 0.00 0.0 0 4.5 12 290 M M 3 14 290
28 55 44 50 0 15 0 0.27 0.0 0 9.9 22 130 M M 6 1 39 140
29 59 47 53 4 12 0 0.76 0.0 0 5.5 16 220 M M 9 1 28 250
30 50 43 47 -2 18 0 0.21 0.0 0 6.8 16 280 M M 10 1 22 270
31 50 45 48 -1 17 0 0.09 0.0 0 10.2 16 270 M M 9 1 27 280
================================================================================
SM 2013 1527 243 8 3.11 0.0 174.8 M 168
================================================================================
AV 64.9 49.3 5.6 FASTST M M 5 MAX(MPH)
MISC ----> 22 130 39 140
================================================================================
NOTES:
# LAST OF SEVERAL OCCURRENCES
COLUMN 17 PEAK WIND IN M.P.H.
PRELIMINARY LOCAL CLIMATOLOGICAL DATA (WS FORM: F-6) , PAGE 2
STATION: BLUEFIELD WV
MONTH: OCTOBER
YEAR: 2021
LATITUDE: 37 17 N
LONGITUDE: 81 12 W
[TEMPERATURE DATA] [PRECIPITATION DATA] SYMBOLS USED IN COLUMN 16
AVERAGE MONTHLY: 57.1 TOTAL FOR MONTH: 3.11 1 = FOG OR MIST
DPTR FM NORMAL: 3.4 DPTR FM NORMAL: 0.33 2 = FOG REDUCING VISIBILITY
HIGHEST: 78 ON 15 GRTST 24HR 0.85 ON 28-29 TO 1/4 MILE OR LESS
LOWEST: 32 ON 27 3 = THUNDER
SNOW, ICE PELLETS, HAIL 4 = ICE PELLETS
TOTAL MONTH: 0.0 INCH 5 = HAIL
GRTST 24HR 0.0 6 = FREEZING RAIN OR DRIZZLE
GRTST DEPTH: 0 7 = DUSTSTORM OR SANDSTORM:
VSBY 1/2 MILE OR LESS
8 = SMOKE OR HAZE
[NO. OF DAYS WITH] [WEATHER - DAYS WITH] 9 = BLOWING SNOW
X = TORNADO
MAX 32 OR BELOW: 0 0.01 INCH OR MORE: 16
MAX 90 OR ABOVE: 0 0.10 INCH OR MORE: 8
MIN 32 OR BELOW: 1 0.50 INCH OR MORE: 2
MIN 0 OR BELOW: 0 1.00 INCH OR MORE: 0
[HDD (BASE 65) ]
TOTAL THIS MO. 243 CLEAR (SCALE 0-3) 8
DPTR FM NORMAL -114 PTCLDY (SCALE 4-7) 13
TOTAL FM JUL 1 327 CLOUDY (SCALE 8-10) 10
DPTR FM NORMAL -151
[CDD (BASE 65) ]
TOTAL THIS MO. 8
DPTR FM NORMAL 1 [PRESSURE DATA]
TOTAL FM JAN 1 613 HIGHEST SLP 30.30 ON 20
DPTR FM NORMAL 77 LOWEST SLP 29.41 ON 29
[REMARKS]
#FINAL-10-21#