000
CXUS51 KRNK 011217
CF6BLF
PRELIMINARY LOCAL CLIMATOLOGICAL DATA (WS FORM: F-6)
STATION: BLUEFIELD WV
MONTH: OCTOBER
YEAR: 2023
LATITUDE: 37 17 N
LONGITUDE: 81 12 W
TEMPERATURE IN F: :PCPN: SNOW: WIND :SUNSHINE: SKY :PK WND
================================================================================
1 2 3 4 5 6A 6B 7 8 9 10 11 12 13 14 15 16 17 18
12Z AVG MX 2MIN
DY MAX MIN AVG DEP HDD CDD WTR SNW DPTH SPD SPD DIR MIN PSBL S-S WX SPD DR
================================================================================
1 74 52 63 4 2 0 0.00 0.0 0 2.0 12 30 M M 2 12 16 40
2 76 51 64 6 1 0 0.00 0.0 0 1.6 9 40 M M 1 12 13 130
3 76 54 65 7 0 0 0.00 0.0 0 2.2 9 250 M M 2 13 160
4 76 59 68 10 0 3 0.00 0.0 0 2.7 10 140 M M 1 16 120
5 71 55 63 6 2 0 0.00 0.0 0 4.1 10 150 M M 0 17 60
6 71 55 63 6 2 0 0.20 0.0 0 4.5 10 300 M M 8 1 17 240
7 55 38 47 -10 18 0 0.02 0.0 0 8.8 18 280 M M 5 27 320
8 49 35 42 -14 23 0 0.00 0.0 0 7.4 18 280 M M 6 29 320
9 56 38 47 -9 18 0 0.44 0.0 0 6.2 21 260 M M 5 1 30 260
10 63 41 52 -4 13 0 0.00 0.0 0 6.2 20 250 M M 3 26 240
11 59 40 50 -5 15 0 0.00 0.0 0 4.7 12 290 M M 0 16 250
12 72 45 59 4 6 0 0.00 0.0 0 1.8 9 10 M M 3 12 10
13 74 49 62 7 3 0 0.00 0.0 0 3.9 12 200 M M 2 22 160
14 65 46 56 2 9 0 0.22 0.0 0 9.1 22 290 M M 9 1 35 280
15 49 41 45 -9 20 0 0.08 0.0 0 7.3 16 290 M M 10 1 27 300
16 43 38 41 -13 24 0 0.15 0.0 0 5.7 12 290 M M 10 1 16 350
17 47 41 44 -9 21 0 0.08 0.0 0 4.7 10 300 M M 10 1 16 310
18 60 38 49 -4 16 0 0.00 0.0 0 3.3 14 250 M M 4 18 240
19 62 44 53 0 12 0 0.00 0.0 0 5.4 16 240 M M 2 22 260
20 53 44 49 -3 16 0 0.41 0.0 0 9.1 22 250 M M 9 1 30 240
21 57 42 50 -2 15 0 0.01 0.0 0 12.6 20 250 M M 8 1 30 250
22 53 38 46 -6 19 0 0.00 0.0 0 7.6 17 290 M M 5 29 300
23 67 33 50 -1 15 0 0.00 0.0 0 3.0 8 160 M M 0 1 12 140
24 73 40 57 6 8 0 0.00 0.0 0 3.5 12 160 M M 0 19 170
25 74 50 62 11 3 0 0.00 0.0 0 3.4 12 170 M M 0 16 240
26 73 51 62 12 3 0 0.00 0.0 0 3.3 13 170 M M 0 21 170
27 69 53 61 11 4 0 0.00 0.0 0 5.3 14 250 M M 1 21 270
28 75 56 66 16 0 1 0.00 0.0 0 5.7 15 280 M M 4 21 270
29 72 60 66 17 0 1 T 0.0 0 7.3 16 240 M M 6 22 240
30 66 38 52 3 13 0 0.13 0.0 0 9.5 25 260 M M 7 1 35 270
31 42 32 37 -12 28 0 0.02 0.0 0 5.1 14 300 M M 9 1 24 320
================================================================================
SM 1972 1397 329 5 1.76 0.0 167.0 M 132
================================================================================
AV 63.6 45.1 5.4 FASTST M M 4 MAX(MPH)
MISC ----> 25 260 # 35 280
================================================================================
NOTES:
# LAST OF SEVERAL OCCURRENCES
COLUMN 17 PEAK WIND IN M.P.H.
PRELIMINARY LOCAL CLIMATOLOGICAL DATA (WS FORM: F-6) , PAGE 2
STATION: BLUEFIELD WV
MONTH: OCTOBER
YEAR: 2023
LATITUDE: 37 17 N
LONGITUDE: 81 12 W
[TEMPERATURE DATA] [PRECIPITATION DATA] SYMBOLS USED IN COLUMN 16
AVERAGE MONTHLY: 54.3 TOTAL FOR MONTH: 1.76 1 = FOG OR MIST
DPTR FM NORMAL: 0.6 DPTR FM NORMAL: -1.02 2 = FOG REDUCING VISIBILITY
HIGHEST: 76 ON 4, 3 GRTST 24HR 0.44 ON 9- 9 TO 1/4 MILE OR LESS
LOWEST: 32 ON 31 3 = THUNDER
SNOW, ICE PELLETS, HAIL 4 = ICE PELLETS
TOTAL MONTH: 0.0 INCH 5 = HAIL
GRTST 24HR 0.0 6 = FREEZING RAIN OR DRIZZLE
GRTST DEPTH: 0 7 = DUSTSTORM OR SANDSTORM:
VSBY 1/2 MILE OR LESS
8 = SMOKE OR HAZE
[NO. OF DAYS WITH] [WEATHER - DAYS WITH] 9 = BLOWING SNOW
X = TORNADO
MAX 32 OR BELOW: 0 0.01 INCH OR MORE: 11
MAX 90 OR ABOVE: 0 0.10 INCH OR MORE: 6
MIN 32 OR BELOW: 1 0.50 INCH OR MORE: 0
MIN 0 OR BELOW: 0 1.00 INCH OR MORE: 0
[HDD (BASE 65) ]
TOTAL THIS MO. 329 CLEAR (SCALE 0-3) 14
DPTR FM NORMAL -28 PTCLDY (SCALE 4-7) 10
TOTAL FM JUL 1 421 CLOUDY (SCALE 8-10) 7
DPTR FM NORMAL -57
[CDD (BASE 65) ]
TOTAL THIS MO. 5
DPTR FM NORMAL -2 [PRESSURE DATA]
TOTAL FM JAN 1 404 HIGHEST SLP 30.38 ON 25
DPTR FM NORMAL -132 LOWEST SLP 29.55 ON 14
[REMARKS]
#FINAL-10-23#