000
CXUS55 KPSR 011005
CF6BLH
PRELIMINARY LOCAL CLIMATOLOGICAL DATA (WS FORM: F-6)
STATION: BLYTHE CA
MONTH: OCTOBER
YEAR: 2023
LATITUDE: 33 37 N
LONGITUDE: 114 43 W
TEMPERATURE IN F: :PCPN: SNOW: WIND :SUNSHINE: SKY :PK WND
================================================================================
1 2 3 4 5 6A 6B 7 8 9 10 11 12 13 14 15 16 17 18
12Z AVG MX 2MIN
DY MAX MIN AVG DEP HDD CDD WTR SNW DPTH SPD SPD DIR MIN PSBL S-S WX SPD DR
================================================================================
1 83 60 72 -10 0 7 0.00 0.0 0 9.5 23 220 M M 2 31 210
2 84 59 72 -9 0 7 0.00 0.0 0 5.6 14 10 M M 1 18 10
3 89 61 75 -6 0 10 0.00 M M 5.8 14 360 M M 0 20 20
4 96 64 80 0 0 15 0.00 M M 6.4 16 350 M M 0 24 10
5 99 65 82 2 0 17 0.00 M M 5.2 14 10 M M 0 19 350
6 102 64 83 3 0 18 0.00 M M 3.8 13 360 M M 0 17 330
7 102 68 85 6 0 20 0.00 M M 3.8 9 340 M M 0 13 40
8 102 72 87 8 0 22 0.00 M M 2.8 12 30 M M 0 13 30
9 100 67 84 6 0 19 0.00 M M 4.6 13 190 M M 0 15 160
10 100 65 83 5 0 18 0.00 M M 8.2 24 220 M M 0 31 210
11 92 66 79 2 0 14 0.00 M M 5.7 17 280 M M 0 27 280
12 88 64 76 -1 0 11 0.00 M M 13.3 22 350 M M 0 8 30 340
13 89 58 74 -3 0 9 0.00 0.0 M 3.5 13 20 M M 0 24 30
14 91 56 74 -2 0 9 0.00 0.0 M 4.2 10 340 M M 0 11 340
15 96 62 79 3 0 14 0.00 0.0 M 4.8 10 30 M M 0 14 360
16 101 60 81 6 0 16 0.00 M M 4.5 12 240 M M 0 14 240
17 101 63 82 7 0 17 0.00 M M 3.6 10 240 M M 0 12 250
18 100 62 81 6 0 16 0.00 M M 3.8 10 350 M M 0 12 340
19 103 63 83 9 0 18 0.00 M M 3.8 9 30 M M 0 12 20
20 102 65 84 10 0 19 0.00 M M 2.3 9 130 M M 0 11 140
21 102 65 84 11 0 19 0.00 M M 4.3 13 250 M M 0 17 270
22 97 65 81 8 0 16 0.00 M M 9.1 22 240 M M 0 31 210
23 84 M M M M M 0.00 M M 2.5 10 120 M M 0 14 120
24 86 57 72 0 0 7 0.00 M M 2.7 13 250 M M 0 15 250
25 87 57 72 0 0 7 0.00 M M 9.2 22 170 M M 0 29 180
26 85 64 75 3 0 10 0.00 M M 5.3 14 190 M M 1 20 190
27 88 60 74 3 0 9 0.00 M M 7.2 17 200 M M 0 26 180
28 84 61 73 2 0 8 0.00 M M 6.9 20 350 M M 0 26 350
29 72 60 66 -4 0 1 0.00 M M 19.6 31 340 M M 1 8 44 320
30 77 54 66 -4 0 1 0.00 M M 12.5 22 340 M M 0 28 340
31 82 46 64 -6 1 0 0.00 M M 5.8 15 350 M M 0 20 360
================================================================================
SM 2864 1853 1 374 0.00 0.0 190.3 M 5
================================================================================
AV 92.4 61.8 6.1 FASTST M M 0 MAX(MPH)
MISC ----> 31 340 44 320
================================================================================
NOTES:
# LAST OF SEVERAL OCCURRENCES
COLUMN 17 PEAK WIND IN M.P.H.
PRELIMINARY LOCAL CLIMATOLOGICAL DATA (WS FORM: F-6) , PAGE 2
STATION: BLYTHE CA
MONTH: OCTOBER
YEAR: 2023
LATITUDE: 33 37 N
LONGITUDE: 114 43 W
[TEMPERATURE DATA] [PRECIPITATION DATA] SYMBOLS USED IN COLUMN 16
AVERAGE MONTHLY: 77.1 TOTAL FOR MONTH: 0.00 1 = FOG OR MIST
DPTR FM NORMAL: 1.7 DPTR FM NORMAL: -0.16 2 = FOG REDUCING VISIBILITY
HIGHEST: 103 ON 19 GRTST 24HR T ON 1- 1 TO 1/4 MILE OR LESS
LOWEST: 46 ON 31 3 = THUNDER
SNOW, ICE PELLETS, HAIL 4 = ICE PELLETS
TOTAL MONTH: 0.0 INCH 5 = HAIL
GRTST 24HR 0.0 6 = FREEZING RAIN OR DRIZZLE
GRTST DEPTH: 0 7 = DUSTSTORM OR SANDSTORM:
VSBY 1/2 MILE OR LESS
8 = SMOKE OR HAZE
[NO. OF DAYS WITH] [WEATHER - DAYS WITH] 9 = BLOWING SNOW
X = TORNADO
MAX 32 OR BELOW: 0 0.01 INCH OR MORE: 0
MAX 90 OR ABOVE: 17 0.10 INCH OR MORE: 0
MIN 32 OR BELOW: 0 0.50 INCH OR MORE: 0
MIN 0 OR BELOW: 0 1.00 INCH OR MORE: 0
[HDD (BASE 65) ]
TOTAL THIS MO. 1 CLEAR (SCALE 0-3) 31
DPTR FM NORMAL -6 PTCLDY (SCALE 4-7) 0
TOTAL FM JUL 1 1 CLOUDY (SCALE 8-10) 0
DPTR FM NORMAL -3
[CDD (BASE 65) ]
TOTAL THIS MO. 374
DPTR FM NORMAL 43 [PRESSURE DATA]
TOTAL FM JAN 1 4300 HIGHEST SLP M ON M
DPTR FM NORMAL -107 LOWEST SLP 29.43 ON 11
[REMARKS]
#FINAL-10-23#