000
CXUS53 KILX 011000
CF6BMI
PRELIMINARY LOCAL CLIMATOLOGICAL DATA (WS FORM: F-6)
STATION: BLOOMINGTON IL AIRPORT
MONTH: DECEMBER
YEAR: 2022
LATITUDE: 40 28 N
LONGITUDE: 88 56 W
TEMPERATURE IN F: :PCPN: SNOW: WIND :SUNSHINE: SKY :PK WND
================================================================================
1 2 3 4 5 6A 6B 7 8 9 10 11 12 13 14 15 16 17 18
12Z AVG MX 2MIN
DY MAX MIN AVG DEP HDD CDD WTR SNW DPTH SPD SPD DIR MIN PSBL S-S WX SPD DR
================================================================================
1 35 16 26 M 39 0 0.00 M M 12.1 22 170 M M 3 28 170
2 52 35 44 M 21 0 T M M 24.0 36 200 M M 10 48 190
3 52 17 35 M 30 0 T M M 16.6 33 290 M M 1 40 280
4 40 17 29 M 36 0 0.00 M M 10.5 16 200 M M 0 M M
5 41 23 32 M 33 0 0.00 M M 9.1 16 180 M M 6 1 M M
6 41 35 38 M 27 0 T M M 4.6 9 20 M M 10 12 M M
7 49 36 43 M 22 0 0.00 M M 5.9 13 340 M M 7 128 M M
8 46 34 40 M 25 0 0.00 M M 12.1 20 60 M M 8 18 M M
9 46 39 43 M 22 0 0.27 M M 11.8 22 110 M M 10 12 28 110
10 41 37 39 M 26 0 T M M 6.3 12 70 M M 10 12 M M
11 39 32 36 M 29 0 0.00 M M 7.4 10 40 M M 10 M M
12 38 31 35 M 30 0 0.00 M M 8.6 14 100 M M 8 M M
13 40 31 36 M 29 0 0.26 M M 18.7 29 110 M M 5 1 36 110
14 52 34 43 M 22 0 1.54 M M 15.5 29 270 M M 10 12 39 270
15 35 30 33 M 32 0 0.01 M M 14.3 18 240 M M 10 1 27 240
16 31 26 29 M 36 0 T M M 16.3 23 250 M M 10 31 240
17 26 19 23 M 42 0 T M M 16.2 20 260 M M 10 27 260
18 27 12 20 M 45 0 T M M 12.2 22 280 M M 2 28 280
19 30 13 22 M 43 0 0.00 M M 6.2 9 170 M M 4 M M
20 37 22 30 M 35 0 0.00 M M 6.6 15 340 M M 9 1 M M
21 32 17 25 M 40 0 0.00 M M 8.0 12 10 M M 9 1 M M
22 32 -11 11 M 54 0 M M M 17.5 30 300 M M 10 18 44 290
23 -1 -11 -6 M 71 0 T M M 26.3 32 280 M M 10 189 46 270
24 15 -2 7 M 58 0 T M M 23.0 31 280 M M 3 89 39 270
25 19 1 10 M 55 0 T M M 16.3 23 270 M M 2 32 270
26 23 8 16 M 49 0 T M M 8.5 13 360 M M 9 1 M M
27 26 3 15 M 50 0 0.00 M M 14.7 25 180 M M 0 32 180
28 47 24 36 M 29 0 0.00 M M 25.9 33 180 M M 0 44 190
29 59 45 52 M 13 0 0.00 M M 25.3 30 200 M M 7 41 190
30 58 28 43 M 22 0 T M M 8.5 23 200 M M 9 32 200
31 43 26 35 M 30 0 T M M 6.8 23 200 M M 3 1 30 200
================================================================================
SM 1151 667 1095 0 2.08 M 415.8 M 205
================================================================================
AV 37.1 21.5 13.4 FASTST M M 7 MAX(MPH)
MISC ----> 36 200 48 190
================================================================================
NOTES:
# LAST OF SEVERAL OCCURRENCES
COLUMN 17 PEAK WIND IN M.P.H.
PRELIMINARY LOCAL CLIMATOLOGICAL DATA (WS FORM: F-6) , PAGE 2
STATION: BLOOMINGTON IL AIRPORT
MONTH: DECEMBER
YEAR: 2022
LATITUDE: 40 28 N
LONGITUDE: 88 56 W
[TEMPERATURE DATA] [PRECIPITATION DATA] SYMBOLS USED IN COLUMN 16
AVERAGE MONTHLY: 29.3 TOTAL FOR MONTH: 2.08 1 = FOG OR MIST
DPTR FM NORMAL: 0.0 DPTR FM NORMAL: M 2 = FOG REDUCING VISIBILITY
HIGHEST: 59 ON 29 GRTST 24HR 1.54 ON 14-14 TO 1/4 MILE OR LESS
LOWEST: -11 ON 23,22 3 = THUNDER
SNOW, ICE PELLETS, HAIL 4 = ICE PELLETS
TOTAL MONTH: M 5 = HAIL
GRTST 24HR M ON M 6 = FREEZING RAIN OR DRIZZLE
GRTST DEPTH: M ON M 7 = DUSTSTORM OR SANDSTORM:
VSBY 1/2 MILE OR LESS
8 = SMOKE OR HAZE
[NO. OF DAYS WITH] [WEATHER - DAYS WITH] 9 = BLOWING SNOW
X = TORNADO
MAX 32 OR BELOW: 11 0.01 INCH OR MORE: 4
MAX 90 OR ABOVE: 0 0.10 INCH OR MORE: 3
MIN 32 OR BELOW: 23 0.50 INCH OR MORE: 1
MIN 0 OR BELOW: 3 1.00 INCH OR MORE: 1
[HDD (BASE 65) ]
TOTAL THIS MO. 1095 CLEAR (SCALE 0-3) 9
DPTR FM NORMAL M PTCLDY (SCALE 4-7) 7
TOTAL FM JUL 1 2263 CLOUDY (SCALE 8-10) 15
DPTR FM NORMAL M
[CDD (BASE 65) ]
TOTAL THIS MO. 0
DPTR FM NORMAL M [PRESSURE DATA]
TOTAL FM JAN 1 1093 HIGHEST SLP M ON M
DPTR FM NORMAL M LOWEST SLP M ON M
[REMARKS]
#FINAL-12-22#