000
CXUS54 KEWX 011010
CF6BMQ
PRELIMINARY LOCAL CLIMATOLOGICAL DATA (WS FORM: F-6)
STATION: BURNET
MONTH: JUNE
YEAR: 2023
LATITUDE: 30 43 N
LONGITUDE: 98 14 W
TEMPERATURE IN F: :PCPN: SNOW: WIND :SUNSHINE: SKY :PK WND
================================================================================
1 2 3 4 5 6A 6B 7 8 9 10 11 12 13 14 15 16 17 18
12Z AVG MX 2MIN
DY MAX MIN AVG DEP HDD CDD WTR SNW DPTH SPD SPD DIR MIN PSBL S-S WX SPD DR
================================================================================
1 89 71 80 1 0 15 0.00 M M 7.7 17 140 M M 4 27 180
2 89 70 80 1 0 15 0.00 M M 6.7 15 170 M M 3 26 140
3 90 68 79 0 0 14 0.04 M M 5.3 21 130 M M 2 3 32 150
4 79 67 73 -7 0 8 0.01 M M 5.5 21 50 M M 4 3 31 40
5 86 67 77 -3 0 12 T M M 5.2 17 40 M M 3 3 28 10
6 86 66 76 -4 0 11 0.02 M M 3.5 13 40 M M 2 3 17 60
7 89 68 79 -1 0 14 T M M 2.2 10 70 M M 2 3 15 80
8 89 70 80 0 0 15 T M M 4.3 15 330 M M 1 20 180
9 99 69 84 4 0 19 0.00 M M 2.8 10 280 M M 0 17 120
10 96 68 82 1 0 17 0.16 M M 10.5 21 280 M M 1 13 33 270
11 98 74 86 5 0 21 0.00 M M 7.9 17 220 M M 3 28 130
12 97 75 86 5 0 21 0.00 M M 7.4 16 190 M M 2 18 26 180
13 89 76 83 2 0 18 0.00 M M 7.4 18 190 M M 6 18 26 190
14 95 78 87 6 0 22 0.00 M M 6.1 14 200 M M 5 18 21 210
15 98 79 89 8 0 24 0.01 M M 7.6 16 150 M M 4 138 25 150
16 101 71 86 5 0 21 0.12 M M 8.5 33 190 M M 1 138 56 200
17 98 76 87 5 0 22 T M M 5.9 21 180 M M 1 38 36 180
18 105 78 92 10 0 27 0.00 M M 6.5 14 200 M M 1 22 160
19 103 78 91 9 0 26 0.00 M M 7.3 20 190 M M 1 18 24 190
20 107 77 92 10 0 27 0.00 M M 6.5 14 190 M M 1 18 23 190
21 106 74 90 8 0 25 T M M 7.4 29 190 M M 2 138 42 190
22 96 72 84 2 0 19 0.01 M M 7.5 23 340 M M 1 3 35 340
23 98 75 87 5 0 22 0.00 M M 7.4 16 180 M M 0 13 29 130
24 101 77 89 7 0 24 0.00 M M 11.1 22 180 M M 1 37 180
25 100 77 89 7 0 24 0.00 M M 10.4 21 190 M M 0 30 190
26 103 78 91 9 0 26 0.00 M M 9.3 18 190 M M 0 27 170
27 104 75 90 8 0 25 0.00 M M 7.4 18 200 M M 0 25 190
28 102 73 88 6 0 23 0.00 M M 8.1 15 130 M M 0 24 150
29 99 77 88 5 0 23 0.00 M M 9.6 16 190 M M 0 25 160
30 97 75 86 3 0 21 0.00 M M 9.7 20 190 M M 1 30 150
================================================================================
SM 2889 2199 0 601 0.37 M 212.7 M 52
================================================================================
AV 96.3 73.3 7.1 FASTST M M 2 MAX(MPH)
MISC ----> 33 190 56 200
================================================================================
NOTES:
# LAST OF SEVERAL OCCURRENCES
COLUMN 17 PEAK WIND IN M.P.H.
PRELIMINARY LOCAL CLIMATOLOGICAL DATA (WS FORM: F-6) , PAGE 2
STATION: BURNET
MONTH: JUNE
YEAR: 2023
LATITUDE: 30 43 N
LONGITUDE: 98 14 W
[TEMPERATURE DATA] [PRECIPITATION DATA] SYMBOLS USED IN COLUMN 16
AVERAGE MONTHLY: 84.8 TOTAL FOR MONTH: 0.37 1 = FOG OR MIST
DPTR FM NORMAL: 3.6 DPTR FM NORMAL: -2.48 2 = FOG REDUCING VISIBILITY
HIGHEST: 107 ON 20 GRTST 24HR 0.16 ON 10-10 TO 1/4 MILE OR LESS
LOWEST: 66 ON 6 3 = THUNDER
SNOW, ICE PELLETS, HAIL 4 = ICE PELLETS
TOTAL MONTH: M 5 = HAIL
GRTST 24HR M ON M 6 = FREEZING RAIN OR DRIZZLE
GRTST DEPTH: M ON M 7 = DUSTSTORM OR SANDSTORM:
VSBY 1/2 MILE OR LESS
8 = SMOKE OR HAZE
[NO. OF DAYS WITH] [WEATHER - DAYS WITH] 9 = BLOWING SNOW
X = TORNADO
MAX 32 OR BELOW: 0 0.01 INCH OR MORE: 7
MAX 90 OR ABOVE: 22 0.10 INCH OR MORE: 2
MIN 32 OR BELOW: 0 0.50 INCH OR MORE: 0
MIN 0 OR BELOW: 0 1.00 INCH OR MORE: 0
[HDD (BASE 65) ]
TOTAL THIS MO. 0 CLEAR (SCALE 0-3) 24
DPTR FM NORMAL 0 PTCLDY (SCALE 4-7) 6
TOTAL FM JUL 1 1644 CLOUDY (SCALE 8-10) 0
DPTR FM NORMAL -203
[CDD (BASE 65) ]
TOTAL THIS MO. 601
DPTR FM NORMAL 117 [PRESSURE DATA]
TOTAL FM JAN 1 1114 HIGHEST SLP 29.99 ON 30
DPTR FM NORMAL 140 LOWEST SLP 29.63 ON 21
[REMARKS]
#FINAL-06-23#