000
CXUS54 KEWX 011010
CF6BMQ
PRELIMINARY LOCAL CLIMATOLOGICAL DATA (WS FORM: F-6)
STATION: BURNET
MONTH: MARCH
YEAR: 2022
LATITUDE: 30 43 N
LONGITUDE: 98 14 W
TEMPERATURE IN F: :PCPN: SNOW: WIND :SUNSHINE: SKY :PK WND
================================================================================
1 2 3 4 5 6A 6B 7 8 9 10 11 12 13 14 15 16 17 18
12Z AVG MX 2MIN
DY MAX MIN AVG DEP HDD CDD WTR SNW DPTH SPD SPD DIR MIN PSBL S-S WX SPD DR
================================================================================
1 72 36 54 -2 11 0 0.00 M M 2.6 10 200 M M 0 14 180
2 72 41 57 1 8 0 0.00 M M 2.1 10 190 M M 0 16 200
3 78 45 62 6 3 0 0.00 M M 3.7 12 140 M M 0 18 160
4 77 59 68 11 0 3 0.00 M M 8.8 20 180 M M 6 30 140
5 78 63 71 14 0 6 0.00 M M 11.5 23 180 M M 8 35 180
6 80 47 64 7 1 0 0.00 M M 11.4 23 340 M M 8 34 160
7 56 40 48 -10 17 0 0.01 M M 11.3 21 340 M M 7 32 350
8 54 38 46 -12 19 0 T M M 8.2 16 10 M M 6 24 10
9 61 35 48 -10 17 0 0.00 M M 4.8 13 30 M M 0 18 17 30
10 72 36 54 -4 11 0 0.00 M M 4.2 13 120 M M 0 19 170
11 58 33 46 -13 19 0 T M M 13.9 26 340 M M 6 38 350
12 58 25 42 -17 23 0 0.00 M M 4.8 20 350 M M 0 35 360
13 64 30 47 -12 18 0 0.00 M M 8.4 21 190 M M 1 33 180
14 82 50 66 6 0 1 T M M 13.2 25 200 M M 4 37 210
15 75 49 62 2 3 0 0.00 M M 9.8 24 320 M M 0 38 320
16 82 42 62 2 3 0 0.00 M M 6.1 16 190 M M 0 25 180
17 75 54 65 5 0 0 0.00 M M 10.4 28 190 M M 3 42 190
18 71 46 59 -2 6 0 0.00 M M 13.1 25 320 M M 0 37 300
19 78 39 59 -2 6 0 0.00 M M 3.4 10 180 M M 0 15 70
20 78 45 62 1 3 0 0.00 M M 10.4 22 130 M M 1 34 140
21 79 58 69 7 0 4 0.08 M M 9.7 22 170 M M 7 13 39 180
22 62 45 54 -8 11 0 0.00 M M 14.1 28 330 M M 1 40 310
23 67 36 52 -10 13 0 0.00 M M 8.5 22 290 M M 0 33 290
24 75 42 59 -3 6 0 0.00 M M 9.3 26 310 M M 1 39 330
25 85 41 63 0 2 0 0.00 M M 2.3 12 110 M M 0 18 110
26 91 49 70 7 0 5 0.00 M M 8.4 20 230 M M 0 33 230
27 80 55 68 5 0 3 0.00 M M 8.7 20 210 M M 0 30 210
28 85 67 76 12 0 11 0.00 M M 12.7 21 190 M M 1 34 180
29 78 65 72 8 0 7 0.00 M M 15.9 25 170 M M 5 8 48 150
30 73 52 63 -1 2 0 0.20 M M 12.7 29 290 M M 3 1 45 190
31 76 44 60 -4 5 0 0.00 M M 3.3 15 270 M M 1 23 290
================================================================================
SM 2272 1407 207 40 0.29 M 267.7 M 69
================================================================================
AV 73.3 45.4 8.6 FASTST M M 2 MAX(MPH)
MISC ----> 29 290 48 150
================================================================================
NOTES:
# LAST OF SEVERAL OCCURRENCES
COLUMN 17 PEAK WIND IN M.P.H.
PRELIMINARY LOCAL CLIMATOLOGICAL DATA (WS FORM: F-6) , PAGE 2
STATION: BURNET
MONTH: MARCH
YEAR: 2022
LATITUDE: 30 43 N
LONGITUDE: 98 14 W
[TEMPERATURE DATA] [PRECIPITATION DATA] SYMBOLS USED IN COLUMN 16
AVERAGE MONTHLY: 59.3 TOTAL FOR MONTH: 0.29 1 = FOG OR MIST
DPTR FM NORMAL: -0.9 DPTR FM NORMAL: -2.37 2 = FOG REDUCING VISIBILITY
HIGHEST: 91 ON 26 GRTST 24HR 0.20 ON 30-30 TO 1/4 MILE OR LESS
LOWEST: 25 ON 12 3 = THUNDER
SNOW, ICE PELLETS, HAIL 4 = ICE PELLETS
TOTAL MONTH: M 5 = HAIL
GRTST 24HR M ON M 6 = FREEZING RAIN OR DRIZZLE
GRTST DEPTH: M ON M 7 = DUSTSTORM OR SANDSTORM:
VSBY 1/2 MILE OR LESS
8 = SMOKE OR HAZE
[NO. OF DAYS WITH] [WEATHER - DAYS WITH] 9 = BLOWING SNOW
X = TORNADO
MAX 32 OR BELOW: 0 0.01 INCH OR MORE: 3
MAX 90 OR ABOVE: 1 0.10 INCH OR MORE: 1
MIN 32 OR BELOW: 2 0.50 INCH OR MORE: 0
MIN 0 OR BELOW: 0 1.00 INCH OR MORE: 0
[HDD (BASE 65) ]
TOTAL THIS MO. 207 CLEAR (SCALE 0-3) 21
DPTR FM NORMAL 14 PTCLDY (SCALE 4-7) 8
TOTAL FM JUL 1 1598 CLOUDY (SCALE 8-10) 2
DPTR FM NORMAL -185
[CDD (BASE 65) ]
TOTAL THIS MO. 40
DPTR FM NORMAL -4 [PRESSURE DATA]
TOTAL FM JAN 1 49 HIGHEST SLP 30.57 ON 12
DPTR FM NORMAL -9 LOWEST SLP 29.48 ON 30
[REMARKS]
#FINAL-03-22#