000
CXUS54 KEWX 132133
CF6BMQ
PRELIMINARY LOCAL CLIMATOLOGICAL DATA (WS FORM: F-6)
STATION: BURNET
MONTH: DECEMBER
YEAR: 2020
LATITUDE: 30 43 N
LONGITUDE: 98 14 W
TEMPERATURE IN F: :PCPN: SNOW: WIND :SUNSHINE: SKY :PK WND
================================================================================
1 2 3 4 5 6A 6B 7 8 9 10 11 12 13 14 15 16 17 18
12Z AVG MX 2MIN
DY MAX MIN AVG DEP HDD CDD WTR SNW DPTH SPD SPD DIR MIN PSBL S-S WX SPD DR
================================================================================
1 59 26 43 -8 22 0 0.00 M M 5.8 20 180 M M 0 8 31 170
2 M M M M M M 0.00 M M 3.3 9 310 M M 2 M M
3 52 34 43 -8 22 0 0.00 M M 8.1 18 320 M M 4 26 330
4 57 30 44 -7 21 0 0.00 M M 3.0 10 320 M M 0 16 360
5 52 32 42 -8 23 0 0.06 M M 1.6 7 200 M M 6 1 12 170
6 64 35 50 0 15 0 0.00 M M 6.8 17 330 M M 0 27 340
7 70 37 54 4 11 0 0.00 M M 3.8 14 330 M M 0 20 360
8 76 36 56 6 9 0 0.00 0.0 0 3.2 9 280 M M 0 15 290
9 78 38 58 8 7 0 0.00 0.0 0 2.7 10 200 M M 0 16 270
10 76 39 58 9 7 0 0.00 M M 6.2 18 180 M M 0 28 170
11 67 52 60 11 5 0 0.11 M M 3.8 17 180 M M 5 1 28 180
12 60 43 52 3 13 0 0.00 M M 7.2 15 40 M M 0 22 10
13 65 39 52 3 13 0 0.04 M M 11.8 31 340 M M 8 12 44 340
14 50 30 40 -9 25 0 0.00 M M 6.4 20 340 M M 1 29 340
15 59 37 48 -1 17 0 0.00 M M 6.5 24 320 M M 6 1 35 320
16 55 32 44 -4 21 0 0.00 M M 8.1 20 320 M M 0 33 310
17 62 27 45 -3 20 0 0.00 M M 3.3 12 200 M M 0 17 180
18 62 37 50 2 15 0 0.00 M M 6.1 18 180 M M 5 32 170
19 65 44 55 7 10 0 0.29 M M 6.7 18 330 M M 6 1 27 340
20 67 34 51 3 14 0 0.00 M M 3.6 16 300 M M 0 24 310
21 71 34 53 5 12 0 0.00 M M 2.0 10 180 M M 0 15 180
22 69 39 54 6 11 0 0.00 M M 7.0 17 180 M M 3 34 190
23 78 42 60 12 5 0 0.00 M M 12.5 29 350 M M 5 45 350
24 M 33 M M M M 0.00 M M 10.7 25 340 M M 0 40 340
25 M 41 M M M M 0.00 M M 4.0 14 280 M M 0 23 270
26 67 37 52 4 13 0 0.00 M M 6.7 23 210 M M 0 37 200
27 76 46 61 13 4 0 0.00 M M 5.7 17 200 M M 0 25 190
28 63 50 57 9 8 0 0.02 M M 6.2 16 130 M M 9 18 24 150
29 M 60 M M M M T M M 10.5 18 170 M M 10 18 33 170
30 65 40 53 5 12 0 0.26 M M 12.5 25 20 M M 10 1 39 30
31 40 33 37 -11 28 0 1.55 M M 10.9 20 360 M M 10 13 34 10
================================================================================
SM 1725 1137 383 0 2.33 0.0 196.7 M 90
================================================================================
AV 63.9 37.9 6.3 FASTST M M 3 MAX(MPH)
MISC ----> 31 340 45 350
================================================================================
NOTES:
# LAST OF SEVERAL OCCURRENCES
COLUMN 17 PEAK WIND IN M.P.H.
PRELIMINARY LOCAL CLIMATOLOGICAL DATA (WS FORM: F-6) , PAGE 2
STATION: BURNET
MONTH: DECEMBER
YEAR: 2020
LATITUDE: 30 43 N
LONGITUDE: 98 14 W
[TEMPERATURE DATA] [PRECIPITATION DATA] SYMBOLS USED IN COLUMN 16
AVERAGE MONTHLY: 50.9 TOTAL FOR MONTH: 2.33 1 = FOG OR MIST
DPTR FM NORMAL: 2.1 DPTR FM NORMAL: 0.32 2 = FOG REDUCING VISIBILITY
HIGHEST: 78 ON 23, 9 GRTST 24HR 1.58 ON 30-31 TO 1/4 MILE OR LESS
LOWEST: 26 ON 1 3 = THUNDER
SNOW, ICE PELLETS, HAIL 4 = ICE PELLETS
TOTAL MONTH: 0.0 INCH 5 = HAIL
GRTST 24HR 0.0 6 = FREEZING RAIN OR DRIZZLE
GRTST DEPTH: 0 7 = DUSTSTORM OR SANDSTORM:
VSBY 1/2 MILE OR LESS
8 = SMOKE OR HAZE
[NO. OF DAYS WITH] [WEATHER - DAYS WITH] 9 = BLOWING SNOW
X = TORNADO
MAX 32 OR BELOW: 0 0.01 INCH OR MORE: 7
MAX 90 OR ABOVE: 0 0.10 INCH OR MORE: 4
MIN 32 OR BELOW: 6 0.50 INCH OR MORE: 1
MIN 0 OR BELOW: 0 1.00 INCH OR MORE: 1
[HDD (BASE 65) ]
TOTAL THIS MO. 383 CLEAR (SCALE 0-3) 18
DPTR FM NORMAL -121 PTCLDY (SCALE 4-7) 9
TOTAL FM JUL 1 599 CLOUDY (SCALE 8-10) 4
DPTR FM NORMAL -226
[CDD (BASE 65) ]
TOTAL THIS MO. 0
DPTR FM NORMAL -4 [PRESSURE DATA]
TOTAL FM JAN 1 2847 HIGHEST SLP 30.45 ON 24
DPTR FM NORMAL 258 LOWEST SLP 29.67 ON 31
[REMARKS]
#FINAL-12-20#