000
CXUS54 KEWX 011010
CF6BMQ
PRELIMINARY LOCAL CLIMATOLOGICAL DATA (WS FORM: F-6)
STATION: BURNET
MONTH: APRIL
YEAR: 2020
LATITUDE: 30 43 N
LONGITUDE: 98 14 W
TEMPERATURE IN F: :PCPN: SNOW: WIND :SUNSHINE: SKY :PK WND
================================================================================
1 2 3 4 5 6A 6B 7 8 9 10 11 12 13 14 15 16 17 18
12Z AVG MX 2MIN
DY MAX MIN AVG DEP HDD CDD WTR SNW DPTH SPD SPD DIR MIN PSBL S-S WX SPD DR
================================================================================
1 75 51 63 0 2 0 0.00 M M 7.2 15 140 M M 0 28 180
2 66 59 63 0 2 0 0.13 M M 7.0 15 180 M M 9 13 24 190
3 76 43 60 -3 5 0 0.47 M M 8.4 23 10 M M 10 13 35 350
4 54 42 48 -16 17 0 0.45 M M 6.2 13 310 M M 10 13 19 40
5 62 46 54 -10 11 0 0.00 M M 5.1 12 20 M M 10 1 14 20
6 72 59 66 2 0 1 T M M 3.5 12 120 M M 8 1 17 130
7 88 65 77 13 0 12 0.00 M M 6.8 15 190 M M 3 1 25 200
8 91 69 80 16 0 15 0.00 M M 4.4 14 300 M M 1 1 20 260
9 87 63 75 10 0 10 0.29 M M 4.6 32 350 M M 2 13 51 290
10 71 56 64 -1 1 0 0.00 M M 8.7 15 50 M M 1 22 80
11 74 59 67 2 0 2 0.00 M M 7.1 13 150 M M 9 1 24 180
12 80 51 66 1 0 1 0.93 M M 11.6 29 270 M M 3 13 43 280
13 62 39 51 -15 14 0 0.00 M M 10.1 20 10 M M 0 32 360
14 60 41 51 -15 14 0 0.00 M M 9.3 16 30 M M 4 25 40
15 67 38 53 -13 12 0 0.00 M M 4.6 12 10 M M 0 18 360
16 74 47 61 -5 4 0 0.00 M M 8.0 18 180 M M 0 32 200
17 68 50 59 -8 6 0 T M M 7.4 15 330 M M 9 18 22 20
18 61 50 56 -11 9 0 T M M 5.6 13 20 M M 10 1 19 10
19 87 57 72 5 0 7 0.01 M M 7.0 24 310 M M 5 12 38 290
20 86 61 74 7 0 9 0.00 M M 5.1 14 30 M M 3 1 22 30
21 84 58 71 3 0 6 0.00 M M 7.3 16 140 M M 2 1 27 150
22 83 60 72 4 0 7 0.01 M M 6.1 16 230 M M 5 1 23 230
23 86 56 71 3 0 6 0.00 M M 4.4 14 330 M M 0 20 330
24 94 57 76 8 0 11 0.00 M M 10.7 22 230 M M 0 35 330
25 77 54 66 -3 0 1 0.00 M M 8.6 23 20 M M 2 37 30
26 83 49 66 -3 0 1 0.00 M M 4.8 14 140 M M 0 22 160
27 85 61 73 4 0 8 0.00 M M 10.8 24 190 M M 0 35 190
28 90 67 79 10 0 14 0.00 M M 9.5 21 180 M M 3 34 200
29 82 61 72 2 0 7 0.77 M M 10.0 26 50 M M 3 13 43 30
30 84 50 67 -3 0 2 0.00 M M 3.6 8 190 M M 0 14 240
================================================================================
SM 2309 1619 97 120 3.06 M 213.5 M 112
================================================================================
AV 77.0 54.0 7.1 FASTST M M 4 MAX(MPH)
MISC ----> # 32 350 # 51 290
================================================================================
NOTES:
# LAST OF SEVERAL OCCURRENCES
COLUMN 17 PEAK WIND IN M.P.H.
PRELIMINARY LOCAL CLIMATOLOGICAL DATA (WS FORM: F-6) , PAGE 2
STATION: BURNET
MONTH: APRIL
YEAR: 2020
LATITUDE: 30 43 N
LONGITUDE: 98 14 W
[TEMPERATURE DATA] [PRECIPITATION DATA] SYMBOLS USED IN COLUMN 16
AVERAGE MONTHLY: 65.5 TOTAL FOR MONTH: 3.06 1 = FOG OR MIST
DPTR FM NORMAL: -0.8 DPTR FM NORMAL: 0.91 2 = FOG REDUCING VISIBILITY
HIGHEST: 94 ON 24 GRTST 24HR 0.93 ON 12-12 TO 1/4 MILE OR LESS
LOWEST: 38 ON 15 3 = THUNDER
SNOW, ICE PELLETS, HAIL 4 = ICE PELLETS
TOTAL MONTH: M 5 = HAIL
GRTST 24HR M ON M 6 = FREEZING RAIN OR DRIZZLE
GRTST DEPTH: M ON M 7 = DUSTSTORM OR SANDSTORM:
VSBY 1/2 MILE OR LESS
8 = SMOKE OR HAZE
[NO. OF DAYS WITH] [WEATHER - DAYS WITH] 9 = BLOWING SNOW
X = TORNADO
MAX 32 OR BELOW: 0 0.01 INCH OR MORE: 8
MAX 90 OR ABOVE: 3 0.10 INCH OR MORE: 6
MIN 32 OR BELOW: 0 0.50 INCH OR MORE: 2
MIN 0 OR BELOW: 0 1.00 INCH OR MORE: 0
[HDD (BASE 65) ]
TOTAL THIS MO. 97 CLEAR (SCALE 0-3) 18
DPTR FM NORMAL 27 PTCLDY (SCALE 4-7) 4
TOTAL FM JUL 1 1661 CLOUDY (SCALE 8-10) 8
DPTR FM NORMAL -355
[CDD (BASE 65) ]
TOTAL THIS MO. 120
DPTR FM NORMAL 11 [PRESSURE DATA]
TOTAL FM JAN 1 217 HIGHEST SLP 30.27 ON 14
DPTR FM NORMAL 68 LOWEST SLP 29.45 ON 12
[REMARKS]
#FINAL-04-20#