000
CXUS54 KEWX 011010
CF6BMQ
PRELIMINARY LOCAL CLIMATOLOGICAL DATA (WS FORM: F-6)
STATION: BURNET
MONTH: JULY
YEAR: 2023
LATITUDE: 30 43 N
LONGITUDE: 98 14 W
TEMPERATURE IN F: :PCPN: SNOW: WIND :SUNSHINE: SKY :PK WND
================================================================================
1 2 3 4 5 6A 6B 7 8 9 10 11 12 13 14 15 16 17 18
12Z AVG MX 2MIN
DY MAX MIN AVG DEP HDD CDD WTR SNW DPTH SPD SPD DIR MIN PSBL S-S WX SPD DR
================================================================================
1 96 73 85 2 0 20 T M M 8.3 22 30 M M 3 33 20
2 95 74 85 2 0 20 T M M 3.8 10 190 M M 1 18 180
3 95 78 87 4 0 22 0.00 M M 4.1 14 200 M M 0 8 19 200
4 94 78 86 3 0 21 0.00 M M 6.5 14 200 M M 0 20 130
5 96 78 87 4 0 22 0.00 M M 7.9 16 190 M M 2 3 25 170
6 93 75 84 1 0 19 T M M 6.9 17 140 M M 3 29 170
7 93 73 83 0 0 18 T M M 8.1 15 180 M M 4 26 170
8 99 74 87 4 0 22 0.00 M M 6.1 15 200 M M 2 24 200
9 102 77 90 6 0 25 0.00 M M 7.9 14 200 M M 1 23 170
10 104 78 91 7 0 26 0.00 M M 7.9 15 180 M M 0 26 170
11 105 79 92 8 0 27 0.00 M M 8.5 16 200 M M 0 8 27 160
12 106 78 92 8 0 27 0.00 M M 11.0 20 200 M M 0 28 180
13 105 77 91 7 0 26 0.00 M M 10.4 17 190 M M 1 27 200
14 104 77 91 7 0 26 0.00 M M 9.4 18 160 M M 1 27 180
15 105 77 91 7 0 26 0.00 M M 8.0 17 200 M M 1 25 80
16 104 77 91 7 0 26 0.00 M M 6.3 15 200 M M 0 25 230
17 106 77 92 8 0 27 0.00 M M 7.3 16 230 M M 0 22 230
18 106 77 92 8 0 27 0.00 M M 8.2 14 180 M M 0 8 24 190
19 104 78 91 7 0 26 0.00 M M 9.0 16 190 M M 0 28 160
20 103 77 90 6 0 25 0.00 M M 8.5 15 180 M M 0 26 150
21 103 75 89 4 0 24 0.00 M M 5.8 14 130 M M 0 22 180
22 102 77 90 5 0 25 0.00 M M 5.6 14 70 M M 2 21 290
23 103 78 91 6 0 26 0.00 M M 6.5 14 80 M M 1 22 110
24 103 74 89 4 0 24 0.00 M M 4.0 13 110 M M 1 21 110
25 101 75 88 3 0 23 0.00 M M 6.5 15 140 M M 0 23 180
26 101 78 90 5 0 25 0.00 M M 8.1 15 210 M M 1 25 190
27 100 76 88 3 0 23 0.00 M M 7.0 14 140 M M 1 21 140
28 100 76 88 3 0 23 0.00 M M 6.2 13 120 M M 0 8 19 190
29 101 75 88 3 0 23 0.00 M M 5.4 14 200 M M 1 20 200
30 101 76 89 4 0 24 0.00 M M 3.7 13 130 M M 1 24 150
31 102 77 90 5 0 25 0.00 M M 4.9 15 120 M M 1 25 160
================================================================================
SM 3132 2369 0 743 T M 217.8 M 28
================================================================================
AV101.0 76.4 7.0 FASTST M M 1 MAX(MPH)
MISC ----> 22 30 33 20
================================================================================
NOTES:
# LAST OF SEVERAL OCCURRENCES
COLUMN 17 PEAK WIND IN M.P.H.
PRELIMINARY LOCAL CLIMATOLOGICAL DATA (WS FORM: F-6) , PAGE 2
STATION: BURNET
MONTH: JULY
YEAR: 2023
LATITUDE: 30 43 N
LONGITUDE: 98 14 W
[TEMPERATURE DATA] [PRECIPITATION DATA] SYMBOLS USED IN COLUMN 16
AVERAGE MONTHLY: 88.7 TOTAL FOR MONTH: T 1 = FOG OR MIST
DPTR FM NORMAL: 4.6 DPTR FM NORMAL: -1.79 2 = FOG REDUCING VISIBILITY
HIGHEST: 106 ON 18,17 GRTST 24HR T ON 1- 1 TO 1/4 MILE OR LESS
LOWEST: 73 ON 7, 1 3 = THUNDER
SNOW, ICE PELLETS, HAIL 4 = ICE PELLETS
TOTAL MONTH: M 5 = HAIL
GRTST 24HR M ON M 6 = FREEZING RAIN OR DRIZZLE
GRTST DEPTH: M ON M 7 = DUSTSTORM OR SANDSTORM:
VSBY 1/2 MILE OR LESS
8 = SMOKE OR HAZE
[NO. OF DAYS WITH] [WEATHER - DAYS WITH] 9 = BLOWING SNOW
X = TORNADO
MAX 32 OR BELOW: 0 0.01 INCH OR MORE: 0
MAX 90 OR ABOVE: 31 0.10 INCH OR MORE: 0
MIN 32 OR BELOW: 0 0.50 INCH OR MORE: 0
MIN 0 OR BELOW: 0 1.00 INCH OR MORE: 0
[HDD (BASE 65) ]
TOTAL THIS MO. 0 CLEAR (SCALE 0-3) 30
DPTR FM NORMAL 0 PTCLDY (SCALE 4-7) 1
TOTAL FM JUL 1 0 CLOUDY (SCALE 8-10) 0
DPTR FM NORMAL 0
[CDD (BASE 65) ]
TOTAL THIS MO. 743
DPTR FM NORMAL 151 [PRESSURE DATA]
TOTAL FM JAN 1 1857 HIGHEST SLP 30.13 ON 25
DPTR FM NORMAL 291 LOWEST SLP 29.75 ON 13
[REMARKS]
#FINAL-07-23#