000
CXUS54 KOHX 010700
CLMBNA
CLIMATE REPORT
NATIONAL WEATHER SERVICE NASHVILLE, TN
200 AM CDT SAT APR 01 2023
...................................
...THE NASHVILLE CLIMATE SUMMARY FOR THE MONTH OF MARCH 2023...
CLIMATE NORMAL PERIOD: 1991 TO 2020
CLIMATE RECORD PERIOD: 1871 TO 2023
WEATHER OBSERVED NORMAL DEPART LAST YEAR`S
VALUE DATE(S) VALUE FROM VALUE
NORMAL
..............................................................
TEMPERATURE (F)
RECORD
HIGH 89 03/21/1907
LOW 2 03/03/1980
HIGHEST 80 03/06
LOWEST 21 03/20
AVG. MAXIMUM 63.5 62.7 0.8
AVG. MINIMUM 41.5 40.2 1.3
MEAN 52.5 51.5 1.0 54.5
DAYS MAX >= 90 0
DAYS MAX <= 32 0
DAYS MIN <= 32 6
DAYS MIN <= 0 0
PRECIPITATION (INCHES)
RECORD
MAXIMUM 12.35 1975
MINIMUM 0.85 1910
TOTALS 3.34 4.52 -1.18
DAYS >= .01 12
DAYS >= .10 11
DAYS >= .50 2
DAYS >= 1.00 0
GREATEST
24 HR. TOTAL 0.75 03/24 TO 03/25
SNOWFALL (INCHES)
TOTALS T 0.7 -0.7
SINCE 7/1 1.2 -3.5
DAYS >= TRACE 1
DAYS >= 1.0 0
DEGREE DAYS
HEATING TOTAL 384 431 -47
SINCE 7/1 2574 3142 -568
COOLING TOTAL 4 11 -7
SINCE 1/1 19 12 7
..............................................................
WIND (MPH)
AVERAGE WIND SPEED 8.5
HIGHEST GUST SPEED/DIRECTION 65/250 DATE 03/03
SKY COVER
POSSIBLE SUNSHINE (PERCENT) MM
AVERAGE SKY COVER 0.59
NUMBER OF DAYS FAIR 7
NUMBER OF DAYS PC 11
NUMBER OF DAYS CLOUDY 13
AVERAGE RH (PERCENT) 59
WEATHER CONDITIONS. NUMBER OF DAYS WITH
THUNDERSTORM 4 MIXED PRECIP 0
HEAVY RAIN 1 RAIN 5
LIGHT RAIN 14 FREEZING RAIN 0
LT FREEZING RAIN 0 HAIL 0
HEAVY SNOW 0 SNOW 0
LIGHT SNOW 1 SLEET 0
FOG 13 FOG W/VIS <= 1/4 MILE 0
HAZE 2
- INDICATES NEGATIVE NUMBERS.
R INDICATES RECORD WAS SET OR TIED.
MM INDICATES DATA IS MISSING.
T INDICATES TRACE AMOUNT.
$$