000
CXUS55 KBOI 011740
CF6BOI
PRELIMINARY LOCAL CLIMATOLOGICAL DATA (WS FORM: F-6)
STATION: BOISE ID
MONTH: MAY
YEAR: 2020
LATITUDE: 43 34 N
LONGITUDE: 116 13 W
TEMPERATURE IN F: :PCPN: SNOW: WIND :SUNSHINE: SKY :PK WND
================================================================================
1 2 3 4 5 6A 6B 7 8 9 10 11 12 13 14 15 16 17 18
12Z AVG MX 2MIN
DY MAX MIN AVG DEP HDD CDD WTR SNW DPTH SPD SPD DIR MIN PSBL S-S WX SPD DR
================================================================================
1 70 43 57 2 8 0 0.00 0.0 0 4.6 13 350 M M 1 17 290
2 78 50 64 9 1 0 0.00 0.0 0 11.3 21 170 M M 1 29 180
3 63 44 54 -1 11 0 0.01 0.0 0 11.8 28 300 M M 2 37 300
4 68 36 52 -4 13 0 0.00 0.0 0 4.7 12 10 M M 0 17 220
5 82 48 65 9 0 0 0.00 0.0 0 11.9 21 110 M M 0 30 140
6 73 46 60 4 5 0 0.01 0.0 0 13.5 35 290 M M 2 18 48 280
7 66 34 50 -6 15 0 0.00 0.0 0 5.7 17 280 M M 0 24 290
8 75 43 59 2 6 0 0.00 0.0 0 7.7 20 300 M M 0 25 300
9 81 48 65 8 0 0 0.00 0.0 0 7.3 25 120 M M 0 35 120
10 85 48 67 10 0 2 0.00 0.0 0 7.4 17 140 M M 0 22 140
11 82 56 69 11 0 4 0.00 0.0 0 6.8 20 290 M M 0 32 270
12 67 51 59 1 6 0 T 0.0 0 5.9 26 280 M M 6 36 280
13 62 44 53 -5 12 0 0.03 0.0 0 3.9 14 260 M M 6 19 260
14 60 47 54 -5 11 0 0.36 0.0 0 6.4 17 290 M M 7 1 23 290
15 65 45 55 -4 10 0 0.01 0.0 0 6.9 18 270 M M 4 1 27 310
16 73 45 59 0 6 0 0.00 0.0 0 11.4 23 140 M M 0 31 160
17 79 55 67 8 0 2 0.02 0.0 0 8.0 20 290 M M 5 27 300
18 60 51 56 -4 9 0 0.15 0.0 0 10.5 25 310 M M 7 32 300
19 56 45 51 -9 14 0 0.35 0.0 0 5.8 15 300 M M 7 1 20 300
20 51 45 48 -12 17 0 0.80 0.0 0 6.6 16 280 M M 10 1 23 290
21 60 46 53 -7 12 0 0.11 0.0 0 5.3 22 320 M M 7 1 29 320
22 57 42 50 -11 15 0 0.01 0.0 0 10.3 22 330 M M 6 31 300
23 66 39 53 -8 12 0 0.00 0.0 0 11.7 23 310 M M 1 33 290
24 71 42 57 -4 8 0 0.00 0.0 M 5.3 16 300 M M 0 23 300
25 79 49 64 2 1 0 0.01 0.0 M 5.6 14 300 M M 1 21 310
26 76 58 67 5 0 2 0.02 0.0 M 7.1 17 320 M M 5 25 330
27 83 53 68 6 0 3 0.00 0.0 0 7.0 16 300 M M 0 23 300
28 91 55 73 11 0 8 0.00 0.0 M 6.0 15 120 M M 0 19 130
29 95 65 80 17 0 15 0.00 0.0 0 5.0 14 130 M M 0 17 130
30 98 69 84 21 0 19 T 0.0 0 13.8 35 120 M M 1 38 48 110
31 78 58 68 5 0 3 0.09 0.0 0 7.0 21 260 M M 2 35 31 250
================================================================================
SM 2250 1500 192 58 1.98 0.0 242.2 M 81
================================================================================
AV 72.6 48.4 7.8 FASTST M M 3 MAX(MPH)
MISC ----> # 35 290 # 48 280
================================================================================
NOTES:
# LAST OF SEVERAL OCCURRENCES
COLUMN 17 PEAK WIND IN M.P.H.
PRELIMINARY LOCAL CLIMATOLOGICAL DATA (WS FORM: F-6) , PAGE 2
STATION: BOISE ID
MONTH: MAY
YEAR: 2020
LATITUDE: 43 34 N
LONGITUDE: 116 13 W
[TEMPERATURE DATA] [PRECIPITATION DATA] SYMBOLS USED IN COLUMN 16
AVERAGE MONTHLY: 60.5 TOTAL FOR MONTH: 1.98 1 = FOG OR MIST
DPTR FM NORMAL: 1.4 DPTR FM NORMAL: 0.59 2 = FOG REDUCING VISIBILITY
HIGHEST: 98 ON 30 GRTST 24HR 0.95 ON 19-20 TO 1/4 MILE OR LESS
LOWEST: 34 ON 7 3 = THUNDER
SNOW, ICE PELLETS, HAIL 4 = ICE PELLETS
TOTAL MONTH: 0.0 INCH 5 = HAIL
GRTST 24HR 0.0 6 = FREEZING RAIN OR DRIZZLE
GRTST DEPTH: 0 7 = DUSTSTORM OR SANDSTORM:
VSBY 1/2 MILE OR LESS
8 = SMOKE OR HAZE
[NO. OF DAYS WITH] [WEATHER - DAYS WITH] 9 = BLOWING SNOW
X = TORNADO
MAX 32 OR BELOW: 0 0.01 INCH OR MORE: 14
MAX 90 OR ABOVE: 3 0.10 INCH OR MORE: 5
MIN 32 OR BELOW: 0 0.50 INCH OR MORE: 1
MIN 0 OR BELOW: 0 1.00 INCH OR MORE: 0
[HDD (BASE 65) ]
TOTAL THIS MO. 192 CLEAR (SCALE 0-3) 20
DPTR FM NORMAL -34 PTCLDY (SCALE 4-7) 10
TOTAL FM JUL 1 5102 CLOUDY (SCALE 8-10) 1
DPTR FM NORMAL -347
[CDD (BASE 65) ]
TOTAL THIS MO. 58
DPTR FM NORMAL 17 [PRESSURE DATA]
TOTAL FM JAN 1 64 HIGHEST SLP 30.40 ON 7
DPTR FM NORMAL 20 LOWEST SLP 29.41 ON 30
[REMARKS]
#FINAL-05-20#