000
CXUS55 KRIW 011110
CF6BPI
PRELIMINARY LOCAL CLIMATOLOGICAL DATA (WS FORM: F-6)
STATION: BIG PINEY WY
MONTH: FEBRUARY
YEAR: 2024
LATITUDE: 42 34 N
LONGITUDE: 110 6 W
TEMPERATURE IN F: :PCPN: SNOW: WIND :SUNSHINE: SKY :PK WND
================================================================================
1 2 3 4 5 6A 6B 7 8 9 10 11 12 13 14 15 16 17 18
12Z AVG MX 2MIN
DY MAX MIN AVG DEP HDD CDD WTR SNW DPTH SPD SPD DIR MIN PSBL S-S WX SPD DR
================================================================================
1 41 8 25 13 40 0 0.00 M M 2.6 9 190 M M 2 12 12 210
2 40 25 33 21 32 0 0.02 M M 3.7 13 330 M M 10 1 18 320
3 34 27 31 19 34 0 0.01 M M 16.0 28 350 M M 10 18 37 350
4 33 16 25 12 40 0 T M M 6.0 17 320 M M 7 18 25 320
5 32 19 26 13 39 0 0.02 M M 5.1 14 200 M M 10 1 17 190
6 38 28 33 20 32 0 0.02 M M 4.2 9 190 M M 10 1 13 210
7 39 21 30 17 35 0 0.01 M M 7.9 21 350 M M 8 12 27 350
8 33 11 22 9 43 0 0.00 M M 6.8 13 340 M M 3 16 10
9 28 3 16 3 49 0 0.04 M M 3.9 14 330 M M 6 18 17 330
10 29 -4 13 0 52 0 0.00 M M 5.5 17 340 M M 1 23 350
11 28 0 14 0 51 0 0.00 M M 3.5 10 190 M M 3 16 240
12 34 6 20 6 45 0 0.00 M M 3.7 9 50 M M 2 M M
13 36 4 20 6 45 0 0.00 M M 3.5 15 260 M M 4 1 19 260
14 37 9 23 9 42 0 T M M 6.1 20 280 M M 7 1 24 280
15 40 18 29 15 36 0 T M M 8.3 21 330 M M 6 1 27 310
16 37 7 22 7 43 0 0.01 M M 7.2 22 310 M M 5 12 35 320
17 27 -1 13 -2 52 0 T M M 3.6 25 320 M M 2 18 35 320
18 25 1 13 -2 52 0 0.01 M M 1.9 9 260 M M 8 18 12 80
19 34 5 20 4 45 0 T M M 4.0 10 40 M M 5 1 13 60
20 39 25 32 16 33 0 0.00 M M 2.8 10 230 M M 8 1 14 200
21 33 23 28 12 37 0 0.19 M M 3.6 9 320 M M 10 12 M M
22 40 16 28 11 37 0 0.00 M M 7.7 17 340 M M 4 24 340
23 39 10 25 8 40 0 0.00 M M 7.8 17 340 M M 0 24 360
24 44 6 25 7 40 0 0.00 M M 3.1 10 120 M M 0 14 300
25 46 14 30 12 35 0 0.00 M M 11.2 24 260 M M 0 33 260
26 42 22 32 14 33 0 0.04 M M 15.3 37 280 M M 4 12 49 260
27 21 0 11 -8 54 0 0.01 M M 10.9 29 300 M M 4 128 38 300
28 29 -7 11 -8 54 0 0.00 M M 3.4 9 360 M M 2 12 210
29 40 3 22 2 43 0 0.00 M M 2.7 8 160 M M 2 M M
================================================================================
SM 1018 315 1213 0 0.38 M 172.0 M 143
================================================================================
AV 35.1 10.9 5.9 FASTST M M 5 MAX(MPH)
MISC ----> 37 280 49 260
================================================================================
NOTES:
# LAST OF SEVERAL OCCURRENCES
COLUMN 17 PEAK WIND IN M.P.H.
PRELIMINARY LOCAL CLIMATOLOGICAL DATA (WS FORM: F-6) , PAGE 2
STATION: BIG PINEY WY
MONTH: FEBRUARY
YEAR: 2024
LATITUDE: 42 34 N
LONGITUDE: 110 6 W
[TEMPERATURE DATA] [PRECIPITATION DATA] SYMBOLS USED IN COLUMN 16
AVERAGE MONTHLY: 23.0 TOTAL FOR MONTH: 0.38 1 = FOG OR MIST
DPTR FM NORMAL: 8.1 DPTR FM NORMAL: 0.01 2 = FOG REDUCING VISIBILITY
HIGHEST: 46 ON 25 GRTST 24HR 0.19 ON 21-21 TO 1/4 MILE OR LESS
LOWEST: -7 ON 28 3 = THUNDER
SNOW, ICE PELLETS, HAIL 4 = ICE PELLETS
TOTAL MONTH: M 5 = HAIL
GRTST 24HR M ON M 6 = FREEZING RAIN OR DRIZZLE
GRTST DEPTH: M ON M 7 = DUSTSTORM OR SANDSTORM:
VSBY 1/2 MILE OR LESS
8 = SMOKE OR HAZE
[NO. OF DAYS WITH] [WEATHER - DAYS WITH] 9 = BLOWING SNOW
X = TORNADO
MAX 32 OR BELOW: 8 0.01 INCH OR MORE: 11
MAX 90 OR ABOVE: 0 0.10 INCH OR MORE: 1
MIN 32 OR BELOW: 29 0.50 INCH OR MORE: 0
MIN 0 OR BELOW: 5 1.00 INCH OR MORE: 0
[HDD (BASE 65) ]
TOTAL THIS MO. 1213 CLEAR (SCALE 0-3) 11
DPTR FM NORMAL -190 PTCLDY (SCALE 4-7) 12
TOTAL FM JUL 1 6527 CLOUDY (SCALE 8-10) 6
DPTR FM NORMAL -990
[CDD (BASE 65) ]
TOTAL THIS MO. 0
DPTR FM NORMAL 0 [PRESSURE DATA]
TOTAL FM JAN 1 0 HIGHEST SLP 30.56 ON 17
DPTR FM NORMAL 0 LOWEST SLP 29.35 ON 7
[REMARKS]
#FINAL-02-24#