000
CDUS43 KDVN 280918
CLIBRL


CLIMATE REPORT
NATIONAL WEATHER SERVICE QUAD CITIES IA IL
416 AM CDT TUE JUL 28 2015


...................................

...THE BURLINGTON IA CLIMATE SUMMARY FOR JULY 27 2015...

CLIMATE NORMAL PERIOD 1981 TO 2010
CLIMATE RECORD PERIOD 1897 TO 2015


WEATHER ITEM   OBSERVED TIME   RECORD YEAR NORMAL DEPARTURE LAST
                VALUE   (LST)  VALUE       VALUE  FROM      YEAR
                                                  NORMAL
..................................................................
TEMPERATURE (F)
 YESTERDAY
  MAXIMUM         88    154 PM 109    1930  86      2       82
  MINIMUM         71    641 AM  49    2004  67      4       65
                                      1971
  AVERAGE         80                        76      4       74

PRECIPITATION (IN)
  YESTERDAY        0.14         MM      MM   0.14   0.00     0.00
  MONTH TO DATE    7.49                      3.73   3.76     2.38
  SINCE JUN 1     16.16                      8.20   7.96    11.47
  SINCE JAN 1     25.12                     22.46   2.66    22.86

DEGREE DAYS
 HEATING
  YESTERDAY        0                         0      0        0
  MONTH TO DATE    4                         0      4        7
  SINCE JUN 1      9                        13     -4        9
  SINCE JUL 1      4                         0      4        7

 COOLING
  YESTERDAY       15                        11      4        9
  MONTH TO DATE  263                       323    -60      172
  SINCE JUN 1    487                       583    -96      427
  SINCE JAN 1    580                       686   -106      565
..................................................................


WIND (MPH)
  HIGHEST WIND SPEED    10   HIGHEST WIND DIRECTION    SE (120)
  HIGHEST GUST SPEED    14   HIGHEST GUST DIRECTION     E (100)
  AVERAGE WIND SPEED     5.3


SKY COVER
  POSSIBLE SUNSHINE  MM
  AVERAGE SKY COVER 0.3


WEATHER CONDITIONS
 THE FOLLOWING WEATHER WAS RECORDED YESTERDAY.
  THUNDERSTORM
  RAIN
  LIGHT RAIN
  FOG


RELATIVE HUMIDITY (PERCENT)
 HIGHEST   100          1200 AM
 LOWEST     63           300 PM
 AVERAGE    82

..........................................................


THE BURLINGTON IA CLIMATE NORMALS FOR TODAY
                         NORMAL    RECORD    YEAR
 MAXIMUM TEMPERATURE (F)   86       103      1983
 MINIMUM TEMPERATURE (F)   67        52      2013


SUNRISE AND SUNSET
JULY 28 2015..........SUNRISE   557 AM CDT   SUNSET   824 PM CDT
JULY 29 2015..........SUNRISE   558 AM CDT   SUNSET   823 PM CDT


-  INDICATES NEGATIVE NUMBERS.
R  INDICATES RECORD WAS SET OR TIED.
MM INDICATES DATA IS MISSING.
T  INDICATES TRACE AMOUNT.




$$
