000
CDUS43 KDVN 270916
CLIBRL


CLIMATE REPORT
NATIONAL WEATHER SERVICE QUAD CITIES IA IL
415 AM CDT MON JUN 27 2016


...................................

...THE BURLINGTON IA CLIMATE SUMMARY FOR JUNE 26 2016...

CLIMATE NORMAL PERIOD 1981 TO 2010
CLIMATE RECORD PERIOD 1897 TO 2016


WEATHER ITEM   OBSERVED TIME   RECORD YEAR NORMAL DEPARTURE LAST
                VALUE   (LST)  VALUE       VALUE  FROM      YEAR
                                                  NORMAL
..................................................................
TEMPERATURE (F)
 YESTERDAY
  MAXIMUM         91    301 PM 103    1934  86      5       73
  MINIMUM         64   1159 PM  50    1926  66     -2       66
  AVERAGE         78                        76      2       70

PRECIPITATION (IN)
  YESTERDAY        0.00         MM      MM   0.15  -0.15     0.11
  MONTH TO DATE    0.53                      3.92  -3.39     8.35
  SINCE JUN 1      0.53                      3.92  -3.39     8.35
  SINCE JAN 1     11.38                     18.18  -6.80    17.31

DEGREE DAYS
 HEATING
  YESTERDAY        0                         0      0        0
  MONTH TO DATE    0                         9     -9        5
  SINCE JUN 1      0                         9     -9        5
  SINCE JUL 1   4996                      5596   -600     6101

 COOLING
  YESTERDAY       13                        11      2        5
  MONTH TO DATE  286                       214     72      200
  SINCE JUN 1    286                       214     72      200
  SINCE JAN 1    385                       317     68      293
..................................................................


WIND (MPH)
  HIGHEST WIND SPEED    14   HIGHEST WIND DIRECTION     S (200)
  HIGHEST GUST SPEED    19   HIGHEST GUST DIRECTION     S (190)
  AVERAGE WIND SPEED     5.3


SKY COVER
  POSSIBLE SUNSHINE  MM
  AVERAGE SKY COVER 0.1


WEATHER CONDITIONS
 THE FOLLOWING WEATHER WAS RECORDED YESTERDAY.
  FOG
  HAZE


RELATIVE HUMIDITY (PERCENT)
 HIGHEST    94           100 AM
 LOWEST     32           300 PM
 AVERAGE    63

..........................................................


THE BURLINGTON IA CLIMATE NORMALS FOR TODAY
                         NORMAL    RECORD    YEAR
 MAXIMUM TEMPERATURE (F)   86       105      1934
 MINIMUM TEMPERATURE (F)   66        48      1968


SUNRISE AND SUNSET
JUNE 27 2016..........SUNRISE   535 AM CDT   SUNSET   840 PM CDT
JUNE 28 2016..........SUNRISE   536 AM CDT   SUNSET   840 PM CDT


-  INDICATES NEGATIVE NUMBERS.
R  INDICATES RECORD WAS SET OR TIED.
MM INDICATES DATA IS MISSING.
T  INDICATES TRACE AMOUNT.




$$
