000
CDUS43 KDVN 280936
CLIBRL


CLIMATE REPORT
NATIONAL WEATHER SERVICE QUAD CITIES IA IL
436 AM CDT TUE MAR 28 2017


...................................

...THE BURLINGTON IA CLIMATE SUMMARY FOR MARCH 27 2017...

CLIMATE NORMAL PERIOD 1981 TO 2010
CLIMATE RECORD PERIOD 1897 TO 2017


WEATHER ITEM   OBSERVED TIME   RECORD YEAR NORMAL DEPARTURE LAST
                VALUE   (LST)  VALUE       VALUE  FROM      YEAR
                                                  NORMAL
..................................................................
TEMPERATURE (F)
 YESTERDAY
  MAXIMUM         53    314 PM  84    1910  57     -4       48
  MINIMUM         47    653 AM  15    1964  36     11       37
  AVERAGE         50                        46      4       43

PRECIPITATION (IN)
  YESTERDAY        0.05         MM      MM   0.10  -0.05     0.34
  MONTH TO DATE    1.51                      2.39  -0.88     2.71
  SINCE MAR 1      1.51                      2.39  -0.88     2.71
  SINCE JAN 1      3.37                      5.25  -1.88     4.09

DEGREE DAYS
 HEATING
  YESTERDAY       15                        19     -4       22
  MONTH TO DATE  612                       658    -46      525
  SINCE MAR 1    612                       658    -46      525
  SINCE JUL 1   4306                      5036   -730     4407

 COOLING
  YESTERDAY        0                         0      0        0
  MONTH TO DATE    0                         0      0        1
  SINCE MAR 1      0                         0      0        1
  SINCE JAN 1      0                         0      0        1
..................................................................


WIND (MPH)
  HIGHEST WIND SPEED    13   HIGHEST WIND DIRECTION     N (350)
  HIGHEST GUST SPEED    15   HIGHEST GUST DIRECTION     N (350)
  AVERAGE WIND SPEED     5.4


SKY COVER
  POSSIBLE SUNSHINE  MM
  AVERAGE SKY COVER 1.0


WEATHER CONDITIONS
 THE FOLLOWING WEATHER WAS RECORDED YESTERDAY.
  LIGHT RAIN
  FOG


RELATIVE HUMIDITY (PERCENT)
 HIGHEST   100          1200 AM
 LOWEST     86          1100 PM
 AVERAGE    93

..........................................................


THE BURLINGTON IA CLIMATE NORMALS FOR TODAY
                         NORMAL    RECORD    YEAR
 MAXIMUM TEMPERATURE (F)   58        84      1910
 MINIMUM TEMPERATURE (F)   36        13      1970


SUNRISE AND SUNSET
MARCH 28 2017.........SUNRISE   654 AM CDT   SUNSET   725 PM CDT
MARCH 29 2017.........SUNRISE   652 AM CDT   SUNSET   726 PM CDT


-  INDICATES NEGATIVE NUMBERS.
R  INDICATES RECORD WAS SET OR TIED.
MM INDICATES DATA IS MISSING.
T  INDICATES TRACE AMOUNT.




$$
