000
CDUS43 KDVN 300945
CLIBRL


CLIMATE REPORT
NATIONAL WEATHER SERVICE QUAD CITIES IA IL
445 AM CDT TUE SEP 30 2014


...................................

...THE BURLINGTON IA CLIMATE SUMMARY FOR SEPTEMBER 29 2014...

CLIMATE NORMAL PERIOD 1981 TO 2010
CLIMATE RECORD PERIOD 1897 TO 2014


WEATHER ITEM   OBSERVED TIME   RECORD YEAR NORMAL DEPARTURE LAST
                VALUE   (LST)  VALUE       VALUE  FROM      YEAR
                                                  NORMAL
..................................................................
TEMPERATURE (F)
 YESTERDAY
  MAXIMUM         84    327 PM  99    1953  73     11       73
  MINIMUM         55    600 AM  28    1899  50      5       43
  AVERAGE         70                        62      8       58

PRECIPITATION (IN)
  YESTERDAY        0.00         MM      MM   0.10  -0.10     0.00
  MONTH TO DATE    5.14                      3.43   1.71     1.20
  SINCE SEP 1      5.14                      3.43   1.71     1.20
  SINCE JAN 1     34.21                     30.68   3.53    28.26

DEGREE DAYS
 HEATING
  YESTERDAY        0                         5     -5        7
  MONTH TO DATE  100                        61     39       37
  SINCE SEP 1    100                        61     39       37
  SINCE JUL 1    107                        65     42       48

 COOLING
  YESTERDAY        5                         2      3        0
  MONTH TO DATE   83                       138    -55      181
  SINCE SEP 1     83                       138    -55      181
  SINCE JAN 1    937                      1181   -244     1082
..................................................................


WIND (MPH)
  HIGHEST WIND SPEED    10   HIGHEST WIND DIRECTION     W (270)
  HIGHEST GUST SPEED    15   HIGHEST GUST DIRECTION    NW (320)
  AVERAGE WIND SPEED     2.8


SKY COVER
  POSSIBLE SUNSHINE  MM
  AVERAGE SKY COVER 0.0


WEATHER CONDITIONS
 THE FOLLOWING WEATHER WAS RECORDED YESTERDAY.
  FOG
  HAZE


RELATIVE HUMIDITY (PERCENT)
 HIGHEST   100           600 AM
 LOWEST     40           300 PM
 AVERAGE    70

..........................................................


THE BURLINGTON IA CLIMATE NORMALS FOR TODAY
                         NORMAL    RECORD    YEAR
 MAXIMUM TEMPERATURE (F)   73        91      1994
 MINIMUM TEMPERATURE (F)   50        23      1899


SUNRISE AND SUNSET
SEPTEMBER 30 2014.....SUNRISE   700 AM CDT   SUNSET   648 PM CDT
OCTOBER  1 2014.......SUNRISE   701 AM CDT   SUNSET   646 PM CDT


-  INDICATES NEGATIVE NUMBERS.
R  INDICATES RECORD WAS SET OR TIED.
MM INDICATES DATA IS MISSING.
T  INDICATES TRACE AMOUNT.




$$
