000
CDUS43 KDVN 300910
CLIBRL


CLIMATE REPORT
NATIONAL WEATHER SERVICE QUAD CITIES IA IL
410 AM CDT SUN AUG 30 2015


...................................

...THE BURLINGTON IA CLIMATE SUMMARY FOR AUGUST 29 2015...

CLIMATE NORMAL PERIOD 1981 TO 2010
CLIMATE RECORD PERIOD 1897 TO 2015


WEATHER ITEM   OBSERVED TIME   RECORD YEAR NORMAL DEPARTURE LAST
                VALUE   (LST)  VALUE       VALUE  FROM      YEAR
                                                  NORMAL
..................................................................
TEMPERATURE (F)
 YESTERDAY
  MAXIMUM         78    459 PM  96    1953  84     -6       88
  MINIMUM         66   1127 PM  43    1986  63      3       70
  AVERAGE         72                        73     -1       79

PRECIPITATION (IN)
  YESTERDAY        0.00         MM      MM   0.14  -0.14     0.32
  MONTH TO DATE    3.47                      3.97  -0.50     6.08
  SINCE JUN 1     19.63                     12.69   6.94    17.55
  SINCE JAN 1     28.59                     26.95   1.64    28.94

DEGREE DAYS
 HEATING
  YESTERDAY        0                         0      0        0
  MONTH TO DATE    3                         0      3        0
  SINCE JUN 1     12                        14     -2        9
  SINCE JUL 1      7                         1      6        7

 COOLING
  YESTERDAY        7                         9     -2       14
  MONTH TO DATE  201                       298    -97      258
  SINCE JUN 1    737                       924   -187      695
  SINCE JAN 1    830                      1027   -197      833
..................................................................


WIND (MPH)
  HIGHEST WIND SPEED    14   HIGHEST WIND DIRECTION     S (170)
  HIGHEST GUST SPEED    20   HIGHEST GUST DIRECTION     S (170)
  AVERAGE WIND SPEED     4.6


SKY COVER
  POSSIBLE SUNSHINE  MM
  AVERAGE SKY COVER 0.8


WEATHER CONDITIONS
 THE FOLLOWING WEATHER WAS RECORDED YESTERDAY.
  FOG
  HAZE


RELATIVE HUMIDITY (PERCENT)
 HIGHEST   100          1100 PM
 LOWEST     74          1100 AM
 AVERAGE    87

..........................................................


THE BURLINGTON IA CLIMATE NORMALS FOR TODAY
                         NORMAL    RECORD    YEAR
 MAXIMUM TEMPERATURE (F)   84       102      1947
 MINIMUM TEMPERATURE (F)   63        46      1915


SUNRISE AND SUNSET
AUGUST 30 2015........SUNRISE   629 AM CDT   SUNSET   740 PM CDT
AUGUST 31 2015........SUNRISE   630 AM CDT   SUNSET   739 PM CDT


-  INDICATES NEGATIVE NUMBERS.
R  INDICATES RECORD WAS SET OR TIED.
MM INDICATES DATA IS MISSING.
T  INDICATES TRACE AMOUNT.




$$
