000
CDUS43 KDVN 031034
CLIBRL


CLIMATE REPORT
NATIONAL WEATHER SERVICE QUAD CITIES IA IL
433 AM CST TUE MAR 3 2015


...................................

...THE BURLINGTON IA CLIMATE SUMMARY FOR MARCH 2 2015...

CLIMATE NORMAL PERIOD 1981 TO 2010
CLIMATE RECORD PERIOD 1897 TO 2015


WEATHER ITEM   OBSERVED TIME   RECORD YEAR NORMAL DEPARTURE LAST
                VALUE   (LST)  VALUE       VALUE  FROM      YEAR
                                                  NORMAL
..................................................................
TEMPERATURE (F)
 YESTERDAY
  MAXIMUM         29    512 PM  73    1992  44    -15        6
  MINIMUM         14    718 AM  -4    2014  27    -13       -4
                                      1913
  AVERAGE         22                        35    -13        1

PRECIPITATION (IN)
  YESTERDAY        0.00         MM      MM   0.08  -0.08     0.16
  MONTH TO DATE    0.08                      0.17  -0.09     0.21
  SINCE MAR 1      0.08                      0.17  -0.09     0.21
  SINCE JAN 1      2.50                      3.03  -0.53     4.58

DEGREE DAYS
 HEATING
  YESTERDAY       43                        30     13       64
  MONTH TO DATE   87                        60     27      108
  SINCE MAR 1     87                        60     27      108
  SINCE JUL 1   5018                      4438    580     5431

 COOLING
  YESTERDAY        0                         0      0        0
  MONTH TO DATE    0                         0      0        0
  SINCE MAR 1      0                         0      0        0
  SINCE JAN 1      0                         0      0        0
..................................................................


WIND (MPH)
  HIGHEST WIND SPEED    13   HIGHEST WIND DIRECTION    SE (140)
  HIGHEST GUST SPEED    17   HIGHEST GUST DIRECTION    SE (150)
  AVERAGE WIND SPEED     5.9


SKY COVER
  POSSIBLE SUNSHINE  MM
  AVERAGE SKY COVER 0.3


WEATHER CONDITIONS
 THE FOLLOWING WEATHER WAS RECORDED YESTERDAY.
  FOG


RELATIVE HUMIDITY (PERCENT)
 HIGHEST    88          1200 AM
 LOWEST     50           100 PM
 AVERAGE    69

..........................................................


THE BURLINGTON IA CLIMATE NORMALS FOR TODAY
                         NORMAL    RECORD    YEAR
 MAXIMUM TEMPERATURE (F)   45        78      1983
 MINIMUM TEMPERATURE (F)   27        -8      2014


SUNRISE AND SUNSET
MARCH  3 2015.........SUNRISE   636 AM CST   SUNSET   558 PM CST
MARCH  4 2015.........SUNRISE   634 AM CST   SUNSET   559 PM CST


-  INDICATES NEGATIVE NUMBERS.
R  INDICATES RECORD WAS SET OR TIED.
MM INDICATES DATA IS MISSING.
T  INDICATES TRACE AMOUNT.




$$
