000
CDUS43 KDVN 022226
CLIBRL


CLIMATE REPORT
NATIONAL WEATHER SERVICE QUAD CITIES IA IL
425 PM CST FRI DEC 2 2016


...................................

...THE BURLINGTON IA CLIMATE SUMMARY FOR DECEMBER 2 2016...
VALID TODAY AS OF 0400 PM LOCAL TIME.

CLIMATE NORMAL PERIOD 1981 TO 2010
CLIMATE RECORD PERIOD 1897 TO 2016


WEATHER ITEM   OBSERVED TIME   RECORD YEAR NORMAL DEPARTURE LAST
                VALUE   (LST)  VALUE       VALUE  FROM      YEAR
                                                  NORMAL
..................................................................
TEMPERATURE (F)
 TODAY
  MAXIMUM         43   1251 PM  66    1962  42      1       36
  MINIMUM         34    231 AM  -5    1942  26      8       31
  AVERAGE         39                        34      5       34

PRECIPITATION (IN)
  TODAY            0.00         MM      MM   0.08  -0.08     0.03
  MONTH TO DATE    0.00                      0.16  -0.16     0.03
  SINCE DEC 1      0.00                      0.16  -0.16     0.03
  SINCE JAN 1     31.62                     36.55  -4.93    37.76

DEGREE DAYS
 HEATING
  TODAY           26                        31     -5       31
  MONTH TO DATE   54                        62     -8       58
  SINCE DEC 1     54                        62     -8       58
  SINCE JUL 1    810                      1135   -325      975

 COOLING
  TODAY            0                         0      0        0
  MONTH TO DATE    0                         0      0        0
  SINCE DEC 1      0                         0      0        0
  SINCE JAN 1   1276                      1207     69     1093
..................................................................


WIND (MPH)
  HIGHEST WIND SPEED    12   HIGHEST WIND DIRECTION    NW (300)
  HIGHEST GUST SPEED    15   HIGHEST GUST DIRECTION    NW (320)
  AVERAGE WIND SPEED     6.9


SKY COVER
  POSSIBLE SUNSHINE  MM
  AVERAGE SKY COVER 0.9


WEATHER CONDITIONS
 THE FOLLOWING WEATHER WAS RECORDED TODAY.
  NO SIGNIFICANT WEATHER WAS OBSERVED.


RELATIVE HUMIDITY (PERCENT)
 HIGHEST    89           200 AM
 LOWEST     62           100 PM
 AVERAGE    76

..........................................................


THE BURLINGTON IA CLIMATE NORMALS FOR TOMORROW
                         NORMAL    RECORD    YEAR
 MAXIMUM TEMPERATURE (F)   42        72      2012
 MINIMUM TEMPERATURE (F)   25        -4      1942


SUNRISE AND SUNSET
DECEMBER  2 2016......SUNRISE   711 AM CST   SUNSET   437 PM CST
DECEMBER  3 2016......SUNRISE   712 AM CST   SUNSET   437 PM CST


-  INDICATES NEGATIVE NUMBERS.
R  INDICATES RECORD WAS SET OR TIED.
MM INDICATES DATA IS MISSING.
T  INDICATES TRACE AMOUNT.




$$
