000
CDUS43 KDVN 182220
CLIBRL


CLIMATE REPORT
NATIONAL WEATHER SERVICE QUAD CITIES IA IL
420 PM CST THU DEC 18 2014


...................................

...THE BURLINGTON IA CLIMATE SUMMARY FOR DECEMBER 18 2014...
VALID TODAY AS OF 0400 PM LOCAL TIME.

CLIMATE NORMAL PERIOD 1981 TO 2010
CLIMATE RECORD PERIOD 1897 TO 2014


WEATHER ITEM   OBSERVED TIME   RECORD YEAR NORMAL DEPARTURE LAST
                VALUE   (LST)  VALUE       VALUE  FROM      YEAR
                                                  NORMAL
..................................................................
TEMPERATURE (F)
 TODAY
  MAXIMUM         29    242 PM  63    1939  36     -7       42
  MINIMUM         20    220 AM -15    1983  20      0       14
  AVERAGE         25                        28     -3       28

PRECIPITATION (IN)
  TODAY            T            MM      MM   0.07  -0.07     0.00
  MONTH TO DATE    0.21                      1.31  -1.10     0.63
  SINCE DEC 1      0.21                      1.31  -1.10     0.63
  SINCE JAN 1     39.94                     37.70   2.24    33.02

DEGREE DAYS
 HEATING
  TODAY           40                        37      3       37
  MONTH TO DATE  585                       616    -31      747
  SINCE DEC 1    585                       616    -31      747
  SINCE JUL 1   1962                      1689    273     1984

 COOLING
  TODAY            0                         0      0        0
  MONTH TO DATE    0                         0      0        0
  SINCE DEC 1      0                         0      0        0
  SINCE JAN 1    940                      1207   -267     1115
..................................................................


WIND (MPH)
  HIGHEST WIND SPEED     6   HIGHEST WIND DIRECTION    NW (330)
  HIGHEST GUST SPEED     7   HIGHEST GUST DIRECTION    NE (40)
  AVERAGE WIND SPEED     1.2


SKY COVER
  POSSIBLE SUNSHINE  MM
  AVERAGE SKY COVER 0.7


WEATHER CONDITIONS
 THE FOLLOWING WEATHER WAS RECORDED TODAY.
  LIGHT SNOW


RELATIVE HUMIDITY (PERCENT)
 HIGHEST    92           500 AM
 LOWEST     69           100 PM
 AVERAGE    81

..........................................................


THE BURLINGTON IA CLIMATE NORMALS FOR TOMORROW
                         NORMAL    RECORD    YEAR
 MAXIMUM TEMPERATURE (F)   36        59      1988
 MINIMUM TEMPERATURE (F)   20       -18      1983


SUNRISE AND SUNSET
DECEMBER 18 2014......SUNRISE   724 AM CST   SUNSET   439 PM CST
DECEMBER 19 2014......SUNRISE   724 AM CST   SUNSET   439 PM CST


-  INDICATES NEGATIVE NUMBERS.
R  INDICATES RECORD WAS SET OR TIED.
MM INDICATES DATA IS MISSING.
T  INDICATES TRACE AMOUNT.




$$
