681
CDUS43 KDVN 290924
CLIBRL


CLIMATE REPORT
NATIONAL WEATHER SERVICE QUAD CITIES IA IL
423 AM CDT THU SEP 29 2016


...................................

...THE BURLINGTON IA CLIMATE SUMMARY FOR SEPTEMBER 28 2016...

CLIMATE NORMAL PERIOD 1981 TO 2010
CLIMATE RECORD PERIOD 1897 TO 2016


WEATHER ITEM   OBSERVED TIME   RECORD YEAR NORMAL DEPARTURE LAST
                VALUE   (LST)  VALUE       VALUE  FROM      YEAR
                                                  NORMAL
..................................................................
TEMPERATURE (F)
 YESTERDAY
  MAXIMUM         63    339 PM  98    1953  74    -11       82
  MINIMUM         49    855 AM  25    1942  51     -2       62
  AVERAGE         56                        62     -6       72

PRECIPITATION (IN)
  YESTERDAY        0.00         MM      MM   0.09  -0.09     0.00
  MONTH TO DATE    3.23                      3.33  -0.10     1.05
  SINCE SEP 1      3.23                      3.33  -0.10     1.05
  SINCE JAN 1     27.48                     30.58  -3.10    29.64

DEGREE DAYS
 HEATING
  YESTERDAY        9                         5      4        0
  MONTH TO DATE   18                        56    -38       28
  SINCE SEP 1     18                        56    -38       28
  SINCE JUL 1     24                        60    -36       35

 COOLING
  YESTERDAY        0                         2     -2        7
  MONTH TO DATE  196                       136     60      227
  SINCE SEP 1    196                       136     60      227
  SINCE JAN 1   1229                      1179     50     1079
..................................................................


WIND (MPH)
  HIGHEST WIND SPEED    18   HIGHEST WIND DIRECTION     N (360)
  HIGHEST GUST SPEED    24   HIGHEST GUST DIRECTION     N (350)
  AVERAGE WIND SPEED    11.4


SKY COVER
  POSSIBLE SUNSHINE  MM
  AVERAGE SKY COVER 0.7


WEATHER CONDITIONS
 THE FOLLOWING WEATHER WAS RECORDED YESTERDAY.
  HAZE


RELATIVE HUMIDITY (PERCENT)
 HIGHEST    89          1100 PM
 LOWEST     55           100 AM
 AVERAGE    72

..........................................................


THE BURLINGTON IA CLIMATE NORMALS FOR TODAY
                         NORMAL    RECORD    YEAR
 MAXIMUM TEMPERATURE (F)   73        99      1953
 MINIMUM TEMPERATURE (F)   50        28      1899


SUNRISE AND SUNSET
SEPTEMBER 29 2016.....SUNRISE   659 AM CDT   SUNSET   649 PM CDT
SEPTEMBER 30 2016.....SUNRISE   701 AM CDT   SUNSET   647 PM CDT


-  INDICATES NEGATIVE NUMBERS.
R  INDICATES RECORD WAS SET OR TIED.
MM INDICATES DATA IS MISSING.
T  INDICATES TRACE AMOUNT.




$$
