000
CDUS43 KDVN 222121
CLIBRL


CLIMATE REPORT
NATIONAL WEATHER SERVICE QUAD CITIES IA IL
421 PM CDT MON MAY 22 2017


...................................

...THE BURLINGTON IA CLIMATE SUMMARY FOR MAY 22 2017...
VALID TODAY AS OF 0400 PM LOCAL TIME.

CLIMATE NORMAL PERIOD 1981 TO 2010
CLIMATE RECORD PERIOD 1897 TO 2017


WEATHER ITEM   OBSERVED TIME   RECORD YEAR NORMAL DEPARTURE LAST
                VALUE   (LST)  VALUE       VALUE  FROM      YEAR
                                                  NORMAL
..................................................................
TEMPERATURE (F)
 TODAY
  MAXIMUM         72   1058 AM  94    1925  76     -4       82
  MINIMUM         46    437 AM  35    1963  55     -9       55
  AVERAGE         59                        66     -7       69

PRECIPITATION (IN)
  TODAY            0.14         MM      MM   0.16  -0.02     0.00
  MONTH TO DATE    2.86                      3.51  -0.65     1.49
  SINCE MAR 1     11.83                     10.06   1.77     7.96
  SINCE JAN 1     13.69                     12.92   0.77     9.34

DEGREE DAYS
 HEATING
  TODAY            6                         3      3        0
  MONTH TO DATE  114                       106      8      158
  SINCE MAR 1   1092                      1190    -98     1114
  SINCE JUL 1   4786                      5568   -782     4996

 COOLING
  TODAY            0                         3     -3        4
  MONTH TO DATE   48                        44      4       12
  SINCE MAR 1     68                        64      4       30
  SINCE JAN 1     68                        64      4       30
..................................................................


WIND (MPH)
  HIGHEST WIND SPEED    28   HIGHEST WIND DIRECTION    SW (240)
  HIGHEST GUST SPEED    35   HIGHEST GUST DIRECTION    SW (240)
  AVERAGE WIND SPEED    10.4


SKY COVER
  POSSIBLE SUNSHINE  MM
  AVERAGE SKY COVER 0.1


WEATHER CONDITIONS
 THE FOLLOWING WEATHER WAS RECORDED TODAY.
  HEAVY RAIN
  LIGHT RAIN
  FOG


RELATIVE HUMIDITY (PERCENT)
 HIGHEST   100           300 AM
 LOWEST     53          1000 AM
 AVERAGE    77

..........................................................


THE BURLINGTON IA CLIMATE NORMALS FOR TOMORROW
                         NORMAL    RECORD    YEAR
 MAXIMUM TEMPERATURE (F)   77        92      1939
 MINIMUM TEMPERATURE (F)   55        34      1963


SUNRISE AND SUNSET
MAY 22 2017...........SUNRISE   541 AM CDT   SUNSET   822 PM CDT
MAY 23 2017...........SUNRISE   540 AM CDT   SUNSET   823 PM CDT


-  INDICATES NEGATIVE NUMBERS.
R  INDICATES RECORD WAS SET OR TIED.
MM INDICATES DATA IS MISSING.
T  INDICATES TRACE AMOUNT.




$$
