581
CDUS43 KDVN 171002
CLIBRL


CLIMATE REPORT
NATIONAL WEATHER SERVICE QUAD CITIES IA IL
401 AM CST SAT FEB 17 2018


...................................

...THE BURLINGTON IA CLIMATE SUMMARY FOR FEBRUARY 16 2018...

CLIMATE NORMAL PERIOD 1981 TO 2010
CLIMATE RECORD PERIOD 1897 TO 2018


WEATHER ITEM   OBSERVED TIME   RECORD YEAR NORMAL DEPARTURE LAST
                VALUE   (LST)  VALUE       VALUE  FROM      YEAR
                                                  NORMAL
..................................................................
TEMPERATURE (F)
 YESTERDAY
  MAXIMUM         35    149 AM  68    1921  39     -4       65
  MINIMUM         19   1159 PM -13    1958  22     -3       25
  AVERAGE         27                        30     -3       45

PRECIPITATION (IN)
  YESTERDAY        0.00         MM      MM   0.05  -0.05     0.00
  MONTH TO DATE    0.46                      0.81  -0.35     0.08
  SINCE DEC 1      1.40                      4.14  -2.74     2.52
  SINCE JAN 1      1.07                      2.05  -0.98     1.54

DEGREE DAYS
 HEATING
  YESTERDAY       38                        35      3       20
  MONTH TO DATE  708                       587    121      499
  SINCE DEC 1   3128                      2915    213     2760
  SINCE JUL 1   4179                      3988    191     3516

 COOLING
  YESTERDAY        0                         0      0        0
  MONTH TO DATE    0                         0      0        0
  SINCE DEC 1      0                         0      0        0
  SINCE JAN 1      0                         0      0        0
..................................................................


WIND (MPH)
  HIGHEST WIND SPEED    23   HIGHEST WIND DIRECTION    NW (330)
  HIGHEST GUST SPEED    32   HIGHEST GUST DIRECTION    NW (330)
  AVERAGE WIND SPEED    10.0


SKY COVER
  POSSIBLE SUNSHINE  MM
  AVERAGE SKY COVER 0.3


WEATHER CONDITIONS
 THE FOLLOWING WEATHER WAS RECORDED YESTERDAY.
  NO SIGNIFICANT WEATHER WAS OBSERVED.


RELATIVE HUMIDITY (PERCENT)
 HIGHEST    82           200 AM
 LOWEST     39           200 PM
 AVERAGE    61

..........................................................


THE BURLINGTON IA CLIMATE NORMALS FOR TODAY
                         NORMAL    RECORD    YEAR
 MAXIMUM TEMPERATURE (F)   39        72      2017
 MINIMUM TEMPERATURE (F)   22       -18      1958


SUNRISE AND SUNSET
FEBRUARY 17 2018......SUNRISE   656 AM CST   SUNSET   542 PM CST
FEBRUARY 18 2018......SUNRISE   654 AM CST   SUNSET   543 PM CST


-  INDICATES NEGATIVE NUMBERS.
R  INDICATES RECORD WAS SET OR TIED.
MM INDICATES DATA IS MISSING.
T  INDICATES TRACE AMOUNT.




$$
