000
CDUS43 KDVN 062120
CLIBRL


CLIMATE REPORT
NATIONAL WEATHER SERVICE QUAD CITIES IA IL
420 PM CDT WED MAY 6 2015


...................................

...THE BURLINGTON IA CLIMATE SUMMARY FOR MAY 6 2015...
VALID TODAY AS OF 0400 PM LOCAL TIME.

CLIMATE NORMAL PERIOD 1981 TO 2010
CLIMATE RECORD PERIOD 1897 TO 2015


WEATHER ITEM   OBSERVED TIME   RECORD YEAR NORMAL DEPARTURE LAST
                VALUE   (LST)  VALUE       VALUE  FROM      YEAR
                                                  NORMAL
..................................................................
TEMPERATURE (F)
 TODAY
  MAXIMUM         83    224 PM  93    1934  71     12       80
  MINIMUM         60    513 AM  32    1989  50     10       47
  AVERAGE         72                        60     12       64

PRECIPITATION (IN)
  TODAY            0.00         MM      MM   0.16  -0.16     0.00
  MONTH TO DATE    0.61                      0.98  -0.37      T
  SINCE MAR 1      2.51                      7.53  -5.02     5.21
  SINCE JAN 1      4.93                     10.39  -5.46     9.58

DEGREE DAYS
 HEATING
  TODAY            0                         6     -6        1
  MONTH TO DATE   12                        39    -27       48
  SINCE MAR 1   1076                      1123    -47     1406
  SINCE JUL 1   6007                      5501    506     6729

 COOLING
  TODAY            7                         1      6        0
  MONTH TO DATE   23                         6     17        0
  SINCE MAR 1     26                        26      0        8
  SINCE JAN 1     26                        26      0        8
..................................................................


WIND (MPH)
  HIGHEST WIND SPEED    23   HIGHEST WIND DIRECTION     S (180)
  HIGHEST GUST SPEED    32   HIGHEST GUST DIRECTION     S (180)
  AVERAGE WIND SPEED     9.6


SKY COVER
  POSSIBLE SUNSHINE  MM
  AVERAGE SKY COVER 0.3


WEATHER CONDITIONS
 THE FOLLOWING WEATHER WAS RECORDED TODAY.
  FOG
  HAZE


RELATIVE HUMIDITY (PERCENT)
 HIGHEST   100          1200 AM
 LOWEST     43           300 PM
 AVERAGE    72

..........................................................


THE BURLINGTON IA CLIMATE NORMALS FOR TOMORROW
                         NORMAL    RECORD    YEAR
 MAXIMUM TEMPERATURE (F)   72        88      1934
 MINIMUM TEMPERATURE (F)   50        30      1931


SUNRISE AND SUNSET
MAY  6 2015...........SUNRISE   557 AM CDT   SUNSET   806 PM CDT
MAY  7 2015...........SUNRISE   556 AM CDT   SUNSET   807 PM CDT


-  INDICATES NEGATIVE NUMBERS.
R  INDICATES RECORD WAS SET OR TIED.
MM INDICATES DATA IS MISSING.
T  INDICATES TRACE AMOUNT.




$$
