000
CXUS53 KDVN 011048
CLMBRL


CLIMATE REPORT
NATIONAL WEATHER SERVICE QUAD CITIES IA IL
542 AM CDT WED APR 1 2015

...................................

...THE BURLINGTON IA CLIMATE SUMMARY FOR THE MONTH OF MARCH 2015...

CLIMATE NORMAL PERIOD 1981 TO 2010
CLIMATE RECORD PERIOD 1897 TO 2015

WEATHER         OBSERVED          NORMAL  DEPART
                 VALUE   DATE(S)  VALUE   FROM
                                          NORMAL
................................................
TEMPERATURE (F)
RECORD
 HIGH              88   03/29/1986
                        03/23/1910
                        03/21/1907
 LOW              -13   03/05/1960
HIGHEST            79   03/16        59      20
LOWEST              1   03/06        26     -25
AVG. MAXIMUM     50.9              51.5    -0.6
AVG. MINIMUM     29.1              31.7    -2.6
MEAN             40.0              41.6    -1.6
DAYS MAX >= 90      0
DAYS MAX <= 32      4
DAYS MIN <= 32     18
DAYS MIN <= 0       0

PRECIPITATION (INCHES)
TOTALS           0.30              2.79   -2.49
DAILY AVG.       0.01              0.09   -0.08
DAYS >= .01         5
DAYS >= .10         0
DAYS >= .50         0
DAYS >= 1.00        0
GREATEST
 24 HR. TOTAL    0.08   03/29 TO 03/29
                        03/01 TO 03/01

DEGREE_DAYS
HEATING TOTAL     766               728      38
 SINCE 7/1       5697              5106     591
COOLING TOTAL       0                 2      -2
 SINCE 1/1          0                 2      -2
.................................................

WIND (MPH)
AVERAGE WIND SPEED              8.8
HIGHEST WIND SPEED/DIRECTION    28/030    DATE  03/17
HIGHEST GUST SPEED/DIRECTION    35/010    DATE  03/17

SKY COVER
POSSIBLE SUNSHINE (PERCENT)   MM
AVERAGE SKY COVER           0.30
NUMBER OF DAYS FAIR           23
NUMBER OF DAYS PC              3
NUMBER OF DAYS CLOUDY          5

AVERAGE RH (PERCENT)     65

WEATHER CONDITIONS. NUMBER OF DAYS WITH
THUNDERSTORM              0     HAIL                       0
SLEET                     0     FOG                       12
FOG W/VIS <= 1/4 MILE     3     HAZE                       8

-  INDICATES NEGATIVE NUMBERS.
R  INDICATES RECORD WAS SET OR TIED.
MM INDICATES DATA IS MISSING.
T  INDICATES TRACE AMOUNT.

$$
