000
CXUS53 KDVN 011158
CLSBRL


CLIMATE REPORT
NATIONAL WEATHER SERVICE QUAD CITIES IA IL
649 AM CDT THU SEP 1 2016

...................................

...THE BURLINGTON IA CLIMATE SUMMARY FOR THE SEASON, FROM
6/1/2016 TO 8/31/2016...

CLIMATE NORMAL PERIOD 1981 TO 2010
CLIMATE RECORD PERIOD 1897 TO 2016

WEATHER         OBSERVED          NORMAL  DEPART
                 VALUE   DATE(S)  VALUE   FROM
                                          NORMAL
................................................
TEMPERATURE (F)
RECORD
 HIGH             111   07/15/1936
                        07/14/1936
 LOW               39   06/08/1913
HIGHEST            95   06/15        87       8
LOWEST             50   06/08        58      -8
AVG. MAXIMUM     84.3              85.2    -0.9
AVG. MINIMUM     65.5              65.0     0.5
MEAN             74.9              75.1    -0.2
DAYS MAX >= 90     18
DAYS MAX <= 32      0
DAYS MIN <= 32      0
DAYS MIN <= 0       0

PRECIPITATION (INCHES)
TOTALS          13.40             12.99    0.41
DAILY AVG.       0.15              0.14    0.01
DAYS >= .01        32
DAYS >= .10        24
DAYS >= .50        10
DAYS >= 1.00        4
GREATEST
 24 HR. TOTAL    2.09   08/04 TO 08/05

DEGREE_DAYS
HEATING TOTAL       6                16     -10
 SINCE 7/1          6                 4       2
COOLING TOTAL     934               941      -7
 SINCE 1/1       1033              1043     -10
.................................................

WIND (MPH)
AVERAGE WIND SPEED              6.7
HIGHEST WIND SPEED/DIRECTION    37/040    DATE  08/04
HIGHEST GUST SPEED/DIRECTION    45/010    DATE  06/22

SKY COVER
POSSIBLE SUNSHINE (PERCENT)   MM
AVERAGE SKY COVER           0.20
NUMBER OF DAYS FAIR           63
NUMBER OF DAYS PC             26
NUMBER OF DAYS CLOUDY          3

AVERAGE RH (PERCENT)     77

WEATHER CONDITIONS. NUMBER OF DAYS WITH
THUNDERSTORM             31     HAIL                       0
SLEET                     0     FOG                       62
FOG W/VIS <= 1/4 MILE     8     HAZE                      21

-  INDICATES NEGATIVE NUMBERS.
R  INDICATES RECORD WAS SET OR TIED.
MM INDICATES DATA IS MISSING.
T  INDICATES TRACE AMOUNT.

=====================================================

NOTE: SUPPLEMENTAL CLIMATE DATA WAS USED FROM A NEARBY
CLIMATOLOGICALLY REPRESENTATIVE STATION.

PARAMETER    DATE
---------    ----
   WTR       07/22

=====================================================

$$

GROSS
