000
CXUS53 KGRR 010910
CF6BTL
PRELIMINARY LOCAL CLIMATOLOGICAL DATA (WS FORM: F-6)
STATION: BATTLE CREEK
MONTH: MARCH
YEAR: 2023
LATITUDE: 42 17 N
LONGITUDE: 85 14 W
TEMPERATURE IN F: :PCPN: SNOW: WIND :SUNSHINE: SKY :PK WND
================================================================================
1 2 3 4 5 6A 6B 7 8 9 10 11 12 13 14 15 16 17 18
12Z AVG MX 2MIN
DY MAX MIN AVG DEP HDD CDD WTR SNW DPTH SPD SPD DIR MIN PSBL S-S WX SPD DR
================================================================================
1 56 33 45 14 20 0 0.10 M M 5.5 16 320 M M 5 1 21 300
2 46 30 38 7 27 0 0.00 M M 7.5 17 310 M M 6 1 22 330
3 36 32 34 3 31 0 0.39 M M 12.1 23 10 M M 7 12 33 30
4 41 24 33 1 32 0 0.02 M M 8.9 21 320 M M 5 1 30 310
5 50 29 40 8 25 0 0.00 M M 5.9 14 270 M M 2 1 21 270
6 44 34 39 7 26 0 0.55 M M 10.8 21 140 M M 10 1 30 140
7 45 29 37 4 28 0 T M M 9.9 18 20 M M 3 1 25 30
8 46 23 35 2 30 0 0.00 M M 7.7 15 50 M M 1 23 50
9 45 32 39 5 26 0 0.21 M M 9.1 16 90 M M 9 18 22 120
10 36 30 33 -1 32 0 0.14 M M 10.3 20 10 M M 10 1 28 60
11 40 27 34 0 31 0 0.00 M M 4.7 13 10 M M 4 17 10
12 34 30 32 -3 33 0 0.05 M M 4.7 10 100 M M 10 18 14 90
13 32 24 28 -7 37 0 0.06 M M 10.1 21 340 M M 10 128 28 300
14 36 21 29 -7 36 0 T M M 10.9 17 310 M M 4 28 300
15 46 15 31 -5 34 0 0.00 M M 8.1 16 200 M M 0 22 200
16 53 38 46 10 19 0 0.15 M M 12.9 24 210 M M 4 1 31 200
17 50 29 40 3 25 0 0.54 M M 18.0 29 260 M M 10 1 39 250
18 29 17 23 -14 42 0 0.01 M M 17.1 28 270 M M 9 18 40 260
19 36 13 25 -12 40 0 0.01 M M 12.0 23 250 M M 3 1 28 240
20 49 28 39 1 26 0 0.00 M M 16.3 26 210 M M 2 35 210
21 54 32 43 5 22 0 0.00 M M 10.1 21 210 M M 5 26 210
22 49 41 45 7 20 0 0.44 M M 9.9 22 200 M M 10 18 28 200
23 48 37 43 4 22 0 0.25 M M 6.5 17 350 M M 8 12 25 350
24 47 34 41 2 24 0 T M M 9.3 16 100 M M 2 23 120
25 44 32 38 -2 27 0 0.50 M M 14.1 31 240 M M 9 1 46 240
26 48 29 39 -1 26 0 0.32 M M 5.6 16 220 M M 5 1 26 230
27 52 32 42 2 23 0 T M M 10.0 20 20 M M 5 1 26 40
28 50 26 38 -3 27 0 0.00 M M 4.3 17 290 M M 1 23 290
29 42 22 32 -9 33 0 0.02 M M 11.7 25 290 M M 2 1 38 300
30 48 16 32 -10 33 0 0.00 M M 7.2 17 150 M M 3 25 140
31 61 44 53 11 12 0 1.52 M M 11.3 29 230 M M 10 13 48 200
================================================================================
SM 1393 883 869 0 5.28 M 302.5 M 174
================================================================================
AV 44.9 28.5 9.8 FASTST M M 6 MAX(MPH)
MISC ----> 31 240 48 200
================================================================================
NOTES:
# LAST OF SEVERAL OCCURRENCES
COLUMN 17 PEAK WIND IN M.P.H.
PRELIMINARY LOCAL CLIMATOLOGICAL DATA (WS FORM: F-6) , PAGE 2
STATION: BATTLE CREEK
MONTH: MARCH
YEAR: 2023
LATITUDE: 42 17 N
LONGITUDE: 85 14 W
[TEMPERATURE DATA] [PRECIPITATION DATA] SYMBOLS USED IN COLUMN 16
AVERAGE MONTHLY: 36.7 TOTAL FOR MONTH: 5.28 1 = FOG OR MIST
DPTR FM NORMAL: 0.4 DPTR FM NORMAL: 3.61 2 = FOG REDUCING VISIBILITY
HIGHEST: 61 ON 31 GRTST 24HR 1.52 ON 31-31 TO 1/4 MILE OR LESS
LOWEST: 13 ON 19 3 = THUNDER
SNOW, ICE PELLETS, HAIL 4 = ICE PELLETS
TOTAL MONTH: M 5 = HAIL
GRTST 24HR M ON M 6 = FREEZING RAIN OR DRIZZLE
GRTST DEPTH: M ON M 7 = DUSTSTORM OR SANDSTORM:
VSBY 1/2 MILE OR LESS
8 = SMOKE OR HAZE
[NO. OF DAYS WITH] [WEATHER - DAYS WITH] 9 = BLOWING SNOW
X = TORNADO
MAX 32 OR BELOW: 2 0.01 INCH OR MORE: 18
MAX 90 OR ABOVE: 0 0.10 INCH OR MORE: 12
MIN 32 OR BELOW: 24 0.50 INCH OR MORE: 4
MIN 0 OR BELOW: 0 1.00 INCH OR MORE: 1
[HDD (BASE 65) ]
TOTAL THIS MO. 869 CLEAR (SCALE 0-3) 10
DPTR FM NORMAL -23 PTCLDY (SCALE 4-7) 11
TOTAL FM JUL 1 4976 CLOUDY (SCALE 8-10) 10
DPTR FM NORMAL -663
[CDD (BASE 65) ]
TOTAL THIS MO. 0
DPTR FM NORMAL -1 [PRESSURE DATA]
TOTAL FM JAN 1 0 HIGHEST SLP 30.59 ON 8
DPTR FM NORMAL -1 LOWEST SLP 29.26 ON 25
[REMARKS]
#FINAL-03-23#