000
CXUS54 KLIX 010810
CF6BTR
PRELIMINARY LOCAL CLIMATOLOGICAL DATA (WS FORM: F-6)
STATION: BATON ROUGE
MONTH: APRIL
YEAR: 2023
LATITUDE: 30 31 N
LONGITUDE: 91 9 W
TEMPERATURE IN F: :PCPN: SNOW: WIND :SUNSHINE: SKY :PK WND
================================================================================
1 2 3 4 5 6A 6B 7 8 9 10 11 12 13 14 15 16 17 18
12Z AVG MX 2MIN
DY MAX MIN AVG DEP HDD CDD WTR SNW DPTH SPD SPD DIR MIN PSBL S-S WX SPD DR
================================================================================
1 88 63 76 11 0 11 0.01 0.0 M 6.9 21 210 M M 5 29 200
2 84 62 73 8 0 8 T 0.0 M 7.3 16 150 M M 1 24 150
3 87 74 81 16 0 16 0.03 0.0 M 13.8 22 210 M M 7 1 30 200
4 90 73 82 16 0 17 0.00 0.0 M 13.0 24 170 M M 6 35 160
5 89 76 83 17 0 18 0.00 0.0 M 12.8 26 190 M M 3 46 180
6 88 66 77 11 0 12 1.07 0.0 M 7.0 21 270 M M 8 138 28 260
7 73 61 67 1 0 2 2.83 0.0 M 9.7 23 240 M M 10 123 30 30
8 71 59 65 -1 0 0 1.27 0.0 M 7.2 14 90 M M 10 1 20 320
9 70 59 65 -1 0 0 0.00 0.0 M 8.1 17 70 M M 10 1 23 70
10 73 57 65 -2 0 0 0.00 0.0 M 7.2 13 60 M M 9 18 60
11 76 59 68 1 0 3 0.00 0.0 M 6.7 15 90 M M 5 3 20 100
12 72 62 67 0 0 2 T 0.0 M 7.7 16 70 M M M 21 50
13 73 61 67 0 0 2 T 0.0 M 6.6 15 270 M M M 23 290
14 83 55 69 1 0 4 0.00 0.0 M 5.9 15 180 M M 2 20 180
15 74 62 68 0 0 3 0.91 0.0 M 6.1 26 350 M M 5 13 39 340
16 73 53 63 -5 2 0 0.64 0.0 M 7.7 17 350 M M 3 13 28 300
17 77 47 62 -6 3 0 0.00 0.0 M 2.5 14 30 M M 0 8 21 30
18 74 48 61 -7 4 0 0.00 0.0 M 5.1 14 150 M M 1 17 160
19 85 54 70 1 0 5 0.00 0.0 M 7.9 17 200 M M 0 27 220
20 87 61 74 5 0 9 0.00 0.0 M 9.2 20 160 M M 4 12 28 170
21 81 64 73 4 0 8 0.59 0.0 M 9.1 24 140 M M 5 13 32 140
22 80 55 68 -1 0 3 T 0.0 M 7.0 15 70 M M 2 22 40
23 73 56 65 -5 0 0 0.00 0.0 M 8.1 15 40 M M 2 21 50
24 76 54 65 -5 0 0 T 0.0 M 8.5 14 70 M M 5 21 20
25 82 52 67 -3 0 2 0.00 0.0 M 4.8 13 90 M M 1 18 80
26 85 61 73 3 0 8 0.00 0.0 M 6.5 13 130 M M 4 17 140
27 82 64 73 2 0 8 0.41 0.0 M 6.6 23 260 M M 6 13 36 270
28 84 60 72 1 0 7 0.00 0.0 M 3.8 13 280 M M 1 17 280
29 75 62 69 -2 0 4 0.16 0.0 M 7.6 22 270 M M 6 18 27 290
30 82 56 69 -2 0 4 0.00 0.0 M 9.5 16 260 M M 0 24 270
================================================================================
SM 2387 1796 9 156 7.92 0.0 229.9 M 121
================================================================================
AV 79.6 59.9 7.7 FASTST M M 4 MAX(MPH)
MISC ----> # 26 190 46 180
================================================================================
NOTES:
# LAST OF SEVERAL OCCURRENCES
COLUMN 17 PEAK WIND IN M.P.H.
PRELIMINARY LOCAL CLIMATOLOGICAL DATA (WS FORM: F-6) , PAGE 2
STATION: BATON ROUGE
MONTH: APRIL
YEAR: 2023
LATITUDE: 30 31 N
LONGITUDE: 91 9 W
[TEMPERATURE DATA] [PRECIPITATION DATA] SYMBOLS USED IN COLUMN 16
AVERAGE MONTHLY: 69.7 TOTAL FOR MONTH: 7.92 1 = FOG OR MIST
DPTR FM NORMAL: 1.7 DPTR FM NORMAL: 2.84 2 = FOG REDUCING VISIBILITY
HIGHEST: 90 ON 4 GRTST 24HR 4.08 ON 7- 8 TO 1/4 MILE OR LESS
LOWEST: 47 ON 17 3 = THUNDER
SNOW, ICE PELLETS, HAIL 4 = ICE PELLETS
TOTAL MONTH: 0.0 INCH 5 = HAIL
GRTST 24HR 0.0 6 = FREEZING RAIN OR DRIZZLE
GRTST DEPTH: M ON M 7 = DUSTSTORM OR SANDSTORM:
VSBY 1/2 MILE OR LESS
8 = SMOKE OR HAZE
[NO. OF DAYS WITH] [WEATHER - DAYS WITH] 9 = BLOWING SNOW
X = TORNADO
MAX 32 OR BELOW: 0 0.01 INCH OR MORE: 10
MAX 90 OR ABOVE: 1 0.10 INCH OR MORE: 8
MIN 32 OR BELOW: 0 0.50 INCH OR MORE: 6
MIN 0 OR BELOW: 0 1.00 INCH OR MORE: 3
[HDD (BASE 65) ]
TOTAL THIS MO. 9 CLEAR (SCALE 0-3) 11
DPTR FM NORMAL -42 PTCLDY (SCALE 4-7) 12
TOTAL FM JUL 1 1104 CLOUDY (SCALE 8-10) 7
DPTR FM NORMAL -427
[CDD (BASE 65) ]
TOTAL THIS MO. 156
DPTR FM NORMAL 15 [PRESSURE DATA]
TOTAL FM JAN 1 503 HIGHEST SLP M ON M
DPTR FM NORMAL 259 LOWEST SLP 29.67 ON 29
[REMARKS]
#FINAL-04-23#