000
CXAK56 PAFG 011058
CF6BTT
PRELIMINARY LOCAL CLIMATOLOGICAL DATA (WS FORM: F-6)
STATION: BETTLES AK
MONTH: SEPTEMBER
YEAR: 2021
LATITUDE: 66 55 N
LONGITUDE: 151 31 W
TEMPERATURE IN F: :PCPN: SNOW: WIND :SUNSHINE: SKY :PK WND
================================================================================
1 2 3 4 5 6A 6B 7 8 9 10 11 12 13 14 15 16 17 18
12Z AVG MX 2MIN
DY MAX MIN AVG DEP HDD CDD WTR SNW DPTH SPD SPD DIR MIN PSBL S-S WX SPD DR
================================================================================
1 63 48 56 8 9 0 0.04 0.0 0 2.8 7 20 M M 9 1 M M
2 66 46 56 9 9 0 M M M 4.7 10 30 M M 6 20 30
3 62 49 56 9 9 0 0.14 M M 1.7 6 10 M M 9 1 M M
4 M M M M M M 0.05 M M 1.2 6 250 M M 8 M M
5 M M M M M M 0.05 M M 4.7 13 240 M M 9 12 22 220
6 48 32 40 -6 25 0 0.42 0.0 0 5.0 8 150 M M 9 1 M M
7 57 43 50 5 15 0 0.43 M M 4.7 9 130 M M 10 1 M M
8 56 46 51 6 14 0 0.22 M M 1.4 5 320 M M 9 1 M M
9 63 45 54 10 11 0 0.18 M M 5.2 8 290 M M 9 M M
10 65 43 54 10 11 0 T M M 4.2 8 350 M M 6 M M
11 55 36 46 2 19 0 T M M 4.9 10 210 M M 6 20 210
12 61 37 49 6 16 0 0.00 M M 4.4 10 40 M M 5 M M
13 57 42 50 7 15 0 T M M 6.1 16 40 M M 7 23 40
14 52 37 45 3 20 0 0.20 M M 2.7 7 200 M M 9 1 M M
15 55 27 41 -1 24 0 0.00 M M 1.2 7 99 M M 4 1 M M
16 56 30 43 2 22 0 T M M 3.0 12 340 M M 5 17 340
17 44 29 37 -4 28 0 0.00 M M 4.2 7 170 M M 5 M M
18 53 27 40 0 25 0 T M M 6.4 12 250 M M 8 20 250
19 37 26 32 -8 33 0 0.26 M M 5.2 9 210 M M 9 1 M M
20 32 18 25 -14 40 0 0.00 M M 3.8 8 130 M M 5 1 M M
21 34 24 29 -10 36 0 T M M 1.9 6 140 M M 7 1 M M
22 38 17 28 -10 37 0 0.00 0.0 0 5.8 10 20 M M 3 M M
23 38 18 28 -10 37 0 0.00 0.0 0 6.6 12 20 M M 2 17 40
24 39 19 29 -8 36 0 0.00 0.0 0 4.0 12 20 M M 4 16 20
25 37 15 26 -11 39 0 0.00 0.0 0 2.5 8 330 M M 3 10 330
26 36 15 26 -10 39 0 0.00 0.0 0 1.7 8 160 M M 6 10 170
27 36 26 31 -5 34 0 0.02 M M 2.9 9 20 M M 10 1 13 30
28 35 26 31 -4 34 0 T M M 2.6 8 320 M M 9 1 11 320
29 38 20 29 -5 36 0 0.00 M M 1.9 6 260 M M 6 1 8 270
30 36 27 32 -2 33 0 0.00 M M 5.7 14 40 M M 9 20 30
================================================================================
SM 1349 868 706 0 2.01 0.0 113.1 M 206
================================================================================
AV 48.2 31.0 3.8 FASTST M M 7 MAX(MPH)
MISC ----> 16 40 23 40
================================================================================
NOTES:
# LAST OF SEVERAL OCCURRENCES
COLUMN 17 PEAK WIND IN M.P.H.
PRELIMINARY LOCAL CLIMATOLOGICAL DATA (WS FORM: F-6) , PAGE 2
STATION: BETTLES AK
MONTH: SEPTEMBER
YEAR: 2021
LATITUDE: 66 55 N
LONGITUDE: 151 31 W
[TEMPERATURE DATA] [PRECIPITATION DATA] SYMBOLS USED IN COLUMN 16
AVERAGE MONTHLY: 39.6 TOTAL FOR MONTH: 2.01 1 = FOG OR MIST
DPTR FM NORMAL: -1.6 DPTR FM NORMAL: -0.12 2 = FOG REDUCING VISIBILITY
HIGHEST: 66 ON 2 GRTST 24HR 0.43 ON 7- 7 TO 1/4 MILE OR LESS
LOWEST: 15 ON 26,25 3 = THUNDER
SNOW, ICE PELLETS, HAIL 4 = ICE PELLETS
TOTAL MONTH: 0.0 INCH 5 = HAIL
GRTST 24HR 0.0 6 = FREEZING RAIN OR DRIZZLE
GRTST DEPTH: 0 7 = DUSTSTORM OR SANDSTORM:
VSBY 1/2 MILE OR LESS
8 = SMOKE OR HAZE
[NO. OF DAYS WITH] [WEATHER - DAYS WITH] 9 = BLOWING SNOW
X = TORNADO
MAX 32 OR BELOW: 1 0.01 INCH OR MORE: 11
MAX 90 OR ABOVE: 0 0.10 INCH OR MORE: 7
MIN 32 OR BELOW: 17 0.50 INCH OR MORE: 0
MIN 0 OR BELOW: 0 1.00 INCH OR MORE: 0
[HDD (BASE 65) ]
TOTAL THIS MO. 706 CLEAR (SCALE 0-3) 3
DPTR FM NORMAL -8 PTCLDY (SCALE 4-7) 15
TOTAL FM JUL 1 1309 CLOUDY (SCALE 8-10) 12
DPTR FM NORMAL 30
[CDD (BASE 65) ]
TOTAL THIS MO. 0
DPTR FM NORMAL 0 [PRESSURE DATA]
TOTAL FM JAN 1 38 HIGHEST SLP M ON M
DPTR FM NORMAL 3 LOWEST SLP 29.44 ON 30
[REMARKS]
#FINAL-09-21#