000
CXUS53 KLMK 010810
CF6BWG
PRELIMINARY LOCAL CLIMATOLOGICAL DATA (WS FORM: F-6)
STATION: BOWLING GREEN KY
MONTH: FEBRUARY
YEAR: 2022
LATITUDE: 36 58 N
LONGITUDE: 86 26 W
TEMPERATURE IN F: :PCPN: SNOW: WIND :SUNSHINE: SKY :PK WND
================================================================================
1 2 3 4 5 6A 6B 7 8 9 10 11 12 13 14 15 16 17 18
12Z AVG MX 2MIN
DY MAX MIN AVG DEP HDD CDD WTR SNW DPTH SPD SPD DIR MIN PSBL S-S WX SPD DR
================================================================================
1 65 26 46 8 19 0 0.00 0.0 0 7.4 23 210 M M 0 33 190
2 55 38 47 9 18 0 1.07 0.0 0 8.2 17 170 M M 10 1 25 130
3 38 29 34 -4 31 0 1.81 0.0 0 6.8 15 20 M M 10 16 22 10
4 29 22 26 -13 39 0 0.04 0.1 T 5.9 12 280 M M 10 168 17 360
5 33 19 26 -13 39 0 0.00 0.0 0 2.3 9 30 M M 0 14 20
6 47 20 34 -5 31 0 0.00 0.0 0 2.8 16 240 M M 0 21 210
7 46 22 34 -5 31 0 0.00 0.0 0 3.0 13 280 M M 0 18 280
8 56 23 40 1 25 0 0.00 0.0 0 6.9 17 210 M M 1 22 220
9 62 39 51 11 14 0 0.00 0.0 0 9.3 25 270 M M 4 35 290
10 57 30 44 4 21 0 0.00 0.0 0 4.7 17 220 M M 0 24 230
11 71 29 50 10 15 0 0.00 0.0 0 10.9 31 230 M M 5 44 230
12 48 25 37 -3 28 0 0.00 0.0 0 7.3 13 320 M M 9 22 330
13 38 19 29 -12 36 0 0.00 0.0 0 5.1 14 240 M M 3 19 220
14 45 21 33 -8 32 0 0.00 0.0 0 2.1 7 170 M M 3 12 320
15 67 23 45 4 20 0 0.00 0.0 0 7.0 17 180 M M 0 28 200
16 69 50 60 19 5 0 0.00 0.0 0 17.3 32 190 M M 1 44 190
17 67 33 50 8 15 0 0.91 T 0 18.1 37 200 M M 9 13 55 200
18 40 26 33 -9 32 0 0.00 0.0 0 6.3 15 320 M M 4 25 310
19 44 27 36 -6 29 0 0.00 0.0 0 5.2 13 10 M M 0 22 300
20 64 22 43 1 22 0 0.00 0.0 0 8.2 21 190 M M 0 29 190
21 70 39 55 12 10 0 0.42 0.0 0 11.5 26 190 M M 7 13 35 190
22 63 47 55 12 10 0 0.74 0.0 0 13.8 33 210 M M 10 13 49 180
23 47 32 40 -3 25 0 0.05 0.0 0 7.7 16 60 M M 10 1 21 50
24 42 33 38 -5 27 0 1.03 0.0 0 5.6 17 270 M M 10 1 26 280
25 40 31 36 -8 29 0 0.03 T 0 6.6 17 280 M M 10 1 24 270
26 45 27 36 -8 29 0 0.00 0.0 0 4.6 12 50 M M 2 16 40
27 56 33 45 1 20 0 0.00 0.0 0 4.2 9 330 M M 5 15 360
28 57 27 42 -2 23 0 0.00 0.0 0 2.3 12 230 M M 0 17 220
================================================================================
SM 1461 812 675 0 6.10 0.1 201.1 M 123
================================================================================
AV 52.2 29.0 7.2 FASTST M M 4 MAX(MPH)
MISC ----> 37 200 55 200
================================================================================
NOTES:
# LAST OF SEVERAL OCCURRENCES
COLUMN 17 PEAK WIND IN M.P.H.
PRELIMINARY LOCAL CLIMATOLOGICAL DATA (WS FORM: F-6) , PAGE 2
STATION: BOWLING GREEN KY
MONTH: FEBRUARY
YEAR: 2022
LATITUDE: 36 58 N
LONGITUDE: 86 26 W
[TEMPERATURE DATA] [PRECIPITATION DATA] SYMBOLS USED IN COLUMN 16
AVERAGE MONTHLY: 40.6 TOTAL FOR MONTH: 6.10 1 = FOG OR MIST
DPTR FM NORMAL: -0.5 DPTR FM NORMAL: 2.03 2 = FOG REDUCING VISIBILITY
HIGHEST: 71 ON 11 GRTST 24HR 1.86 ON 2- 3 TO 1/4 MILE OR LESS
LOWEST: 19 ON 13, 5 3 = THUNDER
SNOW, ICE PELLETS, HAIL 4 = ICE PELLETS
TOTAL MONTH: 0.1 INCH 5 = HAIL
GRTST 24HR 0.1 ON 4- 4 6 = FREEZING RAIN OR DRIZZLE
GRTST DEPTH: T 7 = DUSTSTORM OR SANDSTORM:
VSBY 1/2 MILE OR LESS
8 = SMOKE OR HAZE
[NO. OF DAYS WITH] [WEATHER - DAYS WITH] 9 = BLOWING SNOW
X = TORNADO
MAX 32 OR BELOW: 1 0.01 INCH OR MORE: 9
MAX 90 OR ABOVE: 0 0.10 INCH OR MORE: 6
MIN 32 OR BELOW: 20 0.50 INCH OR MORE: 5
MIN 0 OR BELOW: 0 1.00 INCH OR MORE: 3
[HDD (BASE 65) ]
TOTAL THIS MO. 675 CLEAR (SCALE 0-3) 13
DPTR FM NORMAL 4 PTCLDY (SCALE 4-7) 6
TOTAL FM JUL 1 2775 CLOUDY (SCALE 8-10) 9
DPTR FM NORMAL -243
[CDD (BASE 65) ]
TOTAL THIS MO. 0
DPTR FM NORMAL -1 [PRESSURE DATA]
TOTAL FM JAN 1 2 HIGHEST SLP M ON M
DPTR FM NORMAL 2 LOWEST SLP 29.47 ON 17
[REMARKS]
#FINAL-02-22#