000
CXUS55 KRIW 011110
CF6BYG
PRELIMINARY LOCAL CLIMATOLOGICAL DATA (WS FORM: F-6)
STATION: BUFFALO WY
MONTH: JANUARY
YEAR: 2022
LATITUDE: 44 22 N
LONGITUDE: 106 43 W
TEMPERATURE IN F: :PCPN: SNOW: WIND :SUNSHINE: SKY :PK WND
================================================================================
1 2 3 4 5 6A 6B 7 8 9 10 11 12 13 14 15 16 17 18
12Z AVG MX 2MIN
DY MAX MIN AVG DEP HDD CDD WTR SNW DPTH SPD SPD DIR MIN PSBL S-S WX SPD DR
================================================================================
1 20 -14 3 -24 62 0 T M M 6.2 20 170 M M 1 18 25 170
2 43 13 28 1 37 0 0.00 M M 5.2 16 180 M M 2 19 170
3 47 25 36 8 29 0 0.00 M M 13.2 43 250 M M 0 60 240
4 43 -5 19 -9 46 0 T M M 18.1 53 250 M M 5 69 250
5 -5 -11 -8 -36 73 0 T M M 9.6 22 350 M M 9 28 350
6 32 -10 11 -17 54 0 0.00 M M 6.8 17 150 M M 7 21 140
7 51 17 34 6 31 0 0.00 M M 16.6 43 250 M M 0 58 240
8 47 12 30 2 35 0 0.00 M M 12.4 44 240 M M 2 60 240
9 40 13 27 -1 38 0 0.00 M M 5.3 14 170 M M 0 18 180
10 54 27 41 13 24 0 0.00 M M 6.0 14 140 M M 0 17 130
11 48 25 37 9 28 0 0.00 M M 7.0 20 170 M M 0 25 180
12 57 33 45 17 20 0 0.00 M M 5.7 13 170 M M 2 16 160
13 57 31 44 16 21 0 0.00 M M 7.8 33 320 M M 1 49 340
14 44 23 34 6 31 0 0.01 M M 17.8 38 340 M M 7 12 52 340
15 51 18 35 7 30 0 0.00 M M 4.5 14 230 M M 1 17 230
16 42 27 35 7 30 0 0.00 M M 7.8 23 10 M M 0 29 360
17 52 34 43 15 22 0 0.00 M M 6.2 23 310 M M 0 31 310
18 53 9 31 3 34 0 T M M 14.7 25 340 M M 7 126 35 360
19 12 -1 6 -22 59 0 0.02 M M 5.4 12 160 M M 6 1 16 330
20 38 7 23 -5 42 0 0.00 M M 6.8 18 160 M M 4 22 150
21 40 21 31 3 34 0 0.01 M M 14.4 33 340 M M 6 1 44 330
22 44 20 32 5 33 0 0.00 M M 5.8 17 350 M M 5 23 350
23 50 34 42 15 23 0 0.00 M M 7.8 30 330 M M 3 45 340
24 40 29 35 8 30 0 T M M 14.8 26 330 M M 6 1 38 330
25 29 16 23 -4 42 0 0.02 M M 9.3 30 340 M M 7 1 40 340
26 38 15 27 0 38 0 T M M 11.6 32 340 M M 1 1 44 340
27 31 17 24 -3 41 0 T M M 14.0 31 340 M M 4 19 42 330
28 49 19 34 7 31 0 0.00 M M 7.8 17 180 M M 0 22 170
29 52 29 41 14 24 0 0.00 M M 5.3 14 350 M M 0 16 350
30 48 31 40 13 25 0 0.00 M M 6.2 13 330 M M 0 17 330
31 51 21 36 10 29 0 0.00 M M 14.4 37 300 M M 2 50 300
================================================================================
SM 1298 525 1096 0 0.06 M 294.5 M 88
================================================================================
AV 41.9 16.9 9.5 FASTST M M 3 MAX(MPH)
MISC ----> 53 250 69 250
================================================================================
NOTES:
# LAST OF SEVERAL OCCURRENCES
COLUMN 17 PEAK WIND IN M.P.H.
PRELIMINARY LOCAL CLIMATOLOGICAL DATA (WS FORM: F-6) , PAGE 2
STATION: BUFFALO WY
MONTH: JANUARY
YEAR: 2022
LATITUDE: 44 22 N
LONGITUDE: 106 43 W
[TEMPERATURE DATA] [PRECIPITATION DATA] SYMBOLS USED IN COLUMN 16
AVERAGE MONTHLY: 29.4 TOTAL FOR MONTH: 0.06 1 = FOG OR MIST
DPTR FM NORMAL: 1.9 DPTR FM NORMAL: -0.17 2 = FOG REDUCING VISIBILITY
HIGHEST: 57 ON 13,12 GRTST 24HR 0.08 ON 4- 5 TO 1/4 MILE OR LESS
LOWEST: -14 ON 1 3 = THUNDER
SNOW, ICE PELLETS, HAIL 4 = ICE PELLETS
TOTAL MONTH: M 5 = HAIL
GRTST 24HR M ON M 6 = FREEZING RAIN OR DRIZZLE
GRTST DEPTH: M ON M 7 = DUSTSTORM OR SANDSTORM:
VSBY 1/2 MILE OR LESS
8 = SMOKE OR HAZE
[NO. OF DAYS WITH] [WEATHER - DAYS WITH] 9 = BLOWING SNOW
X = TORNADO
MAX 32 OR BELOW: 6 0.01 INCH OR MORE: 4
MAX 90 OR ABOVE: 0 0.10 INCH OR MORE: 0
MIN 32 OR BELOW: 28 0.50 INCH OR MORE: 0
MIN 0 OR BELOW: 5 1.00 INCH OR MORE: 0
[HDD (BASE 65) ]
TOTAL THIS MO. 1096 CLEAR (SCALE 0-3) 19
DPTR FM NORMAL -68 PTCLDY (SCALE 4-7) 11
TOTAL FM JUL 1 3477 CLOUDY (SCALE 8-10) 1
DPTR FM NORMAL -620
[CDD (BASE 65) ]
TOTAL THIS MO. 0
DPTR FM NORMAL 0 [PRESSURE DATA]
TOTAL FM JAN 1 0 HIGHEST SLP 30.57 ON 19
DPTR FM NORMAL 0 LOWEST SLP 29.29 ON 7
[REMARKS]
#FINAL-01-22#