000
CXUS54 KHGX 030046
CF6BYY
PRELIMINARY LOCAL CLIMATOLOGICAL DATA (WS FORM: F-6)
STATION: Bay City
MONTH: MARCH
YEAR: 2024
LATITUDE: 28 58 N
LONGITUDE: 95 52 W
TEMPERATURE IN F: :PCPN: SNOW: WIND :SUNSHINE: SKY :PK WND
================================================================================
1 2 3 4 5 6A 6B 7 8 9 10 11 12 13 14 15 16 17 18
12Z AVG MX 2MIN
DY MAX MIN AVG DEP HDD CDD WTR SNW DPTH SPD SPD DIR MIN PSBL S-S WX SPD DR
================================================================================
1 67 48 58 M 7 0 M M M 5.6 9 190 M M 7 8 M M
2 69 51 60 M 5 0 0.00 0.0 0 3.4 9 140 M M 10 12 M M
3 72 59 66 M 0 1 0.00 0.0 0 6.4 9 120 M M 10 12 M M
4 78 65 72 M 0 7 0.00 0.0 0 7.0 14 180 M M 7 1 20 180
5 87 64 76 M 0 11 0.00 0.0 0 6.0 13 170 M M 7 12 M M
6 78 60 69 M 0 4 0.00 0.0 0 5.2 9 120 M M 5 12 M M
7 77 56 67 M 0 2 0.00 0.0 0 9.1 17 170 M M 9 12 21 170
8 84 66 75 M 0 10 0.00 0.0 0 8.8 13 180 M M 6 1 21 360
9 65 46 56 M 9 0 0.00 0.0 0 14.0 21 350 M M 3 28 350
10 68 39 54 M 11 0 0.00 0.0 0 3.7 9 60 M M 0 16 60
11 71 49 60 M 5 0 0.00 0.0 0 6.1 12 140 M M 5 M M
12 76 50 63 M 2 0 0.00 0.0 0 6.9 13 170 M M 5 1 20 170
13 78 60 69 M 0 4 0.00 0.0 0 10.7 18 190 M M 9 25 190
14 79 69 74 M 0 9 0.00 0.0 0 13.9 23 160 M M 9 1 30 160
15 82 64 73 M 0 8 0.21 0.0 0 9.1 16 50 M M 8 1 29 110
16 82 63 73 M 0 8 0.02 0.0 0 11.2 18 150 M M 7 1 23 150
17 70 62 66 M 0 1 0.74 0.0 0 7.5 13 40 M M 9 1 17 40
18 69 49 59 M 6 0 0.00 0.0 0 11.5 21 60 M M 4 28 60
19 61 43 52 M 13 0 0.00 0.0 0 3.5 8 40 M M 6 M M
20 70 52 61 M 4 0 0.00 0.0 0 5.7 10 110 M M 10 M M
21 65 58 62 M 3 0 0.76 0.0 0 10.9 17 120 M M 10 27 120
22 74 57 66 M 0 1 M 0.0 0 8.5 16 360 M M 5 1 27 360
23 78 48 63 M 2 0 M 0.0 0 6.5 13 190 M M 0 M M
24 72 54 63 M 2 0 M 0.0 0 13.1 25 150 M M 5 33 150
25 79 55 67 M 0 2 0.02 0.0 0 10.4 23 200 M M 6 1 29 200
26 70 51 61 M 4 0 M 0.0 0 7.2 16 10 M M 0 23 10
27 69 45 57 M 8 0 M 0.0 0 7.6 17 10 M M 3 24 10
28 76 44 60 M 5 0 0.00 0.0 0 4.4 13 170 M M 1 18 150
29 74 51 63 M 2 0 0.00 0.0 0 10.3 20 140 M M 1 27 180
30 78 56 67 M 0 2 0.00 0.0 0 8.9 17 170 M M 6 21 190
31 77 61 69 M 0 4 M 0.0 0 11.1 18 180 M M 9 1 24 190
================================================================================
SM 2295 1695 88 74 1.75 0.0 254.2 M 182
================================================================================
AV 74.0 54.7 8.2 FASTST M M 6 MAX(MPH)
MISC ----> 25 150 33 150
================================================================================
NOTES:
# LAST OF SEVERAL OCCURRENCES
COLUMN 17 PEAK WIND IN M.P.H.
PRELIMINARY LOCAL CLIMATOLOGICAL DATA (WS FORM: F-6) , PAGE 2
STATION: Bay City
MONTH: MARCH
YEAR: 2024
LATITUDE: 28 58 N
LONGITUDE: 95 52 W
[TEMPERATURE DATA] [PRECIPITATION DATA] SYMBOLS USED IN COLUMN 16
AVERAGE MONTHLY: 64.4 TOTAL FOR MONTH: 1.75 1 = FOG OR MIST
DPTR FM NORMAL: 0.0 DPTR FM NORMAL: M 2 = FOG REDUCING VISIBILITY
HIGHEST: 87 ON 5 GRTST 24HR 0.76 ON 21-21 TO 1/4 MILE OR LESS
LOWEST: 39 ON 10 3 = THUNDER
SNOW, ICE PELLETS, HAIL 4 = ICE PELLETS
TOTAL MONTH: 0.0 INCH 5 = HAIL
GRTST 24HR 0.0 6 = FREEZING RAIN OR DRIZZLE
GRTST DEPTH: 0 7 = DUSTSTORM OR SANDSTORM:
VSBY 1/2 MILE OR LESS
8 = SMOKE OR HAZE
[NO. OF DAYS WITH] [WEATHER - DAYS WITH] 9 = BLOWING SNOW
X = TORNADO
MAX 32 OR BELOW: 0 0.01 INCH OR MORE: 5
MAX 90 OR ABOVE: 0 0.10 INCH OR MORE: 3
MIN 32 OR BELOW: 0 0.50 INCH OR MORE: 2
MIN 0 OR BELOW: 0 1.00 INCH OR MORE: 0
[HDD (BASE 65) ]
TOTAL THIS MO. 88 CLEAR (SCALE 0-3) 6
DPTR FM NORMAL M PTCLDY (SCALE 4-7) 16
TOTAL FM JUL 1 1289 CLOUDY (SCALE 8-10) 9
DPTR FM NORMAL M
[CDD (BASE 65) ]
TOTAL THIS MO. 74
DPTR FM NORMAL M [PRESSURE DATA]
TOTAL FM JAN 1 91 HIGHEST SLP M ON M
DPTR FM NORMAL M LOWEST SLP M ON M
[REMARKS]
#FINAL-03-24#