000
CXUS54 KHGX 011410
CF6BYY
PRELIMINARY LOCAL CLIMATOLOGICAL DATA (WS FORM: F-6)
STATION: Bay City
MONTH: AUGUST
YEAR: 2022
LATITUDE: 28 58 N
LONGITUDE: 95 52 W
TEMPERATURE IN F: :PCPN: SNOW: WIND :SUNSHINE: SKY :PK WND
================================================================================
1 2 3 4 5 6A 6B 7 8 9 10 11 12 13 14 15 16 17 18
12Z AVG MX 2MIN
DY MAX MIN AVG DEP HDD CDD WTR SNW DPTH SPD SPD DIR MIN PSBL S-S WX SPD DR
================================================================================
1 93 76 85 M 0 20 0.07 0.0 0 8.2 17 180 M M 2 22 220
2 96 77 87 M 0 22 0.00 0.0 0 9.2 17 180 M M 3 23 220
3 95 78 87 M 0 22 M 0.0 0 10.6 20 200 M M 4 27 200
4 95 78 87 M 0 22 0.00 0.0 0 8.7 15 180 M M 2 24 180
5 90 74 82 M 0 17 0.01 0.0 0 3.6 10 200 M M 2 1 21 200
6 92 74 83 M 0 18 0.01 0.0 0 4.8 15 180 M M 3 20 180
7 95 73 84 M 0 19 M 0.0 M 6.6 16 130 M M 2 1 22 130
8 96 73 85 M 0 20 0.00 0.0 0 6.1 15 140 M M 1 22 150
9 96 75 86 M 0 21 0.02 0.0 0 6.0 14 160 M M 2 20 130
10 97 73 85 M 0 20 0.78 0.0 0 4.7 15 180 M M 3 37 50
11 94 73 84 M 0 19 0.00 0.0 0 5.4 13 150 M M 2 16 170
12 90 75 83 M 0 18 0.81 0.0 0 1.2 9 110 M M 3 1 32 350
13 89 76 83 M 0 18 0.69 0.0 0 6.4 12 80 M M 6 1 33 80
14 88 76 82 M 0 17 0.25 0.0 0 7.0 13 170 M M 5 27 180
15 92 75 84 M 0 19 0.00 0.0 0 6.7 13 150 M M 2 1 18 150
16 92 76 84 M 0 19 0.00 0.0 0 5.7 13 190 M M 1 20 200
17 94 74 84 M 0 19 M 0.0 0 4.4 14 200 M M 2 1 20 170
18 93 74 84 M 0 19 0.10 0.0 0 5.3 16 230 M M 2 35 180
19 80 72 76 M 0 11 1.36 0.0 0 3.1 8 190 M M 6 12 M M
20 89 75 82 M 0 17 0.17 0.0 0 6.4 15 150 M M 4 12 25 150
21 90 77 84 M 0 19 0.10 0.0 0 7.6 16 200 M M 3 23 200
22 91 79 85 M 0 20 0.02 0.0 0 9.4 18 210 M M 3 23 210
23 87 76 82 M 0 17 0.07 0.0 0 4.3 10 210 M M 5 22 0
24 83 76 80 M 0 15 0.03 0.0 0 2.0 15 210 M M 6 29 210
25 87 75 81 M 0 16 0.54 0.0 0 3.8 10 250 M M 4 3 M M
26 88 75 82 M 0 17 0.00 0.0 0 2.9 12 170 M M 3 21 170
27 89 75 82 M 0 17 0.13 0.0 0 4.4 17 120 M M 3 22 120
28 89 75 82 M 0 17 0.00 0.0 0 6.2 15 150 M M 3 20 140
29 83 77 80 M 0 15 0.46 0.0 0 7.3 18 180 M M 5 24 180
30 89 76 83 M 0 18 M 0.0 0 5.4 12 160 M M 2 1 16 170
31 90 75 83 M 0 18 M 0.0 0 2.8 12 110 M M 1 20 110
================================================================================
SM 2812 2333 0 566 5.62 0.0 176.2 M 95
================================================================================
AV 90.7 75.3 5.7 FASTST M M 3 MAX(MPH)
MISC ----> 20 200 37 50
================================================================================
NOTES:
# LAST OF SEVERAL OCCURRENCES
COLUMN 17 PEAK WIND IN M.P.H.
PRELIMINARY LOCAL CLIMATOLOGICAL DATA (WS FORM: F-6) , PAGE 2
STATION: Bay City
MONTH: AUGUST
YEAR: 2022
LATITUDE: 28 58 N
LONGITUDE: 95 52 W
[TEMPERATURE DATA] [PRECIPITATION DATA] SYMBOLS USED IN COLUMN 16
AVERAGE MONTHLY: 83.0 TOTAL FOR MONTH: 5.62 1 = FOG OR MIST
DPTR FM NORMAL: 0.0 DPTR FM NORMAL: M 2 = FOG REDUCING VISIBILITY
HIGHEST: 97 ON 10 GRTST 24HR 1.36 ON 19-19 TO 1/4 MILE OR LESS
LOWEST: 72 ON 19 3 = THUNDER
SNOW, ICE PELLETS, HAIL 4 = ICE PELLETS
TOTAL MONTH: 0.0 INCH 5 = HAIL
GRTST 24HR 0.0 6 = FREEZING RAIN OR DRIZZLE
GRTST DEPTH: 0 7 = DUSTSTORM OR SANDSTORM:
VSBY 1/2 MILE OR LESS
8 = SMOKE OR HAZE
[NO. OF DAYS WITH] [WEATHER - DAYS WITH] 9 = BLOWING SNOW
X = TORNADO
MAX 32 OR BELOW: 0 0.01 INCH OR MORE: 18
MAX 90 OR ABOVE: 19 0.10 INCH OR MORE: 9
MIN 32 OR BELOW: 0 0.50 INCH OR MORE: 5
MIN 0 OR BELOW: 0 1.00 INCH OR MORE: 1
[HDD (BASE 65) ]
TOTAL THIS MO. 0 CLEAR (SCALE 0-3) 17
DPTR FM NORMAL M PTCLDY (SCALE 4-7) 14
TOTAL FM JUL 1 0 CLOUDY (SCALE 8-10) 0
DPTR FM NORMAL M
[CDD (BASE 65) ]
TOTAL THIS MO. 566
DPTR FM NORMAL M [PRESSURE DATA]
TOTAL FM JAN 1 2533 HIGHEST SLP M ON M
DPTR FM NORMAL M LOWEST SLP M ON M
[REMARKS]
#FINAL-08-22#