000
CXUS54 KHGX 011603
CF6BYY
PRELIMINARY LOCAL CLIMATOLOGICAL DATA (WS FORM: F-6)
STATION: Bay City
MONTH: JANUARY
YEAR: 2021
LATITUDE: 28 58 N
LONGITUDE: 95 52 W
TEMPERATURE IN F: :PCPN: SNOW: WIND :SUNSHINE: SKY :PK WND
================================================================================
1 2 3 4 5 6A 6B 7 8 9 10 11 12 13 14 15 16 17 18
12Z AVG MX 2MIN
DY MAX MIN AVG DEP HDD CDD WTR SNW DPTH SPD SPD DIR MIN PSBL S-S WX SPD DR
================================================================================
1 53 37 45 M 20 0 0.00 0.0 0 8.6 17 270 M M 1 27 270
2 57 36 47 M 18 0 0.00 0.0 0 3.7 12 320 M M 1 18 330
3 65 38 52 M 13 0 0.00 0.0 0 4.7 13 210 M M 0 16 210
4 74 44 59 M 6 0 0.00 0.0 0 2.5 13 240 M M 5 12 16 240
5 69 48 59 M 6 0 0.00 0.0 0 4.3 10 120 M M 8 12 M M
6 73 51 62 M 3 0 0.04 0.0 0 9.0 22 160 M M 6 29 180
7 59 43 51 M 14 0 0.00 0.0 0 9.1 16 320 M M 0 22 310
8 55 37 46 M 19 0 0.00 0.0 0 4.0 13 10 M M 1 18 10
9 57 34 46 M 19 0 0.02 0.0 0 3.9 9 60 M M 3 M M
10 47 37 42 M 23 0 0.41 0.0 0 14.2 25 30 M M 10 33 30
11 42 34 38 M 27 0 0.00 0.0 0 10.6 18 350 M M 10 22 360
12 46 29 38 M 27 0 0.00 0.0 0 1.6 8 10 M M 7 1 M M
13 58 34 46 M 19 0 0.00 0.0 0 2.2 7 210 M M 1 1 M M
14 71 36 54 M 11 0 0.00 0.0 0 6.7 17 230 M M 1 12 24 240
15 61 37 49 M 16 0 0.00 0.0 0 7.5 17 330 M M 0 25 330
16 61 38 50 M 15 0 0.00 0.0 0 3.2 9 310 M M 3 8 M M
17 69 33 51 M 14 0 0.00 0.0 0 0.9 7 310 M M 0 M M
18 71 37 54 M 11 0 0.00 0.0 0 9.2 23 160 M M 5 27 160
19 75 60 68 M 0 3 0.06 0.0 0 9.3 17 150 M M 7 24 140
20 73 59 66 M 0 1 0.00 0.0 0 4.3 10 150 M M 9 12 M M
21 69 62 66 M 0 1 0.10 0.0 0 0.5 5 240 M M 10 1 M M
22 72 63 68 M 0 3 0.02 0.0 0 0.5 6 330 M M 9 1 M M
23 64 60 62 M 3 0 0.02 0.0 0 6.2 13 90 M M 10 12 17 100
24 77 61 69 M 0 4 0.00 0.0 0 10.4 22 160 M M 10 1 30 150
25 78 68 73 M 0 8 0.00 0.0 0 8.5 17 210 M M 9 18 21 210
26 78 63 71 M 0 6 0.00 0.0 0 6.3 15 80 M M 9 21 90
27 68 49 59 M 6 0 0.00 0.0 0 11.6 22 360 M M 4 12 29 360
28 61 40 51 M 14 0 0.00 0.0 0 5.4 13 40 M M 0 18 40
29 67 40 54 M 11 0 0.00 0.0 0 6.1 14 100 M M 3 21 100
30 75 58 67 M 0 2 0.00 0.0 0 11.0 28 180 M M 9 1 35 180
31 69 48 59 M 6 0 0.00 0.0 0 8.0 17 350 M M 1 1 29 360
================================================================================
SM 2014 1414 321 28 0.67 0.0 194.0 M 152
================================================================================
AV 65.0 45.6 6.3 FASTST M M 5 MAX(MPH)
MISC ----> 28 180 35 180
================================================================================
NOTES:
# LAST OF SEVERAL OCCURRENCES
COLUMN 17 PEAK WIND IN M.P.H.
PRELIMINARY LOCAL CLIMATOLOGICAL DATA (WS FORM: F-6) , PAGE 2
STATION: Bay City
MONTH: JANUARY
YEAR: 2021
LATITUDE: 28 58 N
LONGITUDE: 95 52 W
[TEMPERATURE DATA] [PRECIPITATION DATA] SYMBOLS USED IN COLUMN 16
AVERAGE MONTHLY: 55.3 TOTAL FOR MONTH: 0.67 1 = FOG OR MIST
DPTR FM NORMAL: 0.0 DPTR FM NORMAL: M 2 = FOG REDUCING VISIBILITY
HIGHEST: 78 ON 26,25 GRTST 24HR 1.20 ON 9-10 TO 1/4 MILE OR LESS
LOWEST: 29 ON 12 3 = THUNDER
SNOW, ICE PELLETS, HAIL 4 = ICE PELLETS
TOTAL MONTH: 0.0 INCH 5 = HAIL
GRTST 24HR 0.0 6 = FREEZING RAIN OR DRIZZLE
GRTST DEPTH: 0 7 = DUSTSTORM OR SANDSTORM:
VSBY 1/2 MILE OR LESS
8 = SMOKE OR HAZE
[NO. OF DAYS WITH] [WEATHER - DAYS WITH] 9 = BLOWING SNOW
X = TORNADO
MAX 32 OR BELOW: 0 0.01 INCH OR MORE: 7
MAX 90 OR ABOVE: 0 0.10 INCH OR MORE: 1
MIN 32 OR BELOW: 1 0.50 INCH OR MORE: 0
MIN 0 OR BELOW: 0 1.00 INCH OR MORE: 0
[HDD (BASE 65) ]
TOTAL THIS MO. 321 CLEAR (SCALE 0-3) 14
DPTR FM NORMAL M PTCLDY (SCALE 4-7) 6
TOTAL FM JUL 1 702 CLOUDY (SCALE 8-10) 11
DPTR FM NORMAL M
[CDD (BASE 65) ]
TOTAL THIS MO. 28
DPTR FM NORMAL M [PRESSURE DATA]
TOTAL FM JAN 1 28 HIGHEST SLP M ON M
DPTR FM NORMAL M LOWEST SLP M ON M
[REMARKS]
#FINAL-01-21#