000
CXUS56 KTFX 011110
CF6BZN
PRELIMINARY LOCAL CLIMATOLOGICAL DATA (WS FORM: F-6)
STATION: BOZEMAN/GALLATIN FIELD MT
MONTH: JULY
YEAR: 2022
LATITUDE: 45 46 N
LONGITUDE: 111 9 W
TEMPERATURE IN F: :PCPN: SNOW: WIND :SUNSHINE: SKY :PK WND
================================================================================
1 2 3 4 5 6A 6B 7 8 9 10 11 12 13 14 15 16 17 18
12Z AVG MX 2MIN
DY MAX MIN AVG DEP HDD CDD WTR SNW DPTH SPD SPD DIR MIN PSBL S-S WX SPD DR
================================================================================
1 87 49 68 5 0 3 0.00 0.0 0 6.2 28 350 M M 0 35 360
2 89 50 70 6 0 5 T 0.0 0 5.5 36 230 M M 1 3 48 220
3 73 54 64 0 1 0 0.22 0.0 0 7.0 25 260 M M 4 13 32 270
4 78 54 66 2 0 1 0.16 0.0 0 6.8 21 90 M M 4 1 27 90
5 83 53 68 3 0 3 0.00 0.0 0 4.3 14 360 M M 1 24 300
6 90 54 72 7 0 7 0.00 0.0 0 7.6 25 300 M M 0 35 300
7 83 55 69 4 0 4 T 0.0 0 7.6 25 260 M M 1 38 250
8 89 51 70 4 0 5 T 0.0 0 7.2 23 110 M M 1 31 190
9 89 49 69 3 0 4 0.00 0.0 0 5.7 36 350 M M 1 48 360
10 81 48 65 -1 0 0 T 0.0 0 7.1 20 330 M M 1 28 330
11 82 46 64 -3 1 0 0.00 0.0 0 4.8 12 150 M M 0 16 300
12 94 48 71 4 0 6 0.00 0.0 0 4.2 13 150 M M 0 16 150
13 96 53 75 8 0 10 T 0.0 0 5.8 24 340 M M 1 38 33 310
14 92 53 73 5 0 8 0.00 0.0 0 5.2 25 190 M M 0 34 190
15 85 54 70 2 0 5 0.07 0.0 0 7.5 29 130 M M 1 3 38 130
16 94 52 73 5 0 8 T 0.0 0 5.8 32 190 M M 0 44 200
17 98 51 75 7 0 10 T 0.0 0 7.1 44 190 M M 0 58 200
18 96 57 77 9 0 12 0.00 0.0 0 14.3 38 250 M M 0 53 250
19 88 44 66 -3 0 1 0.00 0.0 0 5.3 12 140 M M 0 8 16 20
20 95 44 70 1 0 5 0.00 0.0 0 6.3 21 300 M M 0 28 290
21 94 46 70 1 0 5 0.00 0.0 0 6.2 15 290 M M 0 20 260
22 96 51 74 5 0 9 0.00 0.0 0 7.3 23 350 M M 0 32 350
23 88 49 69 0 0 4 0.00 0.0 0 4.2 13 140 M M 0 17 10
24 89 53 71 2 0 6 0.00 0.0 0 6.8 31 340 M M 0 42 340
25 87 48 68 -1 0 3 0.00 0.0 0 4.2 12 290 M M 0 16 290
26 89 58 74 5 0 9 0.00 0.0 0 4.4 12 190 M M 2 8 16 340
27 92 53 73 4 0 8 0.00 0.0 0 5.1 14 100 M M 0 20 130
28 91 57 74 5 0 9 0.00 0.0 0 4.3 12 120 M M 0 16 280
29 96 56 76 7 0 11 T 0.0 0 5.5 22 240 M M 1 8 33 210
30 95 55 75 6 0 10 0.00 0.0 0 5.3 16 140 M M 0 21 140
31 97 54 76 7 0 11 0.00 0.0 0 5.4 12 290 M M 0 21 290
================================================================================
SM 2776 1599 2 182 0.45 0.0 190.0 M 19
================================================================================
AV 89.5 51.6 6.1 FASTST M M 1 MAX(MPH)
MISC ----> 44 190 58 200
================================================================================
NOTES:
# LAST OF SEVERAL OCCURRENCES
COLUMN 17 PEAK WIND IN M.P.H.
PRELIMINARY LOCAL CLIMATOLOGICAL DATA (WS FORM: F-6) , PAGE 2
STATION: BOZEMAN/GALLATIN FIELD MT
MONTH: JULY
YEAR: 2022
LATITUDE: 45 46 N
LONGITUDE: 111 9 W
[TEMPERATURE DATA] [PRECIPITATION DATA] SYMBOLS USED IN COLUMN 16
AVERAGE MONTHLY: 70.6 TOTAL FOR MONTH: 0.45 1 = FOG OR MIST
DPTR FM NORMAL: 3.2 DPTR FM NORMAL: -0.63 2 = FOG REDUCING VISIBILITY
HIGHEST: 98 ON 17 GRTST 24HR 0.38 ON 3- 4 TO 1/4 MILE OR LESS
LOWEST: 44 ON 20,19 3 = THUNDER
SNOW, ICE PELLETS, HAIL 4 = ICE PELLETS
TOTAL MONTH: 0.0 INCH 5 = HAIL
GRTST 24HR 0.0 6 = FREEZING RAIN OR DRIZZLE
GRTST DEPTH: 0 7 = DUSTSTORM OR SANDSTORM:
VSBY 1/2 MILE OR LESS
8 = SMOKE OR HAZE
[NO. OF DAYS WITH] [WEATHER - DAYS WITH] 9 = BLOWING SNOW
X = TORNADO
MAX 32 OR BELOW: 0 0.01 INCH OR MORE: 3
MAX 90 OR ABOVE: 15 0.10 INCH OR MORE: 2
MIN 32 OR BELOW: 0 0.50 INCH OR MORE: 0
MIN 0 OR BELOW: 0 1.00 INCH OR MORE: 0
[HDD (BASE 65) ]
TOTAL THIS MO. 2 CLEAR (SCALE 0-3) 29
DPTR FM NORMAL -40 PTCLDY (SCALE 4-7) 2
TOTAL FM JUL 1 2 CLOUDY (SCALE 8-10) 0
DPTR FM NORMAL -39
[CDD (BASE 65) ]
TOTAL THIS MO. 182
DPTR FM NORMAL 65 [PRESSURE DATA]
TOTAL FM JAN 1 206 HIGHEST SLP 30.26 ON 11
DPTR FM NORMAL 71 LOWEST SLP 29.61 ON 18
[REMARKS]
#FINAL-07-22#