000
CXUS55 KABQ 011126
CF6CAO
PRELIMINARY LOCAL CLIMATOLOGICAL DATA (WS FORM: F-6)
STATION: CLAYTON NM
MONTH: SEPTEMBER
YEAR: 2020
LATITUDE: 36 27 N
LONGITUDE: 103 9 W
TEMPERATURE IN F: :PCPN: SNOW: WIND :SUNSHINE: SKY :PK WND
================================================================================
1 2 3 4 5 6A 6B 7 8 9 10 11 12 13 14 15 16 17 18
12Z AVG MX 2MIN
DY MAX MIN AVG DEP HDD CDD WTR SNW DPTH SPD SPD DIR MIN PSBL S-S WX SPD DR
================================================================================
1 82 56 69 -2 0 4 0.08 0.0 0 9.2 20 140 M M 1 3 26 140
2 84 59 72 1 0 7 0.00 0.0 0 9.3 16 40 M M 0 1 22 30
3 82 56 69 -1 0 4 0.00 0.0 0 12.7 31 360 M M 0 41 350
4 89 53 71 1 0 6 0.00 0.0 0 10.5 22 170 M M 0 35 200
5 91 59 75 5 0 10 0.00 0.0 0 13.7 23 190 M M 0 35 180
6 99 62 81 11 0 16 0.00 0.0 0 11.5 22 20 M M 0 32 230
7 95 66 81 12 0 16 0.00 0.0 0 17.9 31 190 M M 0 38 190
8 72 33 53 -16 12 0 0.22 T 0 27.7 38 10 M M 9 13 53 340
9 39 32 36 -32 29 0 0.28 T 0 19.8 29 20 M M 10 1 38 10
10 48 36 42 -26 23 0 0.25 0.0 0 9.1 20 360 M M 8 1 27 10
11 76 35 56 -12 9 0 0.00 0.0 0 7.4 22 270 M M 1 12 36 230
12 80 47 64 -3 1 0 0.00 0.0 0 8.3 16 30 M M 0 22 20
13 82 51 67 0 0 2 0.00 0.0 0 6.7 13 110 M M 0 18 110
14 78 50 64 -3 1 0 0.00 0.0 0 6.0 13 70 M M 0 17 130
15 81 51 66 0 0 1 0.00 0.0 0 7.3 13 220 M M 0 18 200
16 82 53 68 2 0 3 0.00 0.0 0 13.2 29 20 M M 0 45 30
17 79 50 65 0 0 0 0.00 0.0 0 7.4 13 160 M M 0 18 160
18 80 50 65 0 0 0 0.00 0.0 0 11.5 21 160 M M 0 8 29 180
19 80 52 66 2 0 1 0.00 0.0 0 18.1 32 200 M M 0 8 42 200
20 85 51 68 4 0 3 0.00 0.0 0 15.6 25 170 M M 0 8 32 180
21 85 52 69 5 0 4 0.00 0.0 0 12.6 23 240 M M 0 8 32 240
22 85 50 68 5 0 3 0.00 0.0 0 8.6 21 270 M M 0 38 30 270
23 85 54 70 7 0 5 0.00 0.0 0 8.7 15 20 M M 0 8 22 20
24 89 60 75 13 0 10 0.00 0.0 0 10.3 17 190 M M 0 8 31 180
25 94 60 77 15 0 12 0.00 0.0 0 7.7 16 260 M M 0 8 25 140
26 94 55 75 13 0 10 0.00 0.0 0 10.3 28 320 M M 0 8 40 320
27 76 47 62 1 3 0 0.00 0.0 0 23.4 37 30 M M 3 49 30
28 63 38 51 -10 14 0 0.00 0.0 0 11.2 25 10 M M 3 36 10
29 79 42 61 1 4 0 0.00 0.0 0 8.9 16 260 M M 0 25 260
30 82 50 66 6 0 1 0.00 0.0 0 12.3 23 40 M M 0 8 32 40
================================================================================
SM 2416 1510 96 118 0.83 T 356.9 M 35
================================================================================
AV 80.5 50.3 11.9 FASTST M M 1 MAX(MPH)
MISC ----> # 38 10 # 53 340
================================================================================
NOTES:
# LAST OF SEVERAL OCCURRENCES
COLUMN 17 PEAK WIND IN M.P.H.
PRELIMINARY LOCAL CLIMATOLOGICAL DATA (WS FORM: F-6) , PAGE 2
STATION: CLAYTON NM
MONTH: SEPTEMBER
YEAR: 2020
LATITUDE: 36 27 N
LONGITUDE: 103 9 W
[TEMPERATURE DATA] [PRECIPITATION DATA] SYMBOLS USED IN COLUMN 16
AVERAGE MONTHLY: 65.4 TOTAL FOR MONTH: 0.83 1 = FOG OR MIST
DPTR FM NORMAL: -0.4 DPTR FM NORMAL: -0.84 2 = FOG REDUCING VISIBILITY
HIGHEST: 99 ON 6 GRTST 24HR 0.28 ON 9- 9 TO 1/4 MILE OR LESS
LOWEST: 32 ON 9 3 = THUNDER
SNOW, ICE PELLETS, HAIL 4 = ICE PELLETS
TOTAL MONTH: T 5 = HAIL
GRTST 24HR T ON 9- 9 6 = FREEZING RAIN OR DRIZZLE
GRTST DEPTH: 0 7 = DUSTSTORM OR SANDSTORM:
VSBY 1/2 MILE OR LESS
8 = SMOKE OR HAZE
[NO. OF DAYS WITH] [WEATHER - DAYS WITH] 9 = BLOWING SNOW
X = TORNADO
MAX 32 OR BELOW: 0 0.01 INCH OR MORE: 4
MAX 90 OR ABOVE: 5 0.10 INCH OR MORE: 3
MIN 32 OR BELOW: 1 0.50 INCH OR MORE: 0
MIN 0 OR BELOW: 0 1.00 INCH OR MORE: 0
[HDD (BASE 65) ]
TOTAL THIS MO. 96 CLEAR (SCALE 0-3) 27
DPTR FM NORMAL 18 PTCLDY (SCALE 4-7) 1
TOTAL FM JUL 1 96 CLOUDY (SCALE 8-10) 2
DPTR FM NORMAL 12
[CDD (BASE 65) ]
TOTAL THIS MO. 118
DPTR FM NORMAL 16 [PRESSURE DATA]
TOTAL FM JAN 1 1162 HIGHEST SLP 30.44 ON 10
DPTR FM NORMAL 263 LOWEST SLP 29.48 ON 7
[REMARKS]
#FINAL-09-20#