000
CXUS51 KCAR 010700
CF6CAR
PRELIMINARY LOCAL CLIMATOLOGICAL DATA (WS FORM: F-6)
STATION: CARIBOU ME
MONTH: JUNE
YEAR: 2023
LATITUDE: 46 52 N
LONGITUDE: 68 1 W
TEMPERATURE IN F: :PCPN: SNOW: WIND :SUNSHINE: SKY :PK WND
================================================================================
1 2 3 4 5 6A 6B 7 8 9 10 11 12 13 14 15 16 17 18
12Z AVG MX 2MIN
DY MAX MIN AVG DEP HDD CDD WTR SNW DPTH SPD SPD DIR MIN PSBL S-S WX SPD DR
================================================================================
1 93 57 75 18 0 10 0.00 0.0 0 3.4 14 340 M M 1 3 28 330
2 72 44 58 0 7 0 0.31 0.0 0 7.8 16 50 M M 6 1 27 40
3 53 41 47 -11 18 0 0.08 0.0 0 10.5 18 30 M M 10 29 30
4 59 41 50 -8 15 0 0.23 0.0 0 8.1 14 40 M M 9 24 50
5 54 45 50 -8 15 0 0.22 0.0 0 8.9 15 10 M M 10 1 21 360
6 53 48 51 -8 14 0 0.59 0.0 0 13.1 20 350 M M 10 1 32 340
7 54 47 51 -8 14 0 0.19 0.0 0 8.5 14 30 M M 10 1 21 350
8 58 46 52 -7 13 0 0.22 0.0 0 6.9 14 60 M M 10 1 19 100
9 59 48 54 -6 11 0 0.01 0.0 0 3.6 8 90 M M 10 12 20
10 63 48 56 -4 9 0 0.22 0.0 0 1.7 17 120 M M 7 138 23 120
11 74 44 59 -1 6 0 0.00 0.0 0 3.9 12 310 M M 0 1 17 340
12 80 49 65 5 0 0 0.00 0.0 0 3.4 12 170 M M 0 17 180
13 79 52 66 5 0 1 T 0.0 0 4.1 15 170 M M 2 1 22 180
14 72 60 66 5 0 1 0.01 0.0 0 4.6 12 70 M M 9 1 18 80
15 71 57 64 3 1 0 T 0.0 0 5.8 12 170 M M 9 13 17 160
16 68 51 60 -2 5 0 0.00 0.0 0 5.2 13 330 M M 7 1 19 20
17 58 48 53 -9 12 0 0.28 0.0 0 8.6 16 60 M M 10 1 25 80
18 53 48 51 -11 14 0 0.29 0.0 0 10.7 17 20 M M 10 1 28 10
19 64 48 56 -6 9 0 T 0.0 0 5.9 12 10 M M 9 17 360
20 70 51 61 -2 4 0 0.00 0.0 0 2.3 9 360 M M 9 12 13 350
21 80 48 64 1 1 0 0.00 0.0 0 2.5 8 180 M M 0 14 10
22 84 54 69 6 0 4 0.00 0.0 0 5.4 12 250 M M 0 16 240
23 89 58 74 11 0 9 0.00 0.0 0 4.4 13 230 M M 0 17 240
24 86 62 74 10 0 9 0.28 0.0 0 6.3 14 200 M M 4 1 23 190
25 81 63 72 8 0 7 0.05 0.0 0 4.9 14 80 M M 6 18 21 80
26 70 57 64 0 1 0 0.20 0.0 0 7.1 18 120 M M 8 1 29 110
27 71 57 64 0 1 0 0.05 0.0 0 8.4 16 170 M M 10 1 22 170
28 74 64 69 4 0 4 0.07 0.0 0 10.2 18 170 M M 10 1 28 160
29 73 64 69 4 0 4 0.19 0.0 0 8.6 16 160 M M 10 1 23 170
30 77 65 71 6 0 6 0.01 0.0 0 6.8 15 160 M M 7 1 19 160
================================================================================
SM 2092 1565 170 55 3.50 0.0 191.6 M 203
================================================================================
AV 69.7 52.2 6.4 FASTST M M 7 MAX(MPH)
MISC ----> 20 350 32 340
================================================================================
NOTES:
# LAST OF SEVERAL OCCURRENCES
COLUMN 17 PEAK WIND IN M.P.H.
PRELIMINARY LOCAL CLIMATOLOGICAL DATA (WS FORM: F-6) , PAGE 2
STATION: CARIBOU ME
MONTH: JUNE
YEAR: 2023
LATITUDE: 46 52 N
LONGITUDE: 68 1 W
[TEMPERATURE DATA] [PRECIPITATION DATA] SYMBOLS USED IN COLUMN 16
AVERAGE MONTHLY: 61.0 TOTAL FOR MONTH: 3.50 1 = FOG OR MIST
DPTR FM NORMAL: -0.5 DPTR FM NORMAL: -0.39 2 = FOG REDUCING VISIBILITY
HIGHEST: 93 ON 1 GRTST 24HR 0.68 ON 6- 7 TO 1/4 MILE OR LESS
LOWEST: 41 ON 4, 3 3 = THUNDER
SNOW, ICE PELLETS, HAIL 4 = ICE PELLETS
TOTAL MONTH: 0.0 INCH 5 = HAIL
GRTST 24HR 0.0 6 = FREEZING RAIN OR DRIZZLE
GRTST DEPTH: 0 7 = DUSTSTORM OR SANDSTORM:
VSBY 1/2 MILE OR LESS
8 = SMOKE OR HAZE
[NO. OF DAYS WITH] [WEATHER - DAYS WITH] 9 = BLOWING SNOW
X = TORNADO
MAX 32 OR BELOW: 0 0.01 INCH OR MORE: 19
MAX 90 OR ABOVE: 1 0.10 INCH OR MORE: 12
MIN 32 OR BELOW: 0 0.50 INCH OR MORE: 1
MIN 0 OR BELOW: 0 1.00 INCH OR MORE: 0
[HDD (BASE 65) ]
TOTAL THIS MO. 170 CLEAR (SCALE 0-3) 7
DPTR FM NORMAL 22 PTCLDY (SCALE 4-7) 7
TOTAL FM JUL 1 8212 CLOUDY (SCALE 8-10) 16
DPTR FM NORMAL -836
[CDD (BASE 65) ]
TOTAL THIS MO. 55
DPTR FM NORMAL 17 [PRESSURE DATA]
TOTAL FM JAN 1 66 HIGHEST SLP 30.35 ON 21
DPTR FM NORMAL 22 LOWEST SLP 29.36 ON 7
[REMARKS]
#FINAL-06-23#