000
CXUS55 KBOU 280900
CF6CCU
PRELIMINARY LOCAL CLIMATOLOGICAL DATA (WS FORM: F-6)
STATION: COPPER MTN/RED CLIFF
MONTH: MARCH
YEAR: 2024
LATITUDE: 39 28 N
LONGITUDE: 106 9 W
TEMPERATURE IN F: :PCPN: SNOW: WIND :SUNSHINE: SKY :PK WND
================================================================================
1 2 3 4 5 6A 6B 7 8 9 10 11 12 13 14 15 16 17 18
12Z AVG MX 2MIN
DY MAX MIN AVG DEP HDD CDD WTR SNW DPTH SPD SPD DIR MIN PSBL S-S WX SPD DR
================================================================================
1 34 23 29 M 36 0 M M M 17.4 31 260 M M 0 37 260
2 34 25 30 M 35 0 M M M 18.8 30 170 M M 4 8 40 210
3 25 9 17 M 48 0 M M M 13.3 29 250 M M 10 39 250
4 23 10 17 M 48 0 M M M 11.9 22 230 M M 10 8 41 230
5 25 19 22 M 43 0 M M M 13.2 22 250 M M 9 8 31 220
6 28 19 24 M 41 0 M M M 7.8 16 260 M M 5 22 260
7 27 19 23 M 42 0 M M M 5.7 12 290 M M 8 8 17 180
8 23 14 19 M 46 0 M M M 1.8 8 310 M M 8 8 M M
9 32 12 22 M 43 0 M M M 4.1 10 300 M M 0 8 12 310
10 37 19 28 M 37 0 M M M 6.6 9 180 M M 0 20 180
11 34 25 30 M 35 0 M M M 11.9 18 250 M M 4 8 31 260
12 36 23 30 M 35 0 M M M 10.8 20 260 M M 8 30 290
13 34 19 27 M 38 0 M M M 7.9 16 300 M M 10 8 24 300
14 25 16 21 M 44 0 M M M 20.4 41 100 M M 10 8 51 100
15 34 19 27 M 38 0 M M M 8.0 17 90 M M 6 35 90
16 34 21 28 M 37 0 M M M 11.4 21 110 M M 5 30 110
17 32 19 26 M 39 0 M M M 5.4 17 70 M M 6 18 70
18 43 19 31 M 34 0 M M M 4.4 15 290 M M 0 16 290
19 41 25 33 M 32 0 M M M 4.5 14 290 M M 3 17 300
20 37 23 30 M 35 0 M M M 8.7 17 270 M M 3 21 300
21 37 25 31 M 34 0 M M M 10.8 24 270 M M 4 33 300
22 37 23 30 M 35 0 M M M 9.6 15 280 M M 4 1 24 280
23 34 27 31 M 34 0 M M M 14.0 30 180 M M 6 8 38 180
24 37 19 28 M 37 0 M M M 6.9 15 290 M M 7 25 190
25 19 12 16 M 49 0 M M M 10.8 18 290 M M 10 23 300
26 19 7 13 M 52 0 M M M 9.9 20 300 M M 8 8 30 290
27 21 12 17 M 48 0 M M M 12.2 21 250 M M 7 8 27 260
================================================================================
SM 842 503 1075 0 M M 268.1 M 155
================================================================================
AV 31.2 18.6 9.9 FASTST M M 6 MAX(MPH)
MISC ----> 41 100 51 100
================================================================================
NOTES:
# LAST OF SEVERAL OCCURRENCES
COLUMN 17 PEAK WIND IN M.P.H.
PRELIMINARY LOCAL CLIMATOLOGICAL DATA (WS FORM: F-6) , PAGE 2
STATION: COPPER MTN/RED CLIFF
MONTH: MARCH
YEAR: 2024
LATITUDE: 39 28 N
LONGITUDE: 106 9 W
[TEMPERATURE DATA] [PRECIPITATION DATA] SYMBOLS USED IN COLUMN 16
AVERAGE MONTHLY: 24.9 TOTAL FOR MONTH: M 1 = FOG OR MIST
DPTR FM NORMAL: 0.0 DPTR FM NORMAL: M 2 = FOG REDUCING VISIBILITY
HIGHEST: 43 ON 18 GRTST 24HR M ON M TO 1/4 MILE OR LESS
LOWEST: 7 ON 26 3 = THUNDER
SNOW, ICE PELLETS, HAIL 4 = ICE PELLETS
TOTAL MONTH: M 5 = HAIL
GRTST 24HR M ON M 6 = FREEZING RAIN OR DRIZZLE
GRTST DEPTH: M ON M 7 = DUSTSTORM OR SANDSTORM:
VSBY 1/2 MILE OR LESS
8 = SMOKE OR HAZE
[NO. OF DAYS WITH] [WEATHER - DAYS WITH] 9 = BLOWING SNOW
X = TORNADO
MAX 32 OR BELOW: 12 0.01 INCH OR MORE: 0
MAX 90 OR ABOVE: 0 0.10 INCH OR MORE: 0
MIN 32 OR BELOW: 27 0.50 INCH OR MORE: 0
MIN 0 OR BELOW: 0 1.00 INCH OR MORE: 0
[HDD (BASE 65) ]
TOTAL THIS MO. 1075 CLEAR (SCALE 0-3) 6
DPTR FM NORMAL M PTCLDY (SCALE 4-7) 14
TOTAL FM JUL 1 7789 CLOUDY (SCALE 8-10) 7
DPTR FM NORMAL M
[CDD (BASE 65) ]
TOTAL THIS MO. 0
DPTR FM NORMAL M [PRESSURE DATA]
TOTAL FM JAN 1 0 HIGHEST SLP M ON M
DPTR FM NORMAL M LOWEST SLP M ON M
[REMARKS]